{"id":764552,"date":"2025-08-28T11:14:03","date_gmt":"2025-08-28T08:14:03","guid":{"rendered":"https:\/\/roveyayinevi.com.tr\/index.php\/urun\/babalik-yarina-birakilamaz\/"},"modified":"2026-04-15T03:30:22","modified_gmt":"2026-04-15T00:30:22","slug":"babalik-yarina-birakilamaz","status":"publish","type":"product","link":"https:\/\/roveyayinevi.com.tr\/index.php\/urun\/babalik-yarina-birakilamaz\/","title":{"rendered":"Babal\u0131k Yar\u0131na B\u0131rak\u0131lamaz"},"content":{"rendered":"<p>PEDAGOJ\u0130, TEBESS\u00dcM\u00dcN TEM\u0130NATIDIR.   Ne yaz\u0131k ki geleneksel babal\u0131\u011f\u0131n iki pop\u00fcler silah\u0131 h\u00e2l\u00e2 prim yapmaya devam ediyor: \u2022             \u00c7ocu\u011fa \u201ckorku\u201d yaymak \u2022             \u00c7ocuktan \u201csayg\u0131\u201d beklemek Babalar, \u201csayg\u0131\u201d ve \u201ckorku\u201d simgesi olmaktan vazge\u00e7melidir. \u00c7ocu\u011fun akl\u0131nda \u201cbaba\u201d fig\u00fcr\u00fc belirdi\u011finde, minicik y\u00fcre\u011fi \u201ckorku\u201d ile sars\u0131lmamal\u0131d\u0131r. Bu kitapta tamda bu konu hakk\u0131nda siz de\u011ferli babalar\u0131m\u0131za izlemeniz gereken yol haritas\u0131n\u0131 sunmak istedim.<\/p>\n","protected":false},"excerpt":{"rendered":"<p>PEDAGOJ\u0130, TEBESS\u00dcM\u00dcN TEM\u0130NATIDIR. Ne yaz\u0131k ki geleneksel babal\u0131\u011f\u0131n iki pop\u00fcler silah\u0131 h\u00e2l\u00e2 prim yapmaya devam ediyor: \u2022 \u00c7ocu\u011fa \u201ckorku\u201d yaymak \u2022 \u00c7ocuktan \u201csayg\u0131\u201d beklemek Babalar, \u201csayg\u0131\u201d<span class=\"excerpt-hellip\"> [\u2026]<\/span><\/p>\n","protected":false},"featured_media":0,"template":"","meta":{"_monsterinsights_skip_tracking":false,"_monsterinsights_sitenote_active":false,"_monsterinsights_sitenote_note":"","_monsterinsights_sitenote_category":0},"product_brand":[],"product_cat":[12679,12357],"product_tag":[],"class_list":{"0":"post-764552","1":"product","2":"type-product","3":"status-publish","5":"product_cat-cocuk-psikolojisi","6":"product_cat-psikoloji","7":"pa_cilt-ciltsiz","8":"pa_tur-kitap","9":"pa_yayinevi-peta-kitap","10":"pa_yazar-yasar-kuru","12":"first","13":"instock","14":"sale","15":"shipping-taxable","16":"purchasable","17":"product-type-simple"},"_links":{"self":[{"href":"https:\/\/roveyayinevi.com.tr\/index.php\/wp-json\/wp\/v2\/product\/764552","targetHints":{"allow":["GET"]}}],"collection":[{"href":"https:\/\/roveyayinevi.com.tr\/index.php\/wp-json\/wp\/v2\/product"}],"about":[{"href":"https:\/\/roveyayinevi.com.tr\/index.php\/wp-json\/wp\/v2\/types\/product"}],"wp:attachment":[{"href":"https:\/\/roveyayinevi.com.tr\/index.php\/wp-json\/wp\/v2\/media?parent=764552"}],"wp:term":[{"taxonomy":"product_brand","embeddable":true,"href":"https:\/\/roveyayinevi.com.tr\/index.php\/wp-json\/wp\/v2\/product_brand?post=764552"},{"taxonomy":"product_cat","embeddable":true,"href":"https:\/\/roveyayinevi.com.tr\/index.php\/wp-json\/wp\/v2\/product_cat?post=764552"},{"taxonomy":"product_tag","embeddable":true,"href":"https:\/\/roveyayinevi.com.tr\/index.php\/wp-json\/wp\/v2\/product_tag?post=764552"}],"curies":[{"name":"wp","href":"https:\/\/api.w.org\/{rel}","templated":true}]}}