{"id":764547,"date":"2025-08-28T11:13:57","date_gmt":"2025-08-28T08:13:57","guid":{"rendered":"https:\/\/roveyayinevi.com.tr\/index.php\/urun\/postkapitalist-manifesto\/"},"modified":"2026-04-15T03:30:21","modified_gmt":"2026-04-15T00:30:21","slug":"postkapitalist-manifesto","status":"publish","type":"product","link":"https:\/\/roveyayinevi.com.tr\/index.php\/urun\/postkapitalist-manifesto\/","title":{"rendered":"Postkapitalist Manifesto"},"content":{"rendered":"<p>Kapitalizm bug\u00fcn her yerde. Sadece fabrikalarda veya borsalarda de\u011fil, ikili ili\u015fkilerimizde, e\u011flence al\u0131\u015fkanl\u0131klar\u0131m\u0131zda, devletleraras\u0131 ili\u015fkilerde bile a\u011f\u0131rl\u0131\u011f\u0131n\u0131 hissettiriyor. Al\u0131\u015fveri\u015f yaparken sosyal medyada dola\u015f\u0131rken, hatta tatilimizi veya gelece\u011fimiz planlarken, \u00f6zg\u00fcr irademizle se\u00e7imler yapt\u0131\u011f\u0131m\u0131z d\u00fc\u015f\u00fcn\u00fcrken, t\u0131pk\u0131 suyun i\u00e7inde y\u00fczd\u00fc\u011f\u00fcn\u00fc bilmeyen bal\u0131klar gibi ola\u011fan hayat\u0131m\u0131za devam ederken, d\u00f6rt bir yandan bizi daha da s\u0131k\u0131 bi\u00e7imde ku\u015fat\u0131yor. Her \u015feyi, her deneyimi, metaya d\u00f6n\u00fc\u015ft\u00fcr\u00fcyor. \u0130nsan ili\u015fkilerini, sanat\u0131, bilimi, do\u011fay\u0131, hatta kimliklerimizi bile pazarlanabilir, sat\u0131labilir \u00fcr\u00fcnler h\u00e2line getiriyor, her t\u00fcrl\u00fc de\u011feri iktisadi de\u011fere, sermayeye, fiyata, t\u00fcketime indirgiyor. Peki, b\u00f6ylesine ku\u015fat\u0131c\u0131, ge\u00e7irdi\u011fi her krizi ba\u015far\u0131yla atlatabilen bir sistemden kurtulman\u0131n, onu ard\u0131m\u0131zda b\u0131rakman\u0131n olana\u011f\u0131 var m\u0131? Brian Massumi\u2019ye g\u00f6re var \u00e7\u00fcnk\u00fc kapitalizmin oldu\u011fu her yerde direni\u015f de var.  Ona g\u00f6re, kapitalizmin \u00f6tesinde bir gelece\u011fi hayal edebilmenin \u00f6nko\u015fulu \u201cde\u011fer\u201d kavram\u0131n\u0131 kapitalist pazar\u0131n elinden almaktan, k\u00f6k\u00fcnden yeniden de\u011ferlendirmekten, \u201cinsanca\u201d yeniden tasarlamaktan ge\u00e7iyor. Bu kitapta, bu de\u011ferlendirme giri\u015fimi i\u00e7in arad\u0131\u011f\u0131m\u0131z kavramsal ve maddi ara\u00e7lar\u0131n mevcut sistemin i\u00e7inde tohum h\u00e2linde bulundu\u011funu ortaya koyuyor. Blok zinciri ve kripto para teknolojilerinden, a\u00e7\u0131k kaynakl\u0131 ve anonim sistemlere kadar, neoliberal d\u00fczenin i\u00e7inde icat edilmi\u015f kimi ara\u00e7lar\u0131n, kapitalizm sonras\u0131 ya\u015fanabilir bir d\u00fcnyan\u0131n kap\u0131s\u0131n\u0131 aralamak i\u00e7in nas\u0131l kullan\u0131labilece\u011fine ili\u015fkin k\u0131\u015fk\u0131rt\u0131c\u0131 bir tart\u0131\u015fma ba\u015flat\u0131yor.<\/p>\n","protected":false},"excerpt":{"rendered":"<p>Kapitalizm bug\u00fcn her yerde. Sadece fabrikalarda veya borsalarda de\u011fil, ikili ili\u015fkilerimizde, e\u011flence al\u0131\u015fkanl\u0131klar\u0131m\u0131zda, devletleraras\u0131 ili\u015fkilerde bile a\u011f\u0131rl\u0131\u011f\u0131n\u0131 hissettiriyor. Al\u0131\u015fveri\u015f yaparken sosyal medyada dola\u015f\u0131rken, hatta tatilimizi veya<span class=\"excerpt-hellip\"> [\u2026]<\/span><\/p>\n","protected":false},"featured_media":0,"template":"","meta":{"_monsterinsights_skip_tracking":false,"_monsterinsights_sitenote_active":false,"_monsterinsights_sitenote_note":"","_monsterinsights_sitenote_category":0},"product_brand":[],"product_cat":[12324],"product_tag":[],"class_list":{"0":"post-764547","1":"product","2":"type-product","3":"status-publish","5":"product_cat-sosyoloji","6":"pa_cilt-ciltsiz","7":"pa_tur-kitap","8":"pa_yayinevi-fol-kitap","9":"pa_yazar-brian-massumi","11":"first","12":"instock","13":"sale","14":"shipping-taxable","15":"purchasable","16":"product-type-simple"},"_links":{"self":[{"href":"https:\/\/roveyayinevi.com.tr\/index.php\/wp-json\/wp\/v2\/product\/764547","targetHints":{"allow":["GET"]}}],"collection":[{"href":"https:\/\/roveyayinevi.com.tr\/index.php\/wp-json\/wp\/v2\/product"}],"about":[{"href":"https:\/\/roveyayinevi.com.tr\/index.php\/wp-json\/wp\/v2\/types\/product"}],"wp:attachment":[{"href":"https:\/\/roveyayinevi.com.tr\/index.php\/wp-json\/wp\/v2\/media?parent=764547"}],"wp:term":[{"taxonomy":"product_brand","embeddable":true,"href":"https:\/\/roveyayinevi.com.tr\/index.php\/wp-json\/wp\/v2\/product_brand?post=764547"},{"taxonomy":"product_cat","embeddable":true,"href":"https:\/\/roveyayinevi.com.tr\/index.php\/wp-json\/wp\/v2\/product_cat?post=764547"},{"taxonomy":"product_tag","embeddable":true,"href":"https:\/\/roveyayinevi.com.tr\/index.php\/wp-json\/wp\/v2\/product_tag?post=764547"}],"curies":[{"name":"wp","href":"https:\/\/api.w.org\/{rel}","templated":true}]}}