{"id":764538,"date":"2025-08-28T11:13:40","date_gmt":"2025-08-28T08:13:40","guid":{"rendered":"https:\/\/roveyayinevi.com.tr\/index.php\/urun\/denizler-ulkesi\/"},"modified":"2026-01-30T03:58:46","modified_gmt":"2026-01-30T00:58:46","slug":"denizler-ulkesi","status":"publish","type":"product","link":"https:\/\/roveyayinevi.com.tr\/index.php\/urun\/denizler-ulkesi\/","title":{"rendered":"Denizler \u00dclkesi"},"content":{"rendered":"<p>ak\u015fam olmasa   egzoz i\u00e7mi\u015f bu caddeleri lodos olup s\u00fcp\u00fcrsem g\u00f6kku\u015fa\u011f\u0131n\u0131 \u00e7izsem renk renk gri kald\u0131r\u0131mlara ak\u015fam ba\u015flay\u0131nca \u0131\u015f\u0131kl\u0131 vitrinler yavan kalmasa bu kalabal\u0131k dalgalan\u0131p durmasa   gecenin bu vakti istasyonda tren olsam karanl\u0131klar\u0131 y\u0131rt\u0131p vadilerde sabah olsam gitsem \u015fehirler k\u00fc\u00e7\u00fclse da\u011flar k\u00fc\u00e7\u00fclse duran saatleri toplay\u0131p sabaha da\u011f\u0131tsam <\/p>\n","protected":false},"excerpt":{"rendered":"<p>ak\u015fam olmasa egzoz i\u00e7mi\u015f bu caddeleri lodos olup s\u00fcp\u00fcrsem g\u00f6kku\u015fa\u011f\u0131n\u0131 \u00e7izsem renk renk gri kald\u0131r\u0131mlara ak\u015fam ba\u015flay\u0131nca \u0131\u015f\u0131kl\u0131 vitrinler yavan kalmasa bu kalabal\u0131k dalgalan\u0131p durmasa gecenin<span class=\"excerpt-hellip\"> [\u2026]<\/span><\/p>\n","protected":false},"featured_media":0,"template":"","meta":{"_monsterinsights_skip_tracking":false,"_monsterinsights_sitenote_active":false,"_monsterinsights_sitenote_note":"","_monsterinsights_sitenote_category":0},"product_brand":[],"product_cat":[12291,12509],"product_tag":[],"class_list":{"0":"post-764538","1":"product","2":"type-product","3":"status-publish","5":"product_cat-edebiyat","6":"product_cat-siir","7":"pa_cilt-ciltsiz","8":"pa_tur-kitap","9":"pa_yayinevi-vova-yayinlari","10":"pa_yazar-yakup-yazici","12":"first","13":"instock","14":"sale","15":"shipping-taxable","16":"purchasable","17":"product-type-simple"},"_links":{"self":[{"href":"https:\/\/roveyayinevi.com.tr\/index.php\/wp-json\/wp\/v2\/product\/764538","targetHints":{"allow":["GET"]}}],"collection":[{"href":"https:\/\/roveyayinevi.com.tr\/index.php\/wp-json\/wp\/v2\/product"}],"about":[{"href":"https:\/\/roveyayinevi.com.tr\/index.php\/wp-json\/wp\/v2\/types\/product"}],"wp:attachment":[{"href":"https:\/\/roveyayinevi.com.tr\/index.php\/wp-json\/wp\/v2\/media?parent=764538"}],"wp:term":[{"taxonomy":"product_brand","embeddable":true,"href":"https:\/\/roveyayinevi.com.tr\/index.php\/wp-json\/wp\/v2\/product_brand?post=764538"},{"taxonomy":"product_cat","embeddable":true,"href":"https:\/\/roveyayinevi.com.tr\/index.php\/wp-json\/wp\/v2\/product_cat?post=764538"},{"taxonomy":"product_tag","embeddable":true,"href":"https:\/\/roveyayinevi.com.tr\/index.php\/wp-json\/wp\/v2\/product_tag?post=764538"}],"curies":[{"name":"wp","href":"https:\/\/api.w.org\/{rel}","templated":true}]}}