{"id":764532,"date":"2025-08-28T11:13:28","date_gmt":"2025-08-28T08:13:28","guid":{"rendered":"https:\/\/roveyayinevi.com.tr\/index.php\/urun\/morfo-basitlestirilmis-formlar\/"},"modified":"2026-04-15T03:30:21","modified_gmt":"2026-04-15T00:30:21","slug":"morfo-basitlestirilmis-formlar","status":"publish","type":"product","link":"https:\/\/roveyayinevi.com.tr\/index.php\/urun\/morfo-basitlestirilmis-formlar\/","title":{"rendered":"Morfo &#8211; Basitle\u015ftirilmi\u015f Formlar"},"content":{"rendered":"<p>Resme merak duyan herkesin sahipolmas\u0131 gereken e\u015fsiz bir k\u0131lavuz. Ba\u015flang\u0131\u00e7 seviyesinden profesyonellerekadar her d\u00fczeyde sanat\u00e7\u0131 i\u00e7in uygun olanbu kitap, \u00e7izim becerilerinizi geli\u015ftirmek veyarat\u0131c\u0131 s\u00fcre\u00e7lerinizi zenginle\u015ftirmek i\u00e7inm\u00fckemmel bir kaynak. Fig\u00fcr \u00e7izimi, g\u00fczelsanatlar, moda tasar\u0131m\u0131, oyun tasar\u0131m\u0131 yada \u00e7izgi roman ve manga sanat\u0131yla ilgileniyorsan\u0131zbu kitap size pratik bilgiler sunupderinlemesine i\u00e7g\u00f6r\u00fcler kazand\u0131racakt\u0131r.Ayr\u0131ca geleneksel pozlar\u0131 ezberlemek yerinesize k\u00fc\u00e7\u00fck bir form koleksiyonunu nas\u0131l birle\u015ftirerek daha karma\u015f\u0131k ve \u00e7e\u015fitli duru\u015flar olu\u015fturabilece\u011finizi g\u00f6sterecektir. Michel Lauricella&#8217;n\u0131n rehberli\u011finde, insanv\u00fccudunu ke\u015ffetmek ve \u00e7izimlerinizi bir\u00fcst seviyeye ta\u015f\u0131mak i\u00e7in Morfo: Basitle\u015ftirilmi\u015f Formlar sizin vazge\u00e7ilmez kayna\u011f\u0131n\u0131z olacak&#8230;<\/p>\n","protected":false},"excerpt":{"rendered":"<p>Resme merak duyan herkesin sahipolmas\u0131 gereken e\u015fsiz bir k\u0131lavuz. Ba\u015flang\u0131\u00e7 seviyesinden profesyonellerekadar her d\u00fczeyde sanat\u00e7\u0131 i\u00e7in uygun olanbu kitap, \u00e7izim becerilerinizi geli\u015ftirmek veyarat\u0131c\u0131 s\u00fcre\u00e7lerinizi zenginle\u015ftirmek i\u00e7inm\u00fckemmel<span class=\"excerpt-hellip\"> [\u2026]<\/span><\/p>\n","protected":false},"featured_media":0,"template":"","meta":{"_monsterinsights_skip_tracking":false,"_monsterinsights_sitenote_active":false,"_monsterinsights_sitenote_note":"","_monsterinsights_sitenote_category":0},"product_brand":[],"product_cat":[12408],"product_tag":[],"class_list":{"0":"post-764532","1":"product","2":"type-product","3":"status-publish","5":"product_cat-sanat","6":"pa_cilt-ciltsiz","7":"pa_tur-kitap","8":"pa_yayinevi-epsilon-yayinlari","9":"pa_yazar-michel-lauricella","11":"first","12":"instock","13":"sale","14":"shipping-taxable","15":"purchasable","16":"product-type-simple"},"_links":{"self":[{"href":"https:\/\/roveyayinevi.com.tr\/index.php\/wp-json\/wp\/v2\/product\/764532","targetHints":{"allow":["GET"]}}],"collection":[{"href":"https:\/\/roveyayinevi.com.tr\/index.php\/wp-json\/wp\/v2\/product"}],"about":[{"href":"https:\/\/roveyayinevi.com.tr\/index.php\/wp-json\/wp\/v2\/types\/product"}],"wp:attachment":[{"href":"https:\/\/roveyayinevi.com.tr\/index.php\/wp-json\/wp\/v2\/media?parent=764532"}],"wp:term":[{"taxonomy":"product_brand","embeddable":true,"href":"https:\/\/roveyayinevi.com.tr\/index.php\/wp-json\/wp\/v2\/product_brand?post=764532"},{"taxonomy":"product_cat","embeddable":true,"href":"https:\/\/roveyayinevi.com.tr\/index.php\/wp-json\/wp\/v2\/product_cat?post=764532"},{"taxonomy":"product_tag","embeddable":true,"href":"https:\/\/roveyayinevi.com.tr\/index.php\/wp-json\/wp\/v2\/product_tag?post=764532"}],"curies":[{"name":"wp","href":"https:\/\/api.w.org\/{rel}","templated":true}]}}