{"id":764529,"date":"2025-08-28T11:13:22","date_gmt":"2025-08-28T08:13:22","guid":{"rendered":"https:\/\/roveyayinevi.com.tr\/index.php\/urun\/edebiyatin-tuzu-siyasetin-biberi\/"},"modified":"2026-04-15T03:30:21","modified_gmt":"2026-04-15T00:30:21","slug":"edebiyatin-tuzu-siyasetin-biberi","status":"publish","type":"product","link":"https:\/\/roveyayinevi.com.tr\/index.php\/urun\/edebiyatin-tuzu-siyasetin-biberi\/","title":{"rendered":"Edebiyat\u0131n Tuzu Siyasetin Biberi"},"content":{"rendered":"<p>\u00d6zdemir \u0130nce ayd\u0131nlatmaya devam ediyor. Onun yaz\u0131nsal denemedeki yolculu\u011funun birikimini ta\u015f\u0131yan Edebiyat\u0131n Tuzu, Siyasetin Biberi kitab\u0131ndaki d\u00fc\u015f\u00fcnceleri g\u00fcn\u00fcm\u00fcz\u00fcn siyaset ve k\u00fclt\u00fcrel ortam\u0131na ayna tutuyor. Toplumun i\u00e7inden ge\u00e7ti\u011fi karanl\u0131k zamanlara bak\u0131\u015f\u0131nda ayd\u0131nlanma bilincinin \u0131\u015f\u0131\u011f\u0131 vard\u0131r. Onun i\u00e7in yazmak bir bak\u0131ma hayat\u0131 anlamak\/anlamland\u0131rmak yolculu\u011fudur da. Bunu t\u00fcm\u00fcyle var eden edebiyat\/siyaset iklimini \u00d6zdemir \u0130nce\u2019nin ele\u015ftirel bak\u0131\u015f\u0131yla okumak sizi zenginle\u015ftirecektir.   \u201cFark ettim ki yazmak eylemi benim i\u00e7in ve uzun s\u00fcredir t\u00fcrl\u00fc yeme\u011fi pi\u015firmeye benzer olmu\u015f. Yazd\u0131\u011f\u0131m \u015fiir bir s\u00fcre sonra gazete makalesine, \u015fiir ve makale de ikisi birden yaz\u0131nsal denemeye d\u00f6n\u00fc\u015fm\u00fc\u015f, d\u00f6n\u00fc\u015f\u00fcyor. Durmadan bi\u00e7im de\u011fi\u015ftiren yarat\u0131k gibi. Her metin art\u0131yor ve art\u0131klar bir ba\u015fka tarza, bir ba\u015fka bi\u00e7ime d\u00f6n\u00fc\u015f\u00fcyor. Ve o da art\u0131p d\u00f6n\u00fc\u015f\u00fcyor.\u201d \u00d6zdemir \u0130nce <\/p>\n","protected":false},"excerpt":{"rendered":"<p>\u00d6zdemir \u0130nce ayd\u0131nlatmaya devam ediyor. Onun yaz\u0131nsal denemedeki yolculu\u011funun birikimini ta\u015f\u0131yan Edebiyat\u0131n Tuzu, Siyasetin Biberi kitab\u0131ndaki d\u00fc\u015f\u00fcnceleri g\u00fcn\u00fcm\u00fcz\u00fcn siyaset ve k\u00fclt\u00fcrel ortam\u0131na ayna tutuyor. Toplumun i\u00e7inden<span class=\"excerpt-hellip\"> [\u2026]<\/span><\/p>\n","protected":false},"featured_media":0,"template":"","meta":{"_monsterinsights_skip_tracking":false,"_monsterinsights_sitenote_active":false,"_monsterinsights_sitenote_note":"","_monsterinsights_sitenote_category":0},"product_brand":[],"product_cat":[12777,12291],"product_tag":[],"class_list":{"0":"post-764529","1":"product","2":"type-product","3":"status-publish","5":"product_cat-deneme","6":"product_cat-edebiyat","7":"pa_cilt-ciltsiz","8":"pa_tur-kitap","9":"pa_yayinevi-eksik-parca-yayinlari","10":"pa_yazar-ozdemir-ince","12":"first","13":"instock","14":"sale","15":"shipping-taxable","16":"purchasable","17":"product-type-simple"},"_links":{"self":[{"href":"https:\/\/roveyayinevi.com.tr\/index.php\/wp-json\/wp\/v2\/product\/764529","targetHints":{"allow":["GET"]}}],"collection":[{"href":"https:\/\/roveyayinevi.com.tr\/index.php\/wp-json\/wp\/v2\/product"}],"about":[{"href":"https:\/\/roveyayinevi.com.tr\/index.php\/wp-json\/wp\/v2\/types\/product"}],"wp:attachment":[{"href":"https:\/\/roveyayinevi.com.tr\/index.php\/wp-json\/wp\/v2\/media?parent=764529"}],"wp:term":[{"taxonomy":"product_brand","embeddable":true,"href":"https:\/\/roveyayinevi.com.tr\/index.php\/wp-json\/wp\/v2\/product_brand?post=764529"},{"taxonomy":"product_cat","embeddable":true,"href":"https:\/\/roveyayinevi.com.tr\/index.php\/wp-json\/wp\/v2\/product_cat?post=764529"},{"taxonomy":"product_tag","embeddable":true,"href":"https:\/\/roveyayinevi.com.tr\/index.php\/wp-json\/wp\/v2\/product_tag?post=764529"}],"curies":[{"name":"wp","href":"https:\/\/api.w.org\/{rel}","templated":true}]}}