{"id":764507,"date":"2025-08-28T11:12:46","date_gmt":"2025-08-28T08:12:46","guid":{"rendered":"https:\/\/roveyayinevi.com.tr\/index.php\/urun\/psisik-psikolog\/"},"modified":"2026-04-15T03:30:20","modified_gmt":"2026-04-15T00:30:20","slug":"psisik-psikolog","status":"publish","type":"product","link":"https:\/\/roveyayinevi.com.tr\/index.php\/urun\/psisik-psikolog\/","title":{"rendered":"Psi\u015fik Psikolog"},"content":{"rendered":"<p>Belki hayat\u0131n\u0131z d\u0131\u015far\u0131dan m\u00fckemmel g\u00f6r\u00fcn\u00fcyor ama i\u00e7eriden da\u011f\u0131ld\u0131\u011f\u0131n\u0131 m\u0131 d\u00fc\u015f\u00fcn\u00fcyorsunuz? \u00c7aresizce \u00e7\u00f6z\u00fcmler arayarak bir uzmandan \u00f6tekine ge\u00e7tiniz ve yine de ac\u0131 m\u0131 \u00e7ekiyorsunuz? Cevab\u0131n\u0131z \u201cevet\u201d ise sizin de Psi\u015fik Psikolog\u2019a ihtiyac\u0131n\u0131z var demektir!   Geleneksel psikolojiyi enerji \u00e7al\u0131\u015fmas\u0131 ve kuantum teorisiyle birle\u015ftiren, \u00fczerine yirmi y\u0131ll\u0131k profesyonel deneyimini koyan Psi\u015fik Psikolog Amanda Charles, bu kitapla \u015fifa meselesine benzersiz bir bak\u0131\u015f a\u00e7\u0131s\u0131 sunuyor. Ger\u00e7ek ve derin g\u00fcc\u00fcn\u00fcze eri\u015fmek, i\u00e7 sesinizi takip etmek, yepyeni bir ger\u00e7ekli\u011fi kucaklamak m\u00fcmk\u00fcn! Hem \u015fu an\u0131n\u0131zda hem de gelece\u011finizde bilin\u00e7li olarak olumlu bir de\u011fi\u015fim in\u015fa etmek m\u00fcmk\u00fcn! Ve bunu m\u00fcmk\u00fcn k\u0131lacak kitab\u0131 \u015fu an elinizde tutuyorsunuz. Bu kitap sayesinde varl\u0131\u011f\u0131n\u0131z\u0131n t\u00fcm katmanlar\u0131yla (beden, kalp, zihin ve ruh) ba\u011flant\u0131 kuracak, ac\u0131n\u0131z\u0131 d\u00f6n\u00fc\u015ft\u00fcrecek, istedi\u011finiz ve sevece\u011finiz hayat\u0131 ya\u015faman\u0131n \u00f6n\u00fcndeki engelleri bir bir kald\u0131racaks\u0131n\u0131z.     \u201cHer zaman birisinin \u00e7\u0131k\u0131p insan bilincine yakla\u015f\u0131m\u0131m\u0131z\u0131 tamamen de\u011fi\u015ftirecek yepyeni bir bak\u0131\u015f a\u00e7\u0131s\u0131 getirmesini umdum. Amanda bu harika kitapla kesinlikle bunu yapt\u0131.\u201d Gordon Smith Uluslararas\u0131 alanda tan\u0131nm\u0131\u015f medyum, spirit\u00fcel \u00f6\u011fretmen ve \u00e7ok satan yazar <\/p>\n","protected":false},"excerpt":{"rendered":"<p>Belki hayat\u0131n\u0131z d\u0131\u015far\u0131dan m\u00fckemmel g\u00f6r\u00fcn\u00fcyor ama i\u00e7eriden da\u011f\u0131ld\u0131\u011f\u0131n\u0131 m\u0131 d\u00fc\u015f\u00fcn\u00fcyorsunuz? \u00c7aresizce \u00e7\u00f6z\u00fcmler arayarak bir uzmandan \u00f6tekine ge\u00e7tiniz ve yine de ac\u0131 m\u0131 \u00e7ekiyorsunuz? Cevab\u0131n\u0131z \u201cevet\u201d ise<span class=\"excerpt-hellip\"> [\u2026]<\/span><\/p>\n","protected":false},"featured_media":0,"template":"","meta":{"_monsterinsights_skip_tracking":false,"_monsterinsights_sitenote_active":false,"_monsterinsights_sitenote_note":"","_monsterinsights_sitenote_category":0},"product_brand":[],"product_cat":[12364,12376],"product_tag":[],"class_list":{"0":"post-764507","1":"product","2":"type-product","3":"status-publish","5":"product_cat-genel-konular","6":"product_cat-kisisel-gelisim","7":"pa_cilt-ciltsiz","8":"pa_tur-kitap","9":"pa_yayinevi-butik-yayinlari","10":"pa_yazar-amanda-charles","12":"first","13":"instock","14":"sale","15":"shipping-taxable","16":"purchasable","17":"product-type-simple"},"_links":{"self":[{"href":"https:\/\/roveyayinevi.com.tr\/index.php\/wp-json\/wp\/v2\/product\/764507","targetHints":{"allow":["GET"]}}],"collection":[{"href":"https:\/\/roveyayinevi.com.tr\/index.php\/wp-json\/wp\/v2\/product"}],"about":[{"href":"https:\/\/roveyayinevi.com.tr\/index.php\/wp-json\/wp\/v2\/types\/product"}],"wp:attachment":[{"href":"https:\/\/roveyayinevi.com.tr\/index.php\/wp-json\/wp\/v2\/media?parent=764507"}],"wp:term":[{"taxonomy":"product_brand","embeddable":true,"href":"https:\/\/roveyayinevi.com.tr\/index.php\/wp-json\/wp\/v2\/product_brand?post=764507"},{"taxonomy":"product_cat","embeddable":true,"href":"https:\/\/roveyayinevi.com.tr\/index.php\/wp-json\/wp\/v2\/product_cat?post=764507"},{"taxonomy":"product_tag","embeddable":true,"href":"https:\/\/roveyayinevi.com.tr\/index.php\/wp-json\/wp\/v2\/product_tag?post=764507"}],"curies":[{"name":"wp","href":"https:\/\/api.w.org\/{rel}","templated":true}]}}