{"id":764506,"date":"2025-08-28T11:12:45","date_gmt":"2025-08-28T08:12:45","guid":{"rendered":"https:\/\/roveyayinevi.com.tr\/index.php\/urun\/cadi-kehaneti-kartlari\/"},"modified":"2026-04-15T03:30:20","modified_gmt":"2026-04-15T00:30:20","slug":"cadi-kehaneti-kartlari","status":"publish","type":"product","link":"https:\/\/roveyayinevi.com.tr\/index.php\/urun\/cadi-kehaneti-kartlari\/","title":{"rendered":"Cad\u0131 Kehaneti Kartlar\u0131"},"content":{"rendered":"<p>Sihirli Kediler, Sivri U\u00e7lu \u015eapkalar ve Say\u0131s\u0131z Sihir \u00c7al\u0131\u015fmas\u0131 ile Zanaat\u0131n\u0131z Geli\u015ftirin   G\u00fcnl\u00fck ya\u015famlar\u0131ndaki cad\u0131lar\u0131n b\u00fcy\u00fcleyici resimlerini kehanet, sihir ve de eylem \u00e7a\u011fr\u0131lar\u0131 i\u00e7in kullan\u0131labilecek muhte\u015fem bilgelikle birle\u015ftiren Cad\u0131 Kehaneti Kartlar\u0131, ihtiyac\u0131n\u0131z olan cevaplar\u0131 ve ilham\u0131 bulman\u0131z\u0131 kolayla\u015ft\u0131r\u0131yor. E\u011flenceli oldu\u011fu kadar zor zamanlarda size rehberlik edecek kadar da ciddi olan bu deste ve ona e\u015flik eden rehber kitap, her beceri d\u00fczeyinden cad\u0131 ve okuyucu i\u00e7in m\u00fckemmel bir se\u00e7im. <\/p>\n","protected":false},"excerpt":{"rendered":"<p>Sihirli Kediler, Sivri U\u00e7lu \u015eapkalar ve Say\u0131s\u0131z Sihir \u00c7al\u0131\u015fmas\u0131 ile Zanaat\u0131n\u0131z Geli\u015ftirin G\u00fcnl\u00fck ya\u015famlar\u0131ndaki cad\u0131lar\u0131n b\u00fcy\u00fcleyici resimlerini kehanet, sihir ve de eylem \u00e7a\u011fr\u0131lar\u0131 i\u00e7in kullan\u0131labilecek muhte\u015fem<span class=\"excerpt-hellip\"> [\u2026]<\/span><\/p>\n","protected":false},"featured_media":0,"template":"","meta":{"_monsterinsights_skip_tracking":false,"_monsterinsights_sitenote_active":false,"_monsterinsights_sitenote_note":"","_monsterinsights_sitenote_category":0},"product_brand":[],"product_cat":[12365,12364],"product_tag":[],"class_list":{"0":"post-764506","1":"product","2":"type-product","3":"status-publish","5":"product_cat-diger-genel-konular","6":"product_cat-genel-konular","7":"pa_cilt-ciltsiz","8":"pa_tur-kitap","9":"pa_yayinevi-butik-yayinlari","10":"pa_yazar-deborah-blake","12":"first","13":"instock","14":"sale","15":"shipping-taxable","16":"purchasable","17":"product-type-simple"},"_links":{"self":[{"href":"https:\/\/roveyayinevi.com.tr\/index.php\/wp-json\/wp\/v2\/product\/764506","targetHints":{"allow":["GET"]}}],"collection":[{"href":"https:\/\/roveyayinevi.com.tr\/index.php\/wp-json\/wp\/v2\/product"}],"about":[{"href":"https:\/\/roveyayinevi.com.tr\/index.php\/wp-json\/wp\/v2\/types\/product"}],"wp:attachment":[{"href":"https:\/\/roveyayinevi.com.tr\/index.php\/wp-json\/wp\/v2\/media?parent=764506"}],"wp:term":[{"taxonomy":"product_brand","embeddable":true,"href":"https:\/\/roveyayinevi.com.tr\/index.php\/wp-json\/wp\/v2\/product_brand?post=764506"},{"taxonomy":"product_cat","embeddable":true,"href":"https:\/\/roveyayinevi.com.tr\/index.php\/wp-json\/wp\/v2\/product_cat?post=764506"},{"taxonomy":"product_tag","embeddable":true,"href":"https:\/\/roveyayinevi.com.tr\/index.php\/wp-json\/wp\/v2\/product_tag?post=764506"}],"curies":[{"name":"wp","href":"https:\/\/api.w.org\/{rel}","templated":true}]}}