{"id":764503,"date":"2025-08-28T11:12:41","date_gmt":"2025-08-28T08:12:41","guid":{"rendered":"https:\/\/roveyayinevi.com.tr\/index.php\/urun\/aydinlanmanin-doruk-noktasi\/"},"modified":"2026-04-15T03:30:20","modified_gmt":"2026-04-15T00:30:20","slug":"aydinlanmanin-doruk-noktasi","status":"publish","type":"product","link":"https:\/\/roveyayinevi.com.tr\/index.php\/urun\/aydinlanmanin-doruk-noktasi\/","title":{"rendered":"Ayd\u0131nlanman\u0131n Doruk Noktas\u0131"},"content":{"rendered":"<p>Ayd\u0131nlanman\u0131n Doruk Noktas\u0131\u2019na ho\u015f geldiniz. Muhtemelen daha \u00f6nce deneyimlediklerinizden \u00e7ok daha farkl\u0131 bir yolculu\u011fa \u00e7\u0131km\u0131\u015f bulunuyorsunuz. Zihniniz c\u00fcmleleri takip etmeye \u00e7al\u0131\u015f\u0131rken ruhunuzun her kelimeyi kavrad\u0131\u011f\u0131ndan emin olabilirsiniz! Asl\u0131nda, Dr. Hawkins\u2019in ara\u015ft\u0131rmas\u0131na g\u00f6re sadece bu kitab\u0131 okuma eylemi bile enerjiniz ve spirit\u00fcel geli\u015fiminiz \u00fczerinde olumlu bir etkiye sahip olabilir. Bu kitab\u0131n s\u0131k s\u0131k ve tekrar tekrar okunmas\u0131n\u0131 tavsiye ediyoruz. Bunu yaparken net bir \u015fekilde daha y\u00fcksek bir bilin\u00e7ten kaynaklanan bilgelik ve i\u00e7g\u00f6r\u00fc katmanlar\u0131 ke\u015ffedeceksiniz. Zaman zaman kitap sizde bir bulmaca duygusu yaratabilir.  O zaman enerji \u00e7al\u0131\u015fmas\u0131n\u0131n devam etmekte oldu\u011funu bilin. Egosal zihniniz bo\u011fu\u015furken ruhunuz y\u00fckselmeye haz\u0131rd\u0131r\u2026 David Hawkins insan v\u00fccudunun ki\u015finin zihinsel durumuna ba\u011fl\u0131 olarak daha g\u00fc\u00e7l\u00fc veya daha zay\u0131f hale geldi\u011fini g\u00f6steren 29 y\u0131ll\u0131k bir \u00e7al\u0131\u015fma y\u00fcr\u00fctt\u00fc. \u0130nsan bilincinin haritas\u0131n\u0131 \u00e7\u0131karan, 1&#8217;den 1000&#8217;e kadar bir \u00f6l\u00e7ek yaratt\u0131. Bilin\u00e7 Haritas\u0131 ad\u0131n\u0131 verdi\u011fi, ileri teorik fizikteki g\u00fcncel ke\u015fiflere ve kaos teorisinin do\u011frusal olmayan dinamiklerine dayanan bu \u00f6l\u00e7ek bir anlamda ya\u015fam\u0131n, evrenin s\u0131rr\u0131n\u0131 ortaya koyuyor. D\u00fcnyadaki t\u00fcm bilgisayarlar\u0131n kapasitesinin \u00f6tesindeki bilgilere an\u0131nda eri\u015febilseniz nas\u0131l olurdu? Gelmi\u015f ge\u00e7mi\u015f insanl\u0131k tarihi boyunca olmu\u015f her \u015feyin hakikatini \u00f6\u011frenebilseydiniz? \u0130htiya\u00e7 duydu\u011funuz her cevaba ula\u015fabilseydiniz? \u0130\u015fte bu kitap bunun nas\u0131l m\u00fcmk\u00fcn oldu\u011funu anlat\u0131yor. <\/p>\n","protected":false},"excerpt":{"rendered":"<p>Ayd\u0131nlanman\u0131n Doruk Noktas\u0131\u2019na ho\u015f geldiniz. Muhtemelen daha \u00f6nce deneyimlediklerinizden \u00e7ok daha farkl\u0131 bir yolculu\u011fa \u00e7\u0131km\u0131\u015f bulunuyorsunuz. Zihniniz c\u00fcmleleri takip etmeye \u00e7al\u0131\u015f\u0131rken ruhunuzun her kelimeyi kavrad\u0131\u011f\u0131ndan emin<span class=\"excerpt-hellip\"> [\u2026]<\/span><\/p>\n","protected":false},"featured_media":0,"template":"","meta":{"_monsterinsights_skip_tracking":false,"_monsterinsights_sitenote_active":false,"_monsterinsights_sitenote_note":"","_monsterinsights_sitenote_category":0},"product_brand":[],"product_cat":[12364,12376],"product_tag":[],"class_list":{"0":"post-764503","1":"product","2":"type-product","3":"status-publish","5":"product_cat-genel-konular","6":"product_cat-kisisel-gelisim","7":"pa_cilt-ciltsiz","8":"pa_tur-kitap","9":"pa_yayinevi-butik-yayinlari","10":"pa_yazar-david-r-hawkins","12":"first","13":"instock","14":"sale","15":"shipping-taxable","16":"purchasable","17":"product-type-simple"},"_links":{"self":[{"href":"https:\/\/roveyayinevi.com.tr\/index.php\/wp-json\/wp\/v2\/product\/764503","targetHints":{"allow":["GET"]}}],"collection":[{"href":"https:\/\/roveyayinevi.com.tr\/index.php\/wp-json\/wp\/v2\/product"}],"about":[{"href":"https:\/\/roveyayinevi.com.tr\/index.php\/wp-json\/wp\/v2\/types\/product"}],"wp:attachment":[{"href":"https:\/\/roveyayinevi.com.tr\/index.php\/wp-json\/wp\/v2\/media?parent=764503"}],"wp:term":[{"taxonomy":"product_brand","embeddable":true,"href":"https:\/\/roveyayinevi.com.tr\/index.php\/wp-json\/wp\/v2\/product_brand?post=764503"},{"taxonomy":"product_cat","embeddable":true,"href":"https:\/\/roveyayinevi.com.tr\/index.php\/wp-json\/wp\/v2\/product_cat?post=764503"},{"taxonomy":"product_tag","embeddable":true,"href":"https:\/\/roveyayinevi.com.tr\/index.php\/wp-json\/wp\/v2\/product_tag?post=764503"}],"curies":[{"name":"wp","href":"https:\/\/api.w.org\/{rel}","templated":true}]}}