{"id":764481,"date":"2025-08-28T11:12:04","date_gmt":"2025-08-28T08:12:04","guid":{"rendered":"https:\/\/roveyayinevi.com.tr\/index.php\/urun\/neo-realist-ve-neo-liberal-kurumsalcilik-acisindan-almanyadaki-kirmizi-yesil-koalisyon-hukumetinin-guvenlik-politikalarinin-analizi\/"},"modified":"2026-04-15T03:30:19","modified_gmt":"2026-04-15T00:30:19","slug":"neo-realist-ve-neo-liberal-kurumsalcilik-acisindan-almanyadaki-kirmizi-yesil-koalisyon-hukumetinin-guvenlik-politikalarinin-analizi","status":"publish","type":"product","link":"https:\/\/roveyayinevi.com.tr\/index.php\/urun\/neo-realist-ve-neo-liberal-kurumsalcilik-acisindan-almanyadaki-kirmizi-yesil-koalisyon-hukumetinin-guvenlik-politikalarinin-analizi\/","title":{"rendered":"Neo-Realist Ve Neo-Liberal Kurumsalc\u0131l\u0131k A\u00e7\u0131s\u0131ndan Almanya\u2019daki K\u0131rm\u0131z\u0131-Ye\u015fil Koalisyon H\u00fck\u00fbmeti\u2019nin G\u00fcvenlik Politikalar\u0131n\u0131n Analizi"},"content":{"rendered":"<p>\u0130\u00e7indekiler :     B\u0130R\u0130NC\u0130 B\u00d6L\u00dcM NEO-REAL\u0130ST VE NEO-L\u0130BERAL KURUMSALCILI\u011eIN DI\u015e POL\u0130T\u0130KA VE G\u00dcVENL\u0130\u011eE YAKLA\u015eIMI   \u0130K\u0130NC\u0130 B\u00d6L\u00dcM ALMANYA\u2019NIN G\u00dcVENL\u0130K POL\u0130T\u0130KASININ TEMELLER\u0130 VE ALMAN G\u00dcVENL\u0130K K\u0130ML\u0130\u011e\u0130N\u0130N OLU\u015eUM S\u00dcREC\u0130   \u00dc\u00c7\u00dcNC\u00dc B\u00d6L\u00dcM KIRMIZI-YE\u015e\u0130L KOAL\u0130SYON H\u00dcK\u00dbMET\u0130N G\u00dcVENL\u0130K VE DI\u015e POL\u0130T\u0130KASI <\/p>\n","protected":false},"excerpt":{"rendered":"<p>\u0130\u00e7indekiler : B\u0130R\u0130NC\u0130 B\u00d6L\u00dcM NEO-REAL\u0130ST VE NEO-L\u0130BERAL KURUMSALCILI\u011eIN DI\u015e POL\u0130T\u0130KA VE G\u00dcVENL\u0130\u011eE YAKLA\u015eIMI \u0130K\u0130NC\u0130 B\u00d6L\u00dcM ALMANYA\u2019NIN G\u00dcVENL\u0130K POL\u0130T\u0130KASININ TEMELLER\u0130 VE ALMAN G\u00dcVENL\u0130K K\u0130ML\u0130\u011e\u0130N\u0130N OLU\u015eUM S\u00dcREC\u0130 \u00dc\u00c7\u00dcNC\u00dc<span class=\"excerpt-hellip\"> [\u2026]<\/span><\/p>\n","protected":false},"featured_media":0,"template":"","meta":{"_monsterinsights_skip_tracking":false,"_monsterinsights_sitenote_active":false,"_monsterinsights_sitenote_note":"","_monsterinsights_sitenote_category":0},"product_brand":[],"product_cat":[13005,40995],"product_tag":[],"class_list":{"0":"post-764481","1":"product","2":"type-product","3":"status-publish","5":"product_cat-bilim-muhendislik","6":"product_cat-sosyal-bilimler","7":"pa_cilt-ciltsiz","8":"pa_tur-kitap","9":"pa_yayinevi-gazi-kitabevi","10":"pa_yazar-bedri-sahin","12":"first","13":"instock","14":"sale","15":"shipping-taxable","16":"purchasable","17":"product-type-simple"},"_links":{"self":[{"href":"https:\/\/roveyayinevi.com.tr\/index.php\/wp-json\/wp\/v2\/product\/764481","targetHints":{"allow":["GET"]}}],"collection":[{"href":"https:\/\/roveyayinevi.com.tr\/index.php\/wp-json\/wp\/v2\/product"}],"about":[{"href":"https:\/\/roveyayinevi.com.tr\/index.php\/wp-json\/wp\/v2\/types\/product"}],"wp:attachment":[{"href":"https:\/\/roveyayinevi.com.tr\/index.php\/wp-json\/wp\/v2\/media?parent=764481"}],"wp:term":[{"taxonomy":"product_brand","embeddable":true,"href":"https:\/\/roveyayinevi.com.tr\/index.php\/wp-json\/wp\/v2\/product_brand?post=764481"},{"taxonomy":"product_cat","embeddable":true,"href":"https:\/\/roveyayinevi.com.tr\/index.php\/wp-json\/wp\/v2\/product_cat?post=764481"},{"taxonomy":"product_tag","embeddable":true,"href":"https:\/\/roveyayinevi.com.tr\/index.php\/wp-json\/wp\/v2\/product_tag?post=764481"}],"curies":[{"name":"wp","href":"https:\/\/api.w.org\/{rel}","templated":true}]}}

Neo-Realist Ve Neo-Liberal Kurumsalcılık Açısından Almanya’daki Kırmızı-Yeşil Koalisyon Hükûmeti’nin Güvenlik Politikalarının Analizi

<p>İçindekiler :     BİRİNCİ BÖLÜM NEO-REALİST VE NEO-LİBERAL KURUMSALCILIĞIN DIŞ POLİTİKA VE GÜVENLİĞE YAKLAŞIMI   İKİNCİ BÖLÜM ALMANYA’NIN GÜVENLİK POLİTİKASININ TEMELLERİ VE ALMAN GÜVENLİK KİMLİĞİNİN OLUŞUM SÜRECİ   ÜÇÜNCÜ BÖLÜM KIRMIZI-YEŞİL KOALİSYON HÜKÛMETİN GÜVENLİK VE DIŞ POLİTİKASI </p>

<p>İçindekiler : BİRİNCİ BÖLÜM NEO-REALİST VE NEO-LİBERAL KURUMSALCILIĞIN DIŞ POLİTİKA VE GÜVENLİĞE YAKLAŞIMI İKİNCİ BÖLÜM ALMANYA’NIN GÜVENLİK POLİTİKASININ TEMELLERİ VE ALMAN GÜVENLİK KİMLİĞİNİN OLUŞUM SÜRECİ ÜÇÜNCÜ<span class="excerpt-hellip"> […]</span></p>
