{"id":764476,"date":"2025-08-28T11:11:56","date_gmt":"2025-08-28T08:11:56","guid":{"rendered":"https:\/\/roveyayinevi.com.tr\/index.php\/urun\/urkek-ceylanim\/"},"modified":"2026-04-15T03:30:19","modified_gmt":"2026-04-15T00:30:19","slug":"urkek-ceylanim","status":"publish","type":"product","link":"https:\/\/roveyayinevi.com.tr\/index.php\/urun\/urkek-ceylanim\/","title":{"rendered":"\u00dcrkek Ceylan\u0131m"},"content":{"rendered":"<p>Yazma konusunda asla ge\u00e7 kalmay\u0131n. Ben g\u00fczel yazam\u0131yorum diye de \u00fcz\u00fclmeyin. Kalemin m\u00fcrekkebini bir kez ak\u0131tmaya ba\u015flay\u0131n, o sizin pe\u015finizden nehir gibi ak\u0131p gelecektir. 1988\u2019den beri yaz\u0131yorum ancak kitap \u00e7\u0131karma i\u015fi biraz gecikti. \u015eiirlerimin olgunla\u015fmas\u0131 a\u00e7\u0131s\u0131ndan g\u00fczel de oldu. Edebiyat Defteri\u2019nde ve \u00e7e\u015fitli antolojilerde \u015fiirlerim okuyucusuyla bulu\u015ftu. Kitap \u00e7\u0131karmaya \u015fiirlerimle ba\u015flad\u0131m. \u0130lk eserim \u201cMerdiven\u201d isimli \u015fiir kitab\u0131md\u0131r. Elinizdeki eser ise ikinci \u015fiir kitab\u0131md\u0131r. Eserlerimin arkas\u0131 in\u015fallah gelecektir.   \u00dcrkek ceylan\u0131m derinden derinden bakt\u0131, Etraf\u0131ndaki ceylanlar\u0131 kor ate\u015fi gibi yakt\u0131, Masun bak\u0131\u015f\u0131; \u00e7ile, \u0131st\u0131rap, ac\u0131 kokuyordu, A\u015fka susayan g\u00f6n\u00fcllere sevgi dokuyordu. &#8230; <\/p>\n","protected":false},"excerpt":{"rendered":"<p>Yazma konusunda asla ge\u00e7 kalmay\u0131n. Ben g\u00fczel yazam\u0131yorum diye de \u00fcz\u00fclmeyin. Kalemin m\u00fcrekkebini bir kez ak\u0131tmaya ba\u015flay\u0131n, o sizin pe\u015finizden nehir gibi ak\u0131p gelecektir. 1988\u2019den beri<span class=\"excerpt-hellip\"> [\u2026]<\/span><\/p>\n","protected":false},"featured_media":0,"template":"","meta":{"_monsterinsights_skip_tracking":false,"_monsterinsights_sitenote_active":false,"_monsterinsights_sitenote_note":"","_monsterinsights_sitenote_category":0},"product_brand":[],"product_cat":[12291,12509],"product_tag":[],"class_list":{"0":"post-764476","1":"product","2":"type-product","3":"status-publish","5":"product_cat-edebiyat","6":"product_cat-siir","7":"pa_cilt-ciltsiz","8":"pa_tur-kitap","9":"pa_yayinevi-gulnar-yayinlari","10":"pa_yazar-idris-cetin","12":"first","13":"instock","14":"sale","15":"shipping-taxable","16":"purchasable","17":"product-type-simple"},"_links":{"self":[{"href":"https:\/\/roveyayinevi.com.tr\/index.php\/wp-json\/wp\/v2\/product\/764476","targetHints":{"allow":["GET"]}}],"collection":[{"href":"https:\/\/roveyayinevi.com.tr\/index.php\/wp-json\/wp\/v2\/product"}],"about":[{"href":"https:\/\/roveyayinevi.com.tr\/index.php\/wp-json\/wp\/v2\/types\/product"}],"wp:attachment":[{"href":"https:\/\/roveyayinevi.com.tr\/index.php\/wp-json\/wp\/v2\/media?parent=764476"}],"wp:term":[{"taxonomy":"product_brand","embeddable":true,"href":"https:\/\/roveyayinevi.com.tr\/index.php\/wp-json\/wp\/v2\/product_brand?post=764476"},{"taxonomy":"product_cat","embeddable":true,"href":"https:\/\/roveyayinevi.com.tr\/index.php\/wp-json\/wp\/v2\/product_cat?post=764476"},{"taxonomy":"product_tag","embeddable":true,"href":"https:\/\/roveyayinevi.com.tr\/index.php\/wp-json\/wp\/v2\/product_tag?post=764476"}],"curies":[{"name":"wp","href":"https:\/\/api.w.org\/{rel}","templated":true}]}}