{"id":764459,"date":"2025-08-28T11:11:24","date_gmt":"2025-08-28T08:11:24","guid":{"rendered":"https:\/\/roveyayinevi.com.tr\/index.php\/urun\/kurani-soran-cocuk\/"},"modified":"2026-04-15T03:30:19","modified_gmt":"2026-04-15T00:30:19","slug":"kurani-soran-cocuk","status":"publish","type":"product","link":"https:\/\/roveyayinevi.com.tr\/index.php\/urun\/kurani-soran-cocuk\/","title":{"rendered":"Kur\u2019an\u2019\u0131 Soran \u00c7ocuk"},"content":{"rendered":"<p>Kur&#8217;an-\u0131 Kerim ne zaman indirildi? Kur&#8217;an-\u0131 Kerim kitap haline nas\u0131l geldi?  Kur&#8217;an-\u0131 Kerim hangi dildedir? Kur&#8217;an-\u0131 Kerim tefsiri ne demektir? Kur&#8217;an-\u0131 Kerim&#8217;de ne anlat\u0131l\u0131r? Kur&#8217;an-\u0131 Kerim hatmi nedir? Kur&#8217;an-\u0131 Kerim okumak zor mudur? Kur&#8217;an-\u0131 Kerim ni\u00e7in ezberlenir? E\u011fer sen de Kur&#8217;an-\u0131 Kerim hakk\u0131nda \u201cSorular\u0131m var!\u201d diyorsan \u201cKur\u2019an\u2019\u0131 Soran \u00c7ocuk\u201d kitab\u0131n\u0131 okumal\u0131s\u0131n. <\/p>\n","protected":false},"excerpt":{"rendered":"<p>Kur&#8217;an-\u0131 Kerim ne zaman indirildi? Kur&#8217;an-\u0131 Kerim kitap haline nas\u0131l geldi? Kur&#8217;an-\u0131 Kerim hangi dildedir? Kur&#8217;an-\u0131 Kerim tefsiri ne demektir? Kur&#8217;an-\u0131 Kerim&#8217;de ne anlat\u0131l\u0131r? Kur&#8217;an-\u0131 Kerim<span class=\"excerpt-hellip\"> [\u2026]<\/span><\/p>\n","protected":false},"featured_media":0,"template":"","meta":{"_monsterinsights_skip_tracking":false,"_monsterinsights_sitenote_active":false,"_monsterinsights_sitenote_note":"","_monsterinsights_sitenote_category":0},"product_brand":[],"product_cat":[12274,18802],"product_tag":[],"class_list":{"0":"post-764459","1":"product","2":"type-product","3":"status-publish","5":"product_cat-cocuk-ve-genclik-kitaplari","6":"product_cat-din-egitimi","7":"pa_cilt-ciltsiz","8":"pa_tur-kitap","9":"pa_yayinevi-nesil-cocuk-yayinlari","10":"pa_yazar-selcen-yuksel-arvas","12":"first","13":"instock","14":"sale","15":"shipping-taxable","16":"purchasable","17":"product-type-simple"},"_links":{"self":[{"href":"https:\/\/roveyayinevi.com.tr\/index.php\/wp-json\/wp\/v2\/product\/764459","targetHints":{"allow":["GET"]}}],"collection":[{"href":"https:\/\/roveyayinevi.com.tr\/index.php\/wp-json\/wp\/v2\/product"}],"about":[{"href":"https:\/\/roveyayinevi.com.tr\/index.php\/wp-json\/wp\/v2\/types\/product"}],"wp:attachment":[{"href":"https:\/\/roveyayinevi.com.tr\/index.php\/wp-json\/wp\/v2\/media?parent=764459"}],"wp:term":[{"taxonomy":"product_brand","embeddable":true,"href":"https:\/\/roveyayinevi.com.tr\/index.php\/wp-json\/wp\/v2\/product_brand?post=764459"},{"taxonomy":"product_cat","embeddable":true,"href":"https:\/\/roveyayinevi.com.tr\/index.php\/wp-json\/wp\/v2\/product_cat?post=764459"},{"taxonomy":"product_tag","embeddable":true,"href":"https:\/\/roveyayinevi.com.tr\/index.php\/wp-json\/wp\/v2\/product_tag?post=764459"}],"curies":[{"name":"wp","href":"https:\/\/api.w.org\/{rel}","templated":true}]}}