{"id":764457,"date":"2025-08-28T11:11:20","date_gmt":"2025-08-28T08:11:20","guid":{"rendered":"https:\/\/roveyayinevi.com.tr\/index.php\/urun\/formda-anneler-ve-saglikli-bebekler\/"},"modified":"2026-04-15T03:30:18","modified_gmt":"2026-04-15T00:30:18","slug":"formda-anneler-ve-saglikli-bebekler","status":"publish","type":"product","link":"https:\/\/roveyayinevi.com.tr\/index.php\/urun\/formda-anneler-ve-saglikli-bebekler\/","title":{"rendered":"Formda Anneler ve Sa\u011fl\u0131kl\u0131 Bebekler"},"content":{"rendered":"<p>Hamilelik s\u00fcrecinde ideal kilo ne olmal\u0131? Gebelik s\u00fcrecinde neler t\u00fcketilmeli? Hamilelik s\u00fcrecinde mide bulant\u0131lar\u0131 nas\u0131l \u00f6nlenir? Gebelik s\u00fcrecinde al\u0131nmas\u0131 gereken takviye besinler ve ek g\u0131dalar nelerdir? Do\u011fumu kolayla\u015ft\u0131ran mucizevi meyve hangisidir? Formda olmak ve formda kalmak i\u00e7in nas\u0131l bir yol takip edilmeli? Anne s\u00fct\u00fcn\u00fc artt\u0131rman\u0131n ipu\u00e7lar\u0131 nelerdir? Diyetisyen Feride A\u011f\u0131r\u2019\u0131n kaleme ald\u0131\u011f\u0131 \u201cFormda Anneler ve Sa\u011fl\u0131kl\u0131 Bebekler\u201d  kitab\u0131nda; hamilelik \u00f6ncesi, hamilelik s\u00fcreci ve do\u011fum sonras\u0131 s\u00fcre\u00e7 hakk\u0131nda pek \u00e7ok orijinal bilgi, tavsiye ve diyet listesi bulacaks\u0131n\u0131z. Anne ol, formda kal\u2026  <\/p>\n","protected":false},"excerpt":{"rendered":"<p>Hamilelik s\u00fcrecinde ideal kilo ne olmal\u0131? Gebelik s\u00fcrecinde neler t\u00fcketilmeli? Hamilelik s\u00fcrecinde mide bulant\u0131lar\u0131 nas\u0131l \u00f6nlenir? Gebelik s\u00fcrecinde al\u0131nmas\u0131 gereken takviye besinler ve ek g\u0131dalar nelerdir?<span class=\"excerpt-hellip\"> [\u2026]<\/span><\/p>\n","protected":false},"featured_media":0,"template":"","meta":{"_monsterinsights_skip_tracking":false,"_monsterinsights_sitenote_active":false,"_monsterinsights_sitenote_note":"","_monsterinsights_sitenote_category":0},"product_brand":[],"product_cat":[13402,13365],"product_tag":[],"class_list":{"0":"post-764457","1":"product","2":"type-product","3":"status-publish","5":"product_cat-beslenme-ve-diyet","6":"product_cat-saglik","7":"pa_cilt-ciltsiz","8":"pa_tur-kitap","9":"pa_yayinevi-nesil-yayinlari","10":"pa_yazar-feride-agir","12":"first","13":"instock","14":"sale","15":"shipping-taxable","16":"purchasable","17":"product-type-simple"},"_links":{"self":[{"href":"https:\/\/roveyayinevi.com.tr\/index.php\/wp-json\/wp\/v2\/product\/764457","targetHints":{"allow":["GET"]}}],"collection":[{"href":"https:\/\/roveyayinevi.com.tr\/index.php\/wp-json\/wp\/v2\/product"}],"about":[{"href":"https:\/\/roveyayinevi.com.tr\/index.php\/wp-json\/wp\/v2\/types\/product"}],"wp:attachment":[{"href":"https:\/\/roveyayinevi.com.tr\/index.php\/wp-json\/wp\/v2\/media?parent=764457"}],"wp:term":[{"taxonomy":"product_brand","embeddable":true,"href":"https:\/\/roveyayinevi.com.tr\/index.php\/wp-json\/wp\/v2\/product_brand?post=764457"},{"taxonomy":"product_cat","embeddable":true,"href":"https:\/\/roveyayinevi.com.tr\/index.php\/wp-json\/wp\/v2\/product_cat?post=764457"},{"taxonomy":"product_tag","embeddable":true,"href":"https:\/\/roveyayinevi.com.tr\/index.php\/wp-json\/wp\/v2\/product_tag?post=764457"}],"curies":[{"name":"wp","href":"https:\/\/api.w.org\/{rel}","templated":true}]}}