{"id":764434,"date":"2025-08-28T11:10:38","date_gmt":"2025-08-28T08:10:38","guid":{"rendered":"https:\/\/roveyayinevi.com.tr\/index.php\/urun\/gizli-ozne\/"},"modified":"2026-04-15T03:30:18","modified_gmt":"2026-04-15T00:30:18","slug":"gizli-ozne","status":"publish","type":"product","link":"https:\/\/roveyayinevi.com.tr\/index.php\/urun\/gizli-ozne\/","title":{"rendered":"Gizli \u00d6zne"},"content":{"rendered":"<p>\u0130ETT otob\u00fcs\u00fcne gelinli\u011fiyle binen bir gen\u00e7 kad\u0131n. Yaln\u0131z. Gelinli\u011finin ete\u011fi yerdeki tozlar\u0131 s\u00fcp\u00fcr\u00fcyor. Ka\u00e7t\u0131\u011f\u0131, evlendi\u011fi adam de\u011fil. Ka\u00e7t\u0131\u011f\u0131, bir insan da de\u011fil. Derdini kime, nas\u0131l anlatabilir? Bir ba\u015fka yerde, ba\u015fka zamanda, gen\u00e7 bir kad\u0131n s\u0131k s\u0131k kendinden ge\u00e7iyor. Annesinin cesediyle g\u00fcnlerce yaln\u0131z kalm\u0131\u015f \u00fc\u00e7 ya\u015f\u0131nda. Kimli\u011fi tespit edilemedi\u011finden bir yeti\u015ftirme yurdunda b\u00fcy\u00fcm\u00fc\u015f. Annesinden kalan e\u015fyalara bakmak istemiyor. Gizli \u00d6zne, Revn\u00e2 ve Bihter\u2019in kesi\u015fen hikayesi. Bihter\u2019in hikayesini bize kim anlat\u0131yor? Bunu buldu\u011fumuzda, Revn\u00e2 ile hikayelerinin ne zaman, nas\u0131l kesi\u015fti\u011fini de buluyoruz.  \u00c7\u00fcnk\u00fc Gizli \u00d6zne, s\u0131ra d\u0131\u015f\u0131 tekni\u011fiyle bir \u201cson bak\u0131\u015fta a\u015fk\u201d roman\u0131. Ta\u015flar sonunda yerine oturuyor, sonuyla okuru \u015fa\u015f\u0131rt\u0131yor.<\/p>\n","protected":false},"excerpt":{"rendered":"<p>\u0130ETT otob\u00fcs\u00fcne gelinli\u011fiyle binen bir gen\u00e7 kad\u0131n. Yaln\u0131z. Gelinli\u011finin ete\u011fi yerdeki tozlar\u0131 s\u00fcp\u00fcr\u00fcyor. Ka\u00e7t\u0131\u011f\u0131, evlendi\u011fi adam de\u011fil. Ka\u00e7t\u0131\u011f\u0131, bir insan da de\u011fil. Derdini kime, nas\u0131l anlatabilir?<span class=\"excerpt-hellip\"> [\u2026]<\/span><\/p>\n","protected":false},"featured_media":0,"template":"","meta":{"_monsterinsights_skip_tracking":false,"_monsterinsights_sitenote_active":false,"_monsterinsights_sitenote_note":"","_monsterinsights_sitenote_category":0},"product_brand":[],"product_cat":[12291,12711],"product_tag":[],"class_list":{"0":"post-764434","1":"product","2":"type-product","3":"status-publish","5":"product_cat-edebiyat","6":"product_cat-roman-oyku","7":"pa_cilt-ciltsiz","8":"pa_tur-kitap","9":"pa_yayinevi-okuyan-us-yayin","10":"pa_yazar-nihan-kaya","12":"first","13":"instock","14":"sale","15":"shipping-taxable","16":"purchasable","17":"product-type-simple"},"_links":{"self":[{"href":"https:\/\/roveyayinevi.com.tr\/index.php\/wp-json\/wp\/v2\/product\/764434","targetHints":{"allow":["GET"]}}],"collection":[{"href":"https:\/\/roveyayinevi.com.tr\/index.php\/wp-json\/wp\/v2\/product"}],"about":[{"href":"https:\/\/roveyayinevi.com.tr\/index.php\/wp-json\/wp\/v2\/types\/product"}],"wp:attachment":[{"href":"https:\/\/roveyayinevi.com.tr\/index.php\/wp-json\/wp\/v2\/media?parent=764434"}],"wp:term":[{"taxonomy":"product_brand","embeddable":true,"href":"https:\/\/roveyayinevi.com.tr\/index.php\/wp-json\/wp\/v2\/product_brand?post=764434"},{"taxonomy":"product_cat","embeddable":true,"href":"https:\/\/roveyayinevi.com.tr\/index.php\/wp-json\/wp\/v2\/product_cat?post=764434"},{"taxonomy":"product_tag","embeddable":true,"href":"https:\/\/roveyayinevi.com.tr\/index.php\/wp-json\/wp\/v2\/product_tag?post=764434"}],"curies":[{"name":"wp","href":"https:\/\/api.w.org\/{rel}","templated":true}]}}