{"id":764432,"date":"2025-08-28T11:10:35","date_gmt":"2025-08-28T08:10:35","guid":{"rendered":"https:\/\/roveyayinevi.com.tr\/index.php\/urun\/murideler\/"},"modified":"2026-04-15T03:30:18","modified_gmt":"2026-04-15T00:30:18","slug":"murideler","status":"publish","type":"product","link":"https:\/\/roveyayinevi.com.tr\/index.php\/urun\/murideler\/","title":{"rendered":"M\u00fcrideler"},"content":{"rendered":"<p>\u201cHikayeleri y\u00fcksek siyasetin g\u00f6lgesinde kalan kad\u0131n ve \u00e7ocuklar\u0131n hayat\u0131, \u00fclkenin tepetaklak olu\u015fundan azade de\u011fildi ve b\u00fct\u00fcn d\u00fcnyada oldu\u011fu gibi ilk etkilenecek onlard\u0131.\u201d   Y\u00fcksek siyasetin g\u00f6lgesinde kalan bu hikayeleri g\u00f6lgelerden \u00e7\u0131kar\u0131p okurun \u00f6n\u00fcne koyan bir kitap elinizdeki. Yaln\u0131zca tarikatlar\u0131n kad\u0131nlar\u0131 nas\u0131l hapsetti\u011fini ve hem maddi hem duygusal emeklerini nas\u0131l s\u00f6m\u00fcrd\u00fc\u011f\u00fcn\u00fc de\u011fil, ayn\u0131 zamanda onlar i\u00e7in biriktirdi\u011fi sosyal sermayeyi, evlerinden \u00e7\u0131k\u0131p ba\u015fkalar\u0131yla g\u00f6r\u00fc\u015fmelerini ve bir a\u011f i\u00e7inde var olabilmelerini de sa\u011flayarak bu s\u00f6m\u00fcr\u00fcy\u00fc nas\u0131l g\u00f6r\u00fcnmez k\u0131ld\u0131klar\u0131n\u0131 da anlat\u0131yor. Bu \u00fc\u00e7 tarikat\u0131n da \u00f6zellikle alt s\u0131n\u0131flardan kad\u0131nlar\u0131, kamu ya da \u00f6zel sekt\u00f6rde \u00e7al\u0131\u015famayan, ta\u015frada yaln\u0131z kalan ve ev i\u015fleri-bak\u0131m cenderesinden \u00e7\u0131kamayan kad\u0131nlar\u0131 hedef al\u0131p b\u00fcnyesine katarak topluma n\u00fcfuz etme bi\u00e7imini dile getirirken, kad\u0131n\u0131n \u00f6zne olu\u015fuyla kat kat nesne k\u0131l\u0131n\u0131\u015f\u0131 aras\u0131ndaki ince yar\u0131ktan ger\u00e7ek ki\u015filerle r\u00f6portajlar, yerinde g\u00f6zlemler ve \u00f6nemli sorularla ge\u00e7iyor Filiz Gazi.   Tecr\u00fcbeli ve cesur bir gazeteci olarak kad\u0131n\u0131n tarikatlardaki yerinin, bu yap\u0131lara ni\u00e7in girdiklerinin, k\u0131z \u00e7ocuklar\u0131na nas\u0131l bir e\u011fitim verildi\u011finin pe\u015fine d\u00fc\u015fen Gazi bir yandan \u0130slam co\u011frafyalar\u0131nda kad\u0131n \u00f6zg\u00fcrl\u00fc\u011f\u00fc meselesini farkl\u0131 boyutlar\u0131yla ele al\u0131rken, bir yandan da yoksul kad\u0131nlar i\u00e7in a\u00e7\u0131lan bu alan\u0131n bo\u011faz\u0131m\u0131z\u0131 saran neoliberal politikalara nas\u0131l hizmet etti\u011fine bak\u0131yor.   \u00dc\u00e7 tarikat\u0131 birden mercek alt\u0131na alan kitap d\u00f6rt ba\u015f\u0131 mamur bir \u00e7al\u0131\u015fma. Yazar hi\u00e7bir detay\u0131 atlamazken, kendisinin ve b\u00f6ylelikle okurun merak ve hayret duygusunu da hep canl\u0131 tutuyor. <\/p>\n","protected":false},"excerpt":{"rendered":"<p>\u201cHikayeleri y\u00fcksek siyasetin g\u00f6lgesinde kalan kad\u0131n ve \u00e7ocuklar\u0131n hayat\u0131, \u00fclkenin tepetaklak olu\u015fundan azade de\u011fildi ve b\u00fct\u00fcn d\u00fcnyada oldu\u011fu gibi ilk etkilenecek onlard\u0131.\u201d Y\u00fcksek siyasetin g\u00f6lgesinde kalan<span class=\"excerpt-hellip\"> [\u2026]<\/span><\/p>\n","protected":false},"featured_media":0,"template":"","meta":{"_monsterinsights_skip_tracking":false,"_monsterinsights_sitenote_active":false,"_monsterinsights_sitenote_note":"","_monsterinsights_sitenote_category":0},"product_brand":[],"product_cat":[12718],"product_tag":[],"class_list":{"0":"post-764432","1":"product","2":"type-product","3":"status-publish","5":"product_cat-din","6":"pa_cilt-ciltsiz","7":"pa_tur-kitap","8":"pa_yayinevi-tekin-yayinevi","9":"pa_yazar-filiz-gazi","11":"first","12":"instock","13":"sale","14":"shipping-taxable","15":"purchasable","16":"product-type-simple"},"_links":{"self":[{"href":"https:\/\/roveyayinevi.com.tr\/index.php\/wp-json\/wp\/v2\/product\/764432","targetHints":{"allow":["GET"]}}],"collection":[{"href":"https:\/\/roveyayinevi.com.tr\/index.php\/wp-json\/wp\/v2\/product"}],"about":[{"href":"https:\/\/roveyayinevi.com.tr\/index.php\/wp-json\/wp\/v2\/types\/product"}],"wp:attachment":[{"href":"https:\/\/roveyayinevi.com.tr\/index.php\/wp-json\/wp\/v2\/media?parent=764432"}],"wp:term":[{"taxonomy":"product_brand","embeddable":true,"href":"https:\/\/roveyayinevi.com.tr\/index.php\/wp-json\/wp\/v2\/product_brand?post=764432"},{"taxonomy":"product_cat","embeddable":true,"href":"https:\/\/roveyayinevi.com.tr\/index.php\/wp-json\/wp\/v2\/product_cat?post=764432"},{"taxonomy":"product_tag","embeddable":true,"href":"https:\/\/roveyayinevi.com.tr\/index.php\/wp-json\/wp\/v2\/product_tag?post=764432"}],"curies":[{"name":"wp","href":"https:\/\/api.w.org\/{rel}","templated":true}]}}