{"id":764419,"date":"2025-08-28T11:10:04","date_gmt":"2025-08-28T08:10:04","guid":{"rendered":"https:\/\/roveyayinevi.com.tr\/index.php\/urun\/gokyuzunde-bir-gun\/"},"modified":"2026-04-15T03:30:17","modified_gmt":"2026-04-15T00:30:17","slug":"gokyuzunde-bir-gun","status":"publish","type":"product","link":"https:\/\/roveyayinevi.com.tr\/index.php\/urun\/gokyuzunde-bir-gun\/","title":{"rendered":"G\u00f6ky\u00fcz\u00fcnde Bir G\u00fcn"},"content":{"rendered":"<p>G\u00d6KY\u00dcZ\u00dcNE BAK, UMUT HEP ORADA! Mavi\u2019nin ailesinin bir u\u00e7urtma d\u00fckk\u00e2n\u0131 var: G\u00f6ky\u00fcz\u00fc Kul\u00fcb\u00fc. Buras\u0131 ayn\u0131 onun hayal g\u00fcc\u00fc gibi reng\u00e2renk, desen desen u\u00e7urtmalarla dolu. Birka\u00e7 \u00e7\u0131ta, k\u00e2\u011f\u0131t ve iplerle birle\u015ferek g\u00f6ky\u00fcz\u00fcne ta\u015fan mutluluklara d\u00f6n\u00fc\u015f\u00fcyor.   Mavi ise daha \u00f6nce bir u\u00e7urtman\u0131n pe\u015finde hi\u00e7 ko\u015fmad\u0131. Sonra g\u00f6ky\u00fcz\u00fcnde bir g\u00fcn\u2026 Kar\u015f\u0131la\u015ft\u0131\u011f\u0131 k\u0131r\u0131k bir u\u00e7urtma her \u015feyi de\u011fi\u015ftiriyor. Ger\u00e7ekle\u015fmeyece\u011fini sand\u0131\u011f\u0131 hayalleri, u\u00e7urtman\u0131n pe\u015fine tak\u0131l\u0131yor\u2026   \u00c7ocuk kitaplar\u0131n\u0131n sevilen yazar\u0131 An\u0131l Bas\u0131l\u0131\u2019dan umut dolu bir hik\u00e2ye\u2026 <\/p>\n","protected":false},"excerpt":{"rendered":"<p>G\u00d6KY\u00dcZ\u00dcNE BAK, UMUT HEP ORADA! Mavi\u2019nin ailesinin bir u\u00e7urtma d\u00fckk\u00e2n\u0131 var: G\u00f6ky\u00fcz\u00fc Kul\u00fcb\u00fc. Buras\u0131 ayn\u0131 onun hayal g\u00fcc\u00fc gibi reng\u00e2renk, desen desen u\u00e7urtmalarla dolu. Birka\u00e7 \u00e7\u0131ta,<span class=\"excerpt-hellip\"> [\u2026]<\/span><\/p>\n","protected":false},"featured_media":0,"template":"","meta":{"_monsterinsights_skip_tracking":false,"_monsterinsights_sitenote_active":false,"_monsterinsights_sitenote_note":"","_monsterinsights_sitenote_category":0},"product_brand":[],"product_cat":[12274,12284],"product_tag":[],"class_list":{"0":"post-764419","1":"product","2":"type-product","3":"status-publish","5":"product_cat-cocuk-ve-genclik-kitaplari","6":"product_cat-hikayeler","7":"pa_cilt-ciltsiz","8":"pa_tur-kitap","9":"pa_yayinevi-dogan-cocuk","10":"pa_yazar-anil-basili","12":"first","13":"instock","14":"sale","15":"shipping-taxable","16":"purchasable","17":"product-type-simple"},"_links":{"self":[{"href":"https:\/\/roveyayinevi.com.tr\/index.php\/wp-json\/wp\/v2\/product\/764419","targetHints":{"allow":["GET"]}}],"collection":[{"href":"https:\/\/roveyayinevi.com.tr\/index.php\/wp-json\/wp\/v2\/product"}],"about":[{"href":"https:\/\/roveyayinevi.com.tr\/index.php\/wp-json\/wp\/v2\/types\/product"}],"wp:attachment":[{"href":"https:\/\/roveyayinevi.com.tr\/index.php\/wp-json\/wp\/v2\/media?parent=764419"}],"wp:term":[{"taxonomy":"product_brand","embeddable":true,"href":"https:\/\/roveyayinevi.com.tr\/index.php\/wp-json\/wp\/v2\/product_brand?post=764419"},{"taxonomy":"product_cat","embeddable":true,"href":"https:\/\/roveyayinevi.com.tr\/index.php\/wp-json\/wp\/v2\/product_cat?post=764419"},{"taxonomy":"product_tag","embeddable":true,"href":"https:\/\/roveyayinevi.com.tr\/index.php\/wp-json\/wp\/v2\/product_tag?post=764419"}],"curies":[{"name":"wp","href":"https:\/\/api.w.org\/{rel}","templated":true}]}}