{"id":764414,"date":"2025-08-28T11:09:53","date_gmt":"2025-08-28T08:09:53","guid":{"rendered":"https:\/\/roveyayinevi.com.tr\/index.php\/urun\/ayrilis\/"},"modified":"2026-04-15T03:30:17","modified_gmt":"2026-04-15T00:30:17","slug":"ayrilis","status":"publish","type":"product","link":"https:\/\/roveyayinevi.com.tr\/index.php\/urun\/ayrilis\/","title":{"rendered":"Ayr\u0131l\u0131\u015f"},"content":{"rendered":"<p>\u201cTan\u0131yordu Ay onlar\u0131. Batuhan ile Baturgan\u2019d\u0131 isimleri. Biliyordu. Kendine benzetiyordu baz\u0131 baz\u0131. Bilhassa yar\u0131may oldu\u011fu zamanlarda onun bir taraf\u0131 \u0131\u015f\u0131kta, bir taraf\u0131 karanl\u0131kta kalan hali gibilerdi.\u201d   Ayr\u0131l\u0131\u011f\u0131 imk\u00e2ns\u0131z bir ayr\u0131l\u0131\u015f\u0131n hik\u00e2yesi bu&#8230; daha \u00f6nce hi\u00e7 yaz\u0131lmayan&#8230; Yaral\u0131 bir masal bu\u2026 daha \u00f6nce hi\u00e7 anlat\u0131lmayan\u2026 Eski \u0130stanbul\u2019da, mezarl\u0131\u011fa bakan bahts\u0131z bir k\u00f6\u015fk. Ve on yedisinde iki karde\u015f; yan yana ya\u015fayan ama apayr\u0131 d\u00fcnyalara savrulan. Asl\u0131nda akla hayale gelebilecek t\u00fcm z\u0131tlar\u0131n karde\u015fli\u011fi bu roman; bar\u0131\u015f\u0131n ve sava\u015f\u0131n, nefretin ve merhametin, u\u011furun ve lanetin, dostlu\u011fun ve d\u00fc\u015fmanl\u0131\u011f\u0131n.   G\u00f6z\u00fcmden Deliler Ta\u015ft\u0131 ile ba\u015flayan edebiyat yolculu\u011funda \u00c7a\u011fan Irmak ilk roman\u0131yla kelimelerin \u00e7alkant\u0131l\u0131 sular\u0131nda daha da derinlere iniyor, karanl\u0131klarda yolumuzu bulmam\u0131z i\u00e7in bize k\u00f6r edici bir \u0131\u015f\u0131k yak\u0131yor.   \u201cBeyaz perdede yaratt\u0131\u011f\u0131 \u015fahs\u0131na m\u00fcnhas\u0131r d\u00fcnyalarla tan\u0131d\u0131\u011f\u0131m\u0131z \u00c7a\u011fan Irmak, bu defa edebiyat karasular\u0131nda, s\u00f6zc\u00fcklerin t\u0131ls\u0131m\u0131yla anlat\u0131yor hik\u00e2yesini. Bir yandan tebess\u00fcm ettirirken bir yandan da i\u00e7 s\u0131zlatan bu ilk romanla, belki de en l\u00fczum duydu\u011fumuz zamanda, en l\u00fczum duydu\u011fumuz hayali f\u0131s\u0131ld\u0131yor kula\u011f\u0131m\u0131za: yan yanal\u0131k. B\u00fcy\u00fck kopu\u015flar\u0131n, y\u0131rt\u0131l\u0131\u015flar\u0131n, aldan\u0131\u015flar\u0131n, ayr\u0131l\u0131\u015flar\u0131n, pi\u015fmanl\u0131klar\u0131n g\u00f6lgesinde de olsa, her \u015feye ra\u011fmen ve hatta inad\u0131na, daima yan yanal\u0131k\u2026\u201d   Nermin Y\u0131ld\u0131r\u0131m <\/p>\n","protected":false},"excerpt":{"rendered":"<p>\u201cTan\u0131yordu Ay onlar\u0131. Batuhan ile Baturgan\u2019d\u0131 isimleri. Biliyordu. Kendine benzetiyordu baz\u0131 baz\u0131. Bilhassa yar\u0131may oldu\u011fu zamanlarda onun bir taraf\u0131 \u0131\u015f\u0131kta, bir taraf\u0131 karanl\u0131kta kalan hali gibilerdi.\u201d<span class=\"excerpt-hellip\"> [\u2026]<\/span><\/p>\n","protected":false},"featured_media":0,"template":"","meta":{"_monsterinsights_skip_tracking":false,"_monsterinsights_sitenote_active":false,"_monsterinsights_sitenote_note":"","_monsterinsights_sitenote_category":0},"product_brand":[],"product_cat":[12291,12711],"product_tag":[],"class_list":{"0":"post-764414","1":"product","2":"type-product","3":"status-publish","5":"product_cat-edebiyat","6":"product_cat-roman-oyku","7":"pa_cilt-ciltsiz","8":"pa_tur-kitap","9":"pa_yayinevi-dogan-kitap","10":"pa_yazar-cagan-irmak","12":"first","13":"instock","14":"sale","15":"shipping-taxable","16":"purchasable","17":"product-type-simple"},"_links":{"self":[{"href":"https:\/\/roveyayinevi.com.tr\/index.php\/wp-json\/wp\/v2\/product\/764414","targetHints":{"allow":["GET"]}}],"collection":[{"href":"https:\/\/roveyayinevi.com.tr\/index.php\/wp-json\/wp\/v2\/product"}],"about":[{"href":"https:\/\/roveyayinevi.com.tr\/index.php\/wp-json\/wp\/v2\/types\/product"}],"wp:attachment":[{"href":"https:\/\/roveyayinevi.com.tr\/index.php\/wp-json\/wp\/v2\/media?parent=764414"}],"wp:term":[{"taxonomy":"product_brand","embeddable":true,"href":"https:\/\/roveyayinevi.com.tr\/index.php\/wp-json\/wp\/v2\/product_brand?post=764414"},{"taxonomy":"product_cat","embeddable":true,"href":"https:\/\/roveyayinevi.com.tr\/index.php\/wp-json\/wp\/v2\/product_cat?post=764414"},{"taxonomy":"product_tag","embeddable":true,"href":"https:\/\/roveyayinevi.com.tr\/index.php\/wp-json\/wp\/v2\/product_tag?post=764414"}],"curies":[{"name":"wp","href":"https:\/\/api.w.org\/{rel}","templated":true}]}}