{"id":764408,"date":"2025-08-28T11:09:42","date_gmt":"2025-08-28T08:09:42","guid":{"rendered":"https:\/\/roveyayinevi.com.tr\/index.php\/urun\/giresunlu-osman-aga-milli-mucadele-kahramani\/"},"modified":"2026-04-15T03:30:17","modified_gmt":"2026-04-15T00:30:17","slug":"giresunlu-osman-aga-milli-mucadele-kahramani","status":"publish","type":"product","link":"https:\/\/roveyayinevi.com.tr\/index.php\/urun\/giresunlu-osman-aga-milli-mucadele-kahramani\/","title":{"rendered":"Giresunlu Osman A\u011fa &#8211; Milli M\u00fccadele Kahraman\u0131"},"content":{"rendered":"<p>Mill\u00ee M\u00fccadele&#8217;nin sisler alt\u0131nda kalm\u0131\u015f bir\u00e7ok tart\u0131\u015fmal\u0131 \u015fahsiyeti vard\u0131r. Bu kimseler hakk\u0131nda yeterli bilimsel ara\u015ft\u0131rmalar yap\u0131lmadan \u00e7ok kolay h\u00fck\u00fcmler verilmektedir. Bu pe\u015fin h\u00fck\u00fcmler genellikle hi\u00e7bir hakl\u0131 ve mant\u0131kl\u0131 gerek\u00e7eye dayanmasalar da kamuoyunda bir \u00f6n yarg\u0131lar zinciri olu\u015fturabilmektedir. Bu kitapta \u00fczerinde hakl\u0131 veya haks\u0131z baz\u0131 iddialar\u0131n bulundu\u011fu Giresun ve \u00e7evresinin en \u00f6nemli Kuv\u00e2-yi Milliye kahraman\u0131 olan Osman A\u011fa veya bilinen ad\u0131yla Topal Osman&#8217;\u0131n Mill\u00ee M\u00fccadele tarihindeki yeri ortaya konmaya \u00e7al\u0131\u015f\u0131lm\u0131\u015ft\u0131r. Osman A\u011fa, o kadar bahts\u0131zd\u0131r ki \u00f6l\u00fcm\u00fcnden seksen y\u0131l sonra bile mezar ta\u015f\u0131 kaz\u0131nabilmekte ve haks\u0131z h\u00fccumlara u\u011frayabilmektedir. \u0130stikl\u00e2l Sava\u015f\u0131 Gazisi Yarbay Osman A\u011fa&#8217;n\u0131n \u00c7ankaya K\u00f6\u015fk\u00fc\u2019ne kadar uzanan hayat\u0131 ve hazin sonu yeni belge ve bulgulara dayan\u0131larak ilk kez bir akademik ara\u015ft\u0131rman\u0131n konusu oldu. Burada yap\u0131lmaya \u00e7al\u0131\u015f\u0131lan, vatan hizmetleri hem TBMM hem de Mustafa Kemal Pa\u015fa taraf\u0131ndan tasdik edilen Giresunlu Osman A\u011fa&#8217;y\u0131 baz\u0131 kimselerin yapt\u0131\u011f\u0131 gibi pe\u015finen \u00f6vmek veya k\u00f6t\u00fclemek de\u011fildir. Aksine belge ve bulgular\u0131n \u0131\u015f\u0131\u011f\u0131nda Osman A\u011fa ger\u00e7e\u011fine ula\u015f\u0131lmaya \u00e7al\u0131\u015f\u0131lm\u0131\u015ft\u0131r. Son nefesine kadar Atat\u00fcrk\u2019e ba\u011fl\u0131l\u0131ktan ayr\u0131lmayan Osman A\u011fa&#8217;n\u0131n ate\u015f ve barut kokular\u0131 aras\u0131nda ge\u00e7en hayat\u0131 g\u00f6zler \u00f6n\u00fcne serilmeye \u00e7al\u0131\u015f\u0131lm\u0131\u015ft\u0131r. Siyasete kurban giden b\u00fcy\u00fck bir Kuv\u00e2-yi Milliyeci&#8217;nin beklenmedik ve \u015f\u00fcpheli \u00f6l\u00fcm\u00fc kitab\u0131n konular\u0131 aras\u0131ndad\u0131r. <\/p>\n","protected":false},"excerpt":{"rendered":"<p>Mill\u00ee M\u00fccadele&#8217;nin sisler alt\u0131nda kalm\u0131\u015f bir\u00e7ok tart\u0131\u015fmal\u0131 \u015fahsiyeti vard\u0131r. Bu kimseler hakk\u0131nda yeterli bilimsel ara\u015ft\u0131rmalar yap\u0131lmadan \u00e7ok kolay h\u00fck\u00fcmler verilmektedir. Bu pe\u015fin h\u00fck\u00fcmler genellikle hi\u00e7bir hakl\u0131<span class=\"excerpt-hellip\"> [\u2026]<\/span><\/p>\n","protected":false},"featured_media":0,"template":"","meta":{"_monsterinsights_skip_tracking":false,"_monsterinsights_sitenote_active":false,"_monsterinsights_sitenote_note":"","_monsterinsights_sitenote_category":0},"product_brand":[],"product_cat":[13072,12291],"product_tag":[],"class_list":{"0":"post-764408","1":"product","2":"type-product","3":"status-publish","5":"product_cat-arastirma-inceleme-referans","6":"product_cat-edebiyat","7":"pa_cilt-ciltsiz","8":"pa_tur-kitap","9":"pa_yayinevi-yeditepe-yayinevi","10":"pa_yazar-suleyman-beyoglu","12":"first","13":"instock","14":"sale","15":"shipping-taxable","16":"purchasable","17":"product-type-simple"},"_links":{"self":[{"href":"https:\/\/roveyayinevi.com.tr\/index.php\/wp-json\/wp\/v2\/product\/764408","targetHints":{"allow":["GET"]}}],"collection":[{"href":"https:\/\/roveyayinevi.com.tr\/index.php\/wp-json\/wp\/v2\/product"}],"about":[{"href":"https:\/\/roveyayinevi.com.tr\/index.php\/wp-json\/wp\/v2\/types\/product"}],"wp:attachment":[{"href":"https:\/\/roveyayinevi.com.tr\/index.php\/wp-json\/wp\/v2\/media?parent=764408"}],"wp:term":[{"taxonomy":"product_brand","embeddable":true,"href":"https:\/\/roveyayinevi.com.tr\/index.php\/wp-json\/wp\/v2\/product_brand?post=764408"},{"taxonomy":"product_cat","embeddable":true,"href":"https:\/\/roveyayinevi.com.tr\/index.php\/wp-json\/wp\/v2\/product_cat?post=764408"},{"taxonomy":"product_tag","embeddable":true,"href":"https:\/\/roveyayinevi.com.tr\/index.php\/wp-json\/wp\/v2\/product_tag?post=764408"}],"curies":[{"name":"wp","href":"https:\/\/api.w.org\/{rel}","templated":true}]}}