{"id":764407,"date":"2025-08-28T11:09:40","date_gmt":"2025-08-28T08:09:40","guid":{"rendered":"https:\/\/roveyayinevi.com.tr\/index.php\/urun\/intermezzo-2\/"},"modified":"2026-04-15T03:30:17","modified_gmt":"2026-04-15T00:30:17","slug":"intermezzo-2","status":"publish","type":"product","link":"https:\/\/roveyayinevi.com.tr\/index.php\/urun\/intermezzo-2\/","title":{"rendered":"\u0130ntermezzo"},"content":{"rendered":"<p>Ba\u015fka insanlar\u0131n talepleri bitmez, yaln\u0131zca \u00e7o\u011fal\u0131r.   Hep daha karma\u015f\u0131k, daha zordur.   Bu da, diye d\u00fc\u015f\u00fcn\u00fcyor, daha \u00e7ok hayat, hayat\u0131n hep daha fazlas\u0131 demenin bir ba\u015fka yolu. <\/p>\n","protected":false},"excerpt":{"rendered":"<p>Ba\u015fka insanlar\u0131n talepleri bitmez, yaln\u0131zca \u00e7o\u011fal\u0131r. Hep daha karma\u015f\u0131k, daha zordur. Bu da, diye d\u00fc\u015f\u00fcn\u00fcyor, daha \u00e7ok hayat, hayat\u0131n hep daha fazlas\u0131 demenin bir ba\u015fka yolu.<\/p>\n","protected":false},"featured_media":0,"template":"","meta":{"_monsterinsights_skip_tracking":false,"_monsterinsights_sitenote_active":false,"_monsterinsights_sitenote_note":"","_monsterinsights_sitenote_category":0},"product_brand":[],"product_cat":[12291,12711],"product_tag":[],"class_list":{"0":"post-764407","1":"product","2":"type-product","3":"status-publish","5":"product_cat-edebiyat","6":"product_cat-roman-oyku","7":"pa_cilt-ciltsiz","8":"pa_tur-kitap","9":"pa_yayinevi-can-yayinlari","10":"pa_yazar-sally-rooney","12":"first","13":"instock","14":"sale","15":"shipping-taxable","16":"purchasable","17":"product-type-simple"},"_links":{"self":[{"href":"https:\/\/roveyayinevi.com.tr\/index.php\/wp-json\/wp\/v2\/product\/764407","targetHints":{"allow":["GET"]}}],"collection":[{"href":"https:\/\/roveyayinevi.com.tr\/index.php\/wp-json\/wp\/v2\/product"}],"about":[{"href":"https:\/\/roveyayinevi.com.tr\/index.php\/wp-json\/wp\/v2\/types\/product"}],"wp:attachment":[{"href":"https:\/\/roveyayinevi.com.tr\/index.php\/wp-json\/wp\/v2\/media?parent=764407"}],"wp:term":[{"taxonomy":"product_brand","embeddable":true,"href":"https:\/\/roveyayinevi.com.tr\/index.php\/wp-json\/wp\/v2\/product_brand?post=764407"},{"taxonomy":"product_cat","embeddable":true,"href":"https:\/\/roveyayinevi.com.tr\/index.php\/wp-json\/wp\/v2\/product_cat?post=764407"},{"taxonomy":"product_tag","embeddable":true,"href":"https:\/\/roveyayinevi.com.tr\/index.php\/wp-json\/wp\/v2\/product_tag?post=764407"}],"curies":[{"name":"wp","href":"https:\/\/api.w.org\/{rel}","templated":true}]}}