{"id":764393,"date":"2025-08-28T11:09:11","date_gmt":"2025-08-28T08:09:11","guid":{"rendered":"https:\/\/roveyayinevi.com.tr\/index.php\/urun\/morfo\/"},"modified":"2026-04-15T03:30:17","modified_gmt":"2026-04-15T00:30:17","slug":"morfo","status":"publish","type":"product","link":"https:\/\/roveyayinevi.com.tr\/index.php\/urun\/morfo\/","title":{"rendered":"Morfo"},"content":{"rendered":"<p>Morfoloji a\u00e7\u0131s\u0131ndan insan v\u00fccudunasanatsal ve sentetik bir yakla\u015f\u0131m\u2026 Michel Lauricella, \u00e9corch\u00e9&#8217;den canl\u0131 model eskizlerinekadar insan v\u00fccudunu \u00e7izmenin farkl\u0131temsillerini sunuyor. 1000&#8217;den fazla \u00e7izimdeinsan v\u00fccudu; kemik yap\u0131s\u0131ndan kas yap\u0131s\u0131na,anatomik detaylardan hareket h\u00e2lindeki bedenekadar daha \u00f6nce g\u00f6r\u00fclmemi\u015f a\u00e7\u0131lardan g\u00f6steriliyor.Morfo nereye giderseniz gidin yan\u0131n\u0131zdag\u00f6t\u00fcrebilece\u011finiz b\u00fcy\u00fcleyici bir eskiz defteri.<\/p>\n","protected":false},"excerpt":{"rendered":"<p>Morfoloji a\u00e7\u0131s\u0131ndan insan v\u00fccudunasanatsal ve sentetik bir yakla\u015f\u0131m\u2026 Michel Lauricella, \u00e9corch\u00e9&#8217;den canl\u0131 model eskizlerinekadar insan v\u00fccudunu \u00e7izmenin farkl\u0131temsillerini sunuyor. 1000&#8217;den fazla \u00e7izimdeinsan v\u00fccudu; kemik yap\u0131s\u0131ndan kas<span class=\"excerpt-hellip\"> [\u2026]<\/span><\/p>\n","protected":false},"featured_media":0,"template":"","meta":{"_monsterinsights_skip_tracking":false,"_monsterinsights_sitenote_active":false,"_monsterinsights_sitenote_note":"","_monsterinsights_sitenote_category":0},"product_brand":[],"product_cat":[15733,12408],"product_tag":[],"class_list":{"0":"post-764393","1":"product","2":"type-product","3":"status-publish","5":"product_cat-resim","6":"product_cat-sanat","7":"pa_cilt-ciltsiz","8":"pa_tur-kitap","9":"pa_yayinevi-epsilon-yayinlari","10":"pa_yazar-michel-lauricella","12":"first","13":"instock","14":"sale","15":"shipping-taxable","16":"purchasable","17":"product-type-simple"},"_links":{"self":[{"href":"https:\/\/roveyayinevi.com.tr\/index.php\/wp-json\/wp\/v2\/product\/764393","targetHints":{"allow":["GET"]}}],"collection":[{"href":"https:\/\/roveyayinevi.com.tr\/index.php\/wp-json\/wp\/v2\/product"}],"about":[{"href":"https:\/\/roveyayinevi.com.tr\/index.php\/wp-json\/wp\/v2\/types\/product"}],"wp:attachment":[{"href":"https:\/\/roveyayinevi.com.tr\/index.php\/wp-json\/wp\/v2\/media?parent=764393"}],"wp:term":[{"taxonomy":"product_brand","embeddable":true,"href":"https:\/\/roveyayinevi.com.tr\/index.php\/wp-json\/wp\/v2\/product_brand?post=764393"},{"taxonomy":"product_cat","embeddable":true,"href":"https:\/\/roveyayinevi.com.tr\/index.php\/wp-json\/wp\/v2\/product_cat?post=764393"},{"taxonomy":"product_tag","embeddable":true,"href":"https:\/\/roveyayinevi.com.tr\/index.php\/wp-json\/wp\/v2\/product_tag?post=764393"}],"curies":[{"name":"wp","href":"https:\/\/api.w.org\/{rel}","templated":true}]}}