{"id":764391,"date":"2025-08-28T11:09:06","date_gmt":"2025-08-28T08:09:06","guid":{"rendered":"https:\/\/roveyayinevi.com.tr\/index.php\/urun\/gece-gunesi-ciltli\/"},"modified":"2026-04-15T03:30:17","modified_gmt":"2026-04-15T00:30:17","slug":"gece-gunesi-ciltli","status":"publish","type":"product","link":"https:\/\/roveyayinevi.com.tr\/index.php\/urun\/gece-gunesi-ciltli\/","title":{"rendered":"Gece G\u00fcne\u015fi (Ciltli)"},"content":{"rendered":"<p>Piramit serisinin final kitab\u0131nda, Ayliz\u2019in ve t\u00fcm d\u00fcnyan\u0131n kar\u015f\u0131s\u0131nda bug\u00fcne dek g\u00f6rd\u00fckleri en tehlikeli d\u00fc\u015fman duruyor: Kaos y\u0131lan\u0131 Apep.   G\u00f6ky\u00fcz\u00fc Evi\u2019nin yok edilmesinin ard\u0131ndan d\u00fcnyaya s\u0131\u011f\u0131nan tanr\u0131lar ve tanr\u0131\u00e7alar Ayliz\u2019le birlikte en b\u00fcy\u00fck sava\u015flar\u0131n\u0131 vereceklerdir. \u0130hanetler, s\u0131rlar, as\u0131rlarca gizlenen ger\u00e7ekler nihayet g\u00fcn y\u00fcz\u00fcne \u00e7\u0131kt\u0131\u011f\u0131nda herkes kendi pay\u0131na d\u00fc\u015fen kaderi ya\u015fayacakt\u0131r.   Ayliz bir yandan ezel\u00ee d\u00fc\u015fman\u0131na kar\u015f\u0131 a\u00e7t\u0131\u011f\u0131 sava\u015f\u0131 kazanmak u\u011fruna Aytun\u2019la birlikte s\u0131n\u0131rlar\u0131n\u0131 zorlarken bir yandan da kendini kara b\u00fcy\u00fcn\u00fcn zalim ama\u00e7lar\u0131na alet olmu\u015fken bulur. Kaderi de\u011fi\u015ftirmenin bedelinin ne kadar a\u011f\u0131r oldu\u011funu \u00f6\u011frendi\u011finde d\u00fcnyay\u0131 kurtar\u0131rken kendini kurtarman\u0131n da bir yolunu bulabilecek midir? <\/p>\n","protected":false},"excerpt":{"rendered":"<p>Piramit serisinin final kitab\u0131nda, Ayliz\u2019in ve t\u00fcm d\u00fcnyan\u0131n kar\u015f\u0131s\u0131nda bug\u00fcne dek g\u00f6rd\u00fckleri en tehlikeli d\u00fc\u015fman duruyor: Kaos y\u0131lan\u0131 Apep. G\u00f6ky\u00fcz\u00fc Evi\u2019nin yok edilmesinin ard\u0131ndan d\u00fcnyaya s\u0131\u011f\u0131nan<span class=\"excerpt-hellip\"> [\u2026]<\/span><\/p>\n","protected":false},"featured_media":0,"template":"","meta":{"_monsterinsights_skip_tracking":false,"_monsterinsights_sitenote_active":false,"_monsterinsights_sitenote_note":"","_monsterinsights_sitenote_category":0},"product_brand":[],"product_cat":[12291,12711],"product_tag":[],"class_list":{"0":"post-764391","1":"product","2":"type-product","3":"status-publish","5":"product_cat-edebiyat","6":"product_cat-roman-oyku","7":"pa_cilt-ciltli","8":"pa_tur-kitap","9":"pa_yayinevi-ephesus-yayinlari","10":"pa_yazar-gamze-celik","12":"first","13":"instock","14":"sale","15":"shipping-taxable","16":"purchasable","17":"product-type-simple"},"_links":{"self":[{"href":"https:\/\/roveyayinevi.com.tr\/index.php\/wp-json\/wp\/v2\/product\/764391","targetHints":{"allow":["GET"]}}],"collection":[{"href":"https:\/\/roveyayinevi.com.tr\/index.php\/wp-json\/wp\/v2\/product"}],"about":[{"href":"https:\/\/roveyayinevi.com.tr\/index.php\/wp-json\/wp\/v2\/types\/product"}],"wp:attachment":[{"href":"https:\/\/roveyayinevi.com.tr\/index.php\/wp-json\/wp\/v2\/media?parent=764391"}],"wp:term":[{"taxonomy":"product_brand","embeddable":true,"href":"https:\/\/roveyayinevi.com.tr\/index.php\/wp-json\/wp\/v2\/product_brand?post=764391"},{"taxonomy":"product_cat","embeddable":true,"href":"https:\/\/roveyayinevi.com.tr\/index.php\/wp-json\/wp\/v2\/product_cat?post=764391"},{"taxonomy":"product_tag","embeddable":true,"href":"https:\/\/roveyayinevi.com.tr\/index.php\/wp-json\/wp\/v2\/product_tag?post=764391"}],"curies":[{"name":"wp","href":"https:\/\/api.w.org\/{rel}","templated":true}]}}