{"id":764389,"date":"2025-08-28T11:09:03","date_gmt":"2025-08-28T08:09:03","guid":{"rendered":"https:\/\/roveyayinevi.com.tr\/index.php\/urun\/numeroloji-ve-ask\/"},"modified":"2026-04-15T03:30:17","modified_gmt":"2026-04-15T00:30:17","slug":"numeroloji-ve-ask","status":"publish","type":"product","link":"https:\/\/roveyayinevi.com.tr\/index.php\/urun\/numeroloji-ve-ask\/","title":{"rendered":"Numeroloji ve A\u015fk"},"content":{"rendered":"<p>Numerolog Melis Aygen\u2019in kapsaml\u0131 birer rehber olarak haz\u0131rlad\u0131\u011f\u0131 Numeroloji Kitab\u0131 ve \u0130leri Seviye Numeroloji\u2019den sonra kadim numeroloji ilmini bir ad\u0131m daha \u00f6teye ta\u015f\u0131yan Numeroloji ve A\u015fk sayesinde bu kez say\u0131lar\u0131n g\u00fcc\u00fcn\u00fc a\u015fk, ili\u015fkiler ve evlilik \u00e7at\u0131s\u0131 alt\u0131nda ke\u015ffediyoruz.Numeroloji ilminin perspektifinden ili\u015fkinin\/evlili\u011fin matematiksel form\u00fclleri ortaya d\u00f6k\u00fcld\u00fc\u011f\u00fcnde; her iki taraf\u0131n bak\u0131\u015f a\u00e7\u0131s\u0131 ve ge\u00e7ti\u011fi s\u00fcre\u00e7ler fark edildi\u011finde kal\u0131c\u0131 birliktelik ve s\u00fcrd\u00fcr\u00fclebilir a\u015fk ke\u015ffedilebilir, ili\u015fkilerin uzun vadede de\u011ferlendirilmesine ili\u015fkin ipu\u00e7lar\u0131 sa\u011flanabilir.Numeroloji ilmi arac\u0131l\u0131\u011f\u0131yla; hayat\u0131n\u0131zdaki say\u0131lar\u0131n anlamlar\u0131n\u0131n ili\u015fkinizi, a\u015fk\u0131n\u0131z\u0131 ve evlili\u011finizi nas\u0131l etkileyece\u011fini; birbirinizi nas\u0131l sevdi\u011finizi; sorunlar\u0131n\u0131z\u0131 nas\u0131l \u00e7\u00f6z\u00fcp iyile\u015fece\u011finizi; farkl\u0131l\u0131klar\u0131n\u0131z\u0131 ele almak i\u00e7in hangi stratejileri tercih edebilece\u011finizi; g\u00fc\u00e7l\u00fc ve zay\u0131f y\u00f6nlerinizin bilincinde birbirinizi nas\u0131l geli\u015ftirece\u011finizi ve nas\u0131l uyumlu olabilece\u011finizi \u00f6rneklerle a\u00e7\u0131klayan bu kitapta, hem mevcut ili\u015fkilerinizi de\u011ferlendirebilecek hem de gelecek ili\u015fkilerinizdeki \u00f6ng\u00f6r\u00fcleriniz konusunda destek alacak ve ba\u015fkalar\u0131na da rehberlik edebileceksiniz.Uyumlu ve sa\u011fl\u0131kl\u0131 ili\u015fkiler i\u00e7in k\u0131lavuzunuz say\u0131lar olsun\u2026<\/p>\n","protected":false},"excerpt":{"rendered":"<p>Numerolog Melis Aygen\u2019in kapsaml\u0131 birer rehber olarak haz\u0131rlad\u0131\u011f\u0131 Numeroloji Kitab\u0131 ve \u0130leri Seviye Numeroloji\u2019den sonra kadim numeroloji ilmini bir ad\u0131m daha \u00f6teye ta\u015f\u0131yan Numeroloji ve A\u015fk<span class=\"excerpt-hellip\"> [\u2026]<\/span><\/p>\n","protected":false},"featured_media":0,"template":"","meta":{"_monsterinsights_skip_tracking":false,"_monsterinsights_sitenote_active":false,"_monsterinsights_sitenote_note":"","_monsterinsights_sitenote_category":0},"product_brand":[],"product_cat":[12364,12376],"product_tag":[],"class_list":{"0":"post-764389","1":"product","2":"type-product","3":"status-publish","5":"product_cat-genel-konular","6":"product_cat-kisisel-gelisim","7":"pa_cilt-ciltsiz","8":"pa_tur-kitap","9":"pa_yayinevi-pika-yayinevi","10":"pa_yazar-melis-aygen","12":"first","13":"instock","14":"sale","15":"shipping-taxable","16":"purchasable","17":"product-type-simple"},"_links":{"self":[{"href":"https:\/\/roveyayinevi.com.tr\/index.php\/wp-json\/wp\/v2\/product\/764389","targetHints":{"allow":["GET"]}}],"collection":[{"href":"https:\/\/roveyayinevi.com.tr\/index.php\/wp-json\/wp\/v2\/product"}],"about":[{"href":"https:\/\/roveyayinevi.com.tr\/index.php\/wp-json\/wp\/v2\/types\/product"}],"wp:attachment":[{"href":"https:\/\/roveyayinevi.com.tr\/index.php\/wp-json\/wp\/v2\/media?parent=764389"}],"wp:term":[{"taxonomy":"product_brand","embeddable":true,"href":"https:\/\/roveyayinevi.com.tr\/index.php\/wp-json\/wp\/v2\/product_brand?post=764389"},{"taxonomy":"product_cat","embeddable":true,"href":"https:\/\/roveyayinevi.com.tr\/index.php\/wp-json\/wp\/v2\/product_cat?post=764389"},{"taxonomy":"product_tag","embeddable":true,"href":"https:\/\/roveyayinevi.com.tr\/index.php\/wp-json\/wp\/v2\/product_tag?post=764389"}],"curies":[{"name":"wp","href":"https:\/\/api.w.org\/{rel}","templated":true}]}}