{"id":764386,"date":"2025-08-28T11:08:57","date_gmt":"2025-08-28T08:08:57","guid":{"rendered":"https:\/\/roveyayinevi.com.tr\/index.php\/urun\/plastige-hayir-de-daha-az-plastik-kullanmanin-101-kolay-yolu\/"},"modified":"2026-04-15T03:30:16","modified_gmt":"2026-04-15T00:30:16","slug":"plastige-hayir-de-daha-az-plastik-kullanmanin-101-kolay-yolu","status":"publish","type":"product","link":"https:\/\/roveyayinevi.com.tr\/index.php\/urun\/plastige-hayir-de-daha-az-plastik-kullanmanin-101-kolay-yolu\/","title":{"rendered":"Plasti\u011fe Hay\u0131r De! &#8211; Daha Az Plastik Kullanman\u0131n 101 Kolay Yolu"},"content":{"rendered":"<p>Plastik konusunda \u00e7evresel bir kriz noktas\u0131na ula\u015ft\u0131k ve eyleme ge\u00e7me zaman\u0131 geldi. Peki, ya\u015fam tarz\u0131n\u0131zda radikal de\u011fi\u015fiklikler yapmadan olumlu etki yaratmak m\u00fcmk\u00fcn m\u00fc? Kesinlikle! Bu kullan\u0131\u015fl\u0131 kitap, plastik yerine kullanabilece\u011finiz \u00e7evre dostu se\u00e7enekler sunuyor. \u0130\u00e7inde plastik t\u00fcketiminizi ciddi bi\u00e7imde azaltman\u0131za yard\u0131mc\u0131 olacak b\u00fct\u00e7eye uygun, genel kullan\u0131ma hitap eden ve kendiniz yapabilece\u011finiz se\u00e7enekler de bulunuyor. Daha az plastik kullanman\u0131n 101 kolay yolu ile ilk ad\u0131m\u0131 kolayca atabilecek ve fark yaratacaks\u0131n\u0131z. <\/p>\n","protected":false},"excerpt":{"rendered":"<p>Plastik konusunda \u00e7evresel bir kriz noktas\u0131na ula\u015ft\u0131k ve eyleme ge\u00e7me zaman\u0131 geldi. Peki, ya\u015fam tarz\u0131n\u0131zda radikal de\u011fi\u015fiklikler yapmadan olumlu etki yaratmak m\u00fcmk\u00fcn m\u00fc? Kesinlikle! Bu kullan\u0131\u015fl\u0131<span class=\"excerpt-hellip\"> [\u2026]<\/span><\/p>\n","protected":false},"featured_media":0,"template":"","meta":{"_monsterinsights_skip_tracking":false,"_monsterinsights_sitenote_active":false,"_monsterinsights_sitenote_note":"","_monsterinsights_sitenote_category":0},"product_brand":[],"product_cat":[23323,12364],"product_tag":[],"class_list":{"0":"post-764386","1":"product","2":"type-product","3":"status-publish","5":"product_cat-ekoloji","6":"product_cat-genel-konular","7":"pa_cilt-ciltsiz","8":"pa_tur-kitap","9":"pa_yayinevi-pika-yayinevi","10":"pa_yazar-harriet-dyer","12":"first","13":"instock","14":"sale","15":"shipping-taxable","16":"purchasable","17":"product-type-simple"},"_links":{"self":[{"href":"https:\/\/roveyayinevi.com.tr\/index.php\/wp-json\/wp\/v2\/product\/764386","targetHints":{"allow":["GET"]}}],"collection":[{"href":"https:\/\/roveyayinevi.com.tr\/index.php\/wp-json\/wp\/v2\/product"}],"about":[{"href":"https:\/\/roveyayinevi.com.tr\/index.php\/wp-json\/wp\/v2\/types\/product"}],"wp:attachment":[{"href":"https:\/\/roveyayinevi.com.tr\/index.php\/wp-json\/wp\/v2\/media?parent=764386"}],"wp:term":[{"taxonomy":"product_brand","embeddable":true,"href":"https:\/\/roveyayinevi.com.tr\/index.php\/wp-json\/wp\/v2\/product_brand?post=764386"},{"taxonomy":"product_cat","embeddable":true,"href":"https:\/\/roveyayinevi.com.tr\/index.php\/wp-json\/wp\/v2\/product_cat?post=764386"},{"taxonomy":"product_tag","embeddable":true,"href":"https:\/\/roveyayinevi.com.tr\/index.php\/wp-json\/wp\/v2\/product_tag?post=764386"}],"curies":[{"name":"wp","href":"https:\/\/api.w.org\/{rel}","templated":true}]}}