{"id":764384,"date":"2025-08-28T11:08:54","date_gmt":"2025-08-28T08:08:54","guid":{"rendered":"https:\/\/roveyayinevi.com.tr\/index.php\/urun\/sanat-tarihinde-ilkler-ciltli\/"},"modified":"2026-04-15T03:30:16","modified_gmt":"2026-04-15T00:30:16","slug":"sanat-tarihinde-ilkler-ciltli","status":"publish","type":"product","link":"https:\/\/roveyayinevi.com.tr\/index.php\/urun\/sanat-tarihinde-ilkler-ciltli\/","title":{"rendered":"Sanat Tarihinde \u0130lkler (Ciltli)"},"content":{"rendered":"<p>\u0130lk g\u00fcl\u00fcmsemeyi kim resmetti? Sanat\u0131n ilk \u00f6p\u00fcc\u00fc\u011f\u00fc ne zamand\u0131? \u00c7ocuklar\u0131 g\u00fcndelik oyunlar\u0131nda r esmetmek ilk kimin a kl\u0131na gelmi\u015fti? Sanat tarihine yenilik\u00e7i bir bak\u0131\u015f a\u00e7\u0131s\u0131 sunan Sanat Tarihinde \u0130lkler devrim niteli\u011findeki 30 eserin analizini sunup ortaya \u00e7\u0131k\u0131\u015f nedenlerinin ve etkilerinin d\u00fcnyaya nas\u0131l yay\u0131ld\u0131\u011f\u0131n\u0131n izini s\u00fcr\u00fcyor. \u0130lk feminist eserden en pahal\u0131 tabloya kadar d\u00fcnyan\u0131n en iyi resimlerinin yer ald\u0131\u011f\u0131 bu kitap, en tart\u0131\u015fmal\u0131 ve en yarat\u0131c\u0131 haliyle sanat\u0131n \u00f6yk\u00fcs\u00fc! <\/p>\n","protected":false},"excerpt":{"rendered":"<p>\u0130lk g\u00fcl\u00fcmsemeyi kim resmetti? Sanat\u0131n ilk \u00f6p\u00fcc\u00fc\u011f\u00fc ne zamand\u0131? \u00c7ocuklar\u0131 g\u00fcndelik oyunlar\u0131nda r esmetmek ilk kimin a kl\u0131na gelmi\u015fti? Sanat tarihine yenilik\u00e7i bir bak\u0131\u015f a\u00e7\u0131s\u0131 sunan<span class=\"excerpt-hellip\"> [\u2026]<\/span><\/p>\n","protected":false},"featured_media":0,"template":"","meta":{"_monsterinsights_skip_tracking":false,"_monsterinsights_sitenote_active":false,"_monsterinsights_sitenote_note":"","_monsterinsights_sitenote_category":0},"product_brand":[],"product_cat":[13548,12408],"product_tag":[],"class_list":{"0":"post-764384","1":"product","2":"type-product","3":"status-publish","5":"product_cat-kuram","6":"product_cat-sanat","7":"pa_cilt-ciltli","8":"pa_tur-kitap","9":"pa_yayinevi-hep-kitap","10":"pa_yazar-nick-trend","12":"first","13":"instock","14":"sale","15":"shipping-taxable","16":"purchasable","17":"product-type-simple"},"_links":{"self":[{"href":"https:\/\/roveyayinevi.com.tr\/index.php\/wp-json\/wp\/v2\/product\/764384","targetHints":{"allow":["GET"]}}],"collection":[{"href":"https:\/\/roveyayinevi.com.tr\/index.php\/wp-json\/wp\/v2\/product"}],"about":[{"href":"https:\/\/roveyayinevi.com.tr\/index.php\/wp-json\/wp\/v2\/types\/product"}],"wp:attachment":[{"href":"https:\/\/roveyayinevi.com.tr\/index.php\/wp-json\/wp\/v2\/media?parent=764384"}],"wp:term":[{"taxonomy":"product_brand","embeddable":true,"href":"https:\/\/roveyayinevi.com.tr\/index.php\/wp-json\/wp\/v2\/product_brand?post=764384"},{"taxonomy":"product_cat","embeddable":true,"href":"https:\/\/roveyayinevi.com.tr\/index.php\/wp-json\/wp\/v2\/product_cat?post=764384"},{"taxonomy":"product_tag","embeddable":true,"href":"https:\/\/roveyayinevi.com.tr\/index.php\/wp-json\/wp\/v2\/product_tag?post=764384"}],"curies":[{"name":"wp","href":"https:\/\/api.w.org\/{rel}","templated":true}]}}