{"id":764380,"date":"2025-08-28T11:08:46","date_gmt":"2025-08-28T08:08:46","guid":{"rendered":"https:\/\/roveyayinevi.com.tr\/index.php\/urun\/keske-tum-sevdiklerim-de-okusa-dediginiz-kitap\/"},"modified":"2026-04-15T03:30:16","modified_gmt":"2026-04-15T00:30:16","slug":"keske-tum-sevdiklerim-de-okusa-dediginiz-kitap","status":"publish","type":"product","link":"https:\/\/roveyayinevi.com.tr\/index.php\/urun\/keske-tum-sevdiklerim-de-okusa-dediginiz-kitap\/","title":{"rendered":"Ke\u015fke T\u00fcm Sevdiklerim De Okusa Dedi\u011finiz Kitap"},"content":{"rendered":"<p>Ya\u015fam ili\u015fkilerden ve bu ili\u015fkiler arac\u0131l\u0131\u011f\u0131yla kurulan ba\u011flar\u0131n niteli\u011finden ibaret. Aile, partnerler, dostlar, i\u015f arkada\u015flar\u0131 ve her \u015feyden \u00f6nce kendiniz\u2026 Bu ili\u015fkileri y\u00fcr\u00fctebildi\u011finiz m\u00fcddet\u00e7e kar\u015f\u0131n\u0131za \u00e7\u0131kan her sorunun \u00fcstesinden kolayca gelebilirsiniz. \u0130\u015fte bu bilgelik dolu kitapta Philippa Perry tam da bunu ba\u015farman\u0131z\u0131 sa\u011flayacak tavsiyelerde bulunuyor. A\u015fk\u0131 nas\u0131l bulur ve s\u00fcrd\u00fcr\u00fcrs\u00fcn\u00fcz? Tart\u0131\u015fmalar\u0131 nas\u0131l idare etmelisiniz? De\u011fi\u015fim ve kay\u0131pla ba\u015fa \u00e7\u0131kman\u0131n yollar\u0131 nelerdir? Rahats\u0131z edici olan di\u011fer insanlar m\u0131 yoksa as\u0131l problem siz misiniz? Philippa Perry hem d\u00fcnyada hem de T\u00fcrkiye\u2019de ad\u0131ndan s\u0131k\u00e7a bahsettiren kitab\u0131 Ke\u015fke Anne Babam da Okusayd\u0131 Dedi\u011finiz Kitap\u2019tan sonra Ke\u015fke T\u00fcm Sevdiklerim de Okusa Dedi\u011finiz Kitap ile bu zor sorulara, sizi daha mutlu ve daha bilge bir insana d\u00f6n\u00fc\u015ft\u00fcrecek cevaplar veriyor.<\/p>\n","protected":false},"excerpt":{"rendered":"<p>Ya\u015fam ili\u015fkilerden ve bu ili\u015fkiler arac\u0131l\u0131\u011f\u0131yla kurulan ba\u011flar\u0131n niteli\u011finden ibaret. Aile, partnerler, dostlar, i\u015f arkada\u015flar\u0131 ve her \u015feyden \u00f6nce kendiniz\u2026 Bu ili\u015fkileri y\u00fcr\u00fctebildi\u011finiz m\u00fcddet\u00e7e kar\u015f\u0131n\u0131za \u00e7\u0131kan<span class=\"excerpt-hellip\"> [\u2026]<\/span><\/p>\n","protected":false},"featured_media":0,"template":"","meta":{"_monsterinsights_skip_tracking":false,"_monsterinsights_sitenote_active":false,"_monsterinsights_sitenote_note":"","_monsterinsights_sitenote_category":0},"product_brand":[],"product_cat":[20502,12357],"product_tag":[],"class_list":{"0":"post-764380","1":"product","2":"type-product","3":"status-publish","5":"product_cat-basvuru-kitaplari-psikoloji","6":"product_cat-psikoloji","7":"pa_cilt-ciltsiz","8":"pa_tur-kitap","9":"pa_yayinevi-hep-kitap","10":"pa_yazar-philippa-perry","12":"first","13":"instock","14":"sale","15":"shipping-taxable","16":"purchasable","17":"product-type-simple"},"_links":{"self":[{"href":"https:\/\/roveyayinevi.com.tr\/index.php\/wp-json\/wp\/v2\/product\/764380","targetHints":{"allow":["GET"]}}],"collection":[{"href":"https:\/\/roveyayinevi.com.tr\/index.php\/wp-json\/wp\/v2\/product"}],"about":[{"href":"https:\/\/roveyayinevi.com.tr\/index.php\/wp-json\/wp\/v2\/types\/product"}],"wp:attachment":[{"href":"https:\/\/roveyayinevi.com.tr\/index.php\/wp-json\/wp\/v2\/media?parent=764380"}],"wp:term":[{"taxonomy":"product_brand","embeddable":true,"href":"https:\/\/roveyayinevi.com.tr\/index.php\/wp-json\/wp\/v2\/product_brand?post=764380"},{"taxonomy":"product_cat","embeddable":true,"href":"https:\/\/roveyayinevi.com.tr\/index.php\/wp-json\/wp\/v2\/product_cat?post=764380"},{"taxonomy":"product_tag","embeddable":true,"href":"https:\/\/roveyayinevi.com.tr\/index.php\/wp-json\/wp\/v2\/product_tag?post=764380"}],"curies":[{"name":"wp","href":"https:\/\/api.w.org\/{rel}","templated":true}]}}