{"id":764376,"date":"2025-08-28T11:08:40","date_gmt":"2025-08-28T08:08:40","guid":{"rendered":"https:\/\/roveyayinevi.com.tr\/index.php\/urun\/sekere-hayir-de-sekeri-hayatinizdan-cikarmak-icin-ipuclari-ve-kolay-tarifler\/"},"modified":"2026-04-15T03:30:16","modified_gmt":"2026-04-15T00:30:16","slug":"sekere-hayir-de-sekeri-hayatinizdan-cikarmak-icin-ipuclari-ve-kolay-tarifler","status":"publish","type":"product","link":"https:\/\/roveyayinevi.com.tr\/index.php\/urun\/sekere-hayir-de-sekeri-hayatinizdan-cikarmak-icin-ipuclari-ve-kolay-tarifler\/","title":{"rendered":"\u015eekere Hay\u0131r De! \u015eekeri Hayat\u0131n\u0131zdan \u00c7\u0131karmak i\u00e7in \u0130pu\u00e7lar\u0131 ve Kolay Tarifler"},"content":{"rendered":"<p>\u015eekeri hayat\u0131n\u0131zdan \u00e7\u0131karmak hi\u00e7 bu kadar kolay olmam\u0131\u015ft\u0131!Ho\u015fg\u00f6r\u00fcl\u00fc \u00e7ikolatal\u0131 keklerden, g\u00f6r\u00fcn\u00fc\u015fte masum meyve sular\u0131na kadar tatl\u0131 \u015feyler her yerdedir ve onlardan ka\u00e7\u0131nmak imk\u00e2ns\u0131zd\u0131r. Ancak bu kitap, size \u015fekerden ba\u011f\u0131ms\u0131z bir ya\u015fam oldu\u011funu ve tatl\u0131 ikramlar\u0131n neden olabilece\u011fi gizli tehlikelerden ka\u00e7\u0131n\u0131rken hem doyurucu hem de lezzetli bir yeme al\u0131\u015fkanl\u0131\u011f\u0131 geli\u015ftirebilece\u011finizi g\u00f6stermek i\u00e7in burada. Beslenme ipu\u00e7lar\u0131, \u015feker al\u0131m\u0131n\u0131z\u0131 nas\u0131l azaltaca\u011f\u0131n\u0131za dair g\u00fcvenilir tavsiyeler, ya\u015fam tarz\u0131 t\u00fcyolar\u0131 ve a\u011f\u0131z suland\u0131ran \u015fekersiz tariflerle dolu bu pratik kitap, size daha iyi beslenme se\u00e7imleri yapmak ve \u015fekere sonsuza dek hay\u0131r demek i\u00e7in ihtiyac\u0131n\u0131z olan her \u015feyi veriyor.  <\/p>\n","protected":false},"excerpt":{"rendered":"<p>\u015eekeri hayat\u0131n\u0131zdan \u00e7\u0131karmak hi\u00e7 bu kadar kolay olmam\u0131\u015ft\u0131!Ho\u015fg\u00f6r\u00fcl\u00fc \u00e7ikolatal\u0131 keklerden, g\u00f6r\u00fcn\u00fc\u015fte masum meyve sular\u0131na kadar tatl\u0131 \u015feyler her yerdedir ve onlardan ka\u00e7\u0131nmak imk\u00e2ns\u0131zd\u0131r. Ancak bu kitap,<span class=\"excerpt-hellip\"> [\u2026]<\/span><\/p>\n","protected":false},"featured_media":0,"template":"","meta":{"_monsterinsights_skip_tracking":false,"_monsterinsights_sitenote_active":false,"_monsterinsights_sitenote_note":"","_monsterinsights_sitenote_category":0},"product_brand":[],"product_cat":[23323,12364],"product_tag":[],"class_list":{"0":"post-764376","1":"product","2":"type-product","3":"status-publish","5":"product_cat-ekoloji","6":"product_cat-genel-konular","7":"pa_cilt-ciltsiz","8":"pa_tur-kitap","9":"pa_yayinevi-pika-yayinevi","10":"pa_yazar-katherine-bassford","12":"first","13":"instock","14":"sale","15":"shipping-taxable","16":"purchasable","17":"product-type-simple"},"_links":{"self":[{"href":"https:\/\/roveyayinevi.com.tr\/index.php\/wp-json\/wp\/v2\/product\/764376","targetHints":{"allow":["GET"]}}],"collection":[{"href":"https:\/\/roveyayinevi.com.tr\/index.php\/wp-json\/wp\/v2\/product"}],"about":[{"href":"https:\/\/roveyayinevi.com.tr\/index.php\/wp-json\/wp\/v2\/types\/product"}],"wp:attachment":[{"href":"https:\/\/roveyayinevi.com.tr\/index.php\/wp-json\/wp\/v2\/media?parent=764376"}],"wp:term":[{"taxonomy":"product_brand","embeddable":true,"href":"https:\/\/roveyayinevi.com.tr\/index.php\/wp-json\/wp\/v2\/product_brand?post=764376"},{"taxonomy":"product_cat","embeddable":true,"href":"https:\/\/roveyayinevi.com.tr\/index.php\/wp-json\/wp\/v2\/product_cat?post=764376"},{"taxonomy":"product_tag","embeddable":true,"href":"https:\/\/roveyayinevi.com.tr\/index.php\/wp-json\/wp\/v2\/product_tag?post=764376"}],"curies":[{"name":"wp","href":"https:\/\/api.w.org\/{rel}","templated":true}]}}