{"id":764374,"date":"2025-08-28T11:08:35","date_gmt":"2025-08-28T08:08:35","guid":{"rendered":"https:\/\/roveyayinevi.com.tr\/index.php\/urun\/kardesimin-sakladigi-kelimeler\/"},"modified":"2026-04-15T03:30:16","modified_gmt":"2026-04-15T00:30:16","slug":"kardesimin-sakladigi-kelimeler","status":"publish","type":"product","link":"https:\/\/roveyayinevi.com.tr\/index.php\/urun\/kardesimin-sakladigi-kelimeler\/","title":{"rendered":"Karde\u015fimin Saklad\u0131\u011f\u0131 Kelimeler"},"content":{"rendered":"<p>Hanna ad\u0131nda gen\u00e7 bir yazar \u0130zlanda\u2019n\u0131n bir kasabas\u0131na kitap yazmaya gelir. Orada liseden arkada\u015f\u0131 Tinna\u2019n\u0131n a\u011fabeyi Skorri\u2019yle kar\u015f\u0131la\u015f\u0131r. Aniden ge\u00e7mi\u015fin i\u00e7ine \u00e7ekilen Hanna, Skorri ile karde\u015finin b\u00fcy\u00fck s\u0131rr\u0131n\u0131 \u00f6\u011frenir. Tinna art\u0131k Berlin\u2019de ya\u015famaktad\u0131r ama arkas\u0131nda bir iz b\u0131rakmadan ortadan kaybolmu\u015f, s\u0131rr\u0131 da beraberinde g\u00f6t\u00fcrm\u00fc\u015ft\u00fcr. Skorri s\u0131rr\u0131n\u0131n karanl\u0131klarda kalmas\u0131 umuduyla karde\u015finin pe\u015fine d\u00fc\u015fer\u2026\u0130zlanda\u2019n\u0131n sevilen yazarlar\u0131ndan Halld\u00f3r Armand, karde\u015f ve aile ba\u011flar\u0131n\u0131n \u00e7arp\u0131kl\u0131\u011f\u0131n\u0131 etkileyici bir dille g\u00f6zler \u00f6n\u00fcne seriyor. Ailenin her bir \u00fcyesinin yas, su\u00e7luluk ve imk\u00e2ns\u0131z bir kefaret aray\u0131\u015f\u0131yla nas\u0131l m\u00fccadele etti\u011fini derinlemesine inceliyor. Arka planda varolu\u015fun anlam\u0131 \u00fczerine felsefi sorulardan olu\u015fan bir bulmaca yava\u015f yava\u015f tamamlan\u0131rken ortaya, hayat\u0131n en b\u00fcy\u00fck sorunlar\u0131n\u0131 ele alan nefes kesici bir roman \u00e7\u0131k\u0131yor <\/p>\n","protected":false},"excerpt":{"rendered":"<p>Hanna ad\u0131nda gen\u00e7 bir yazar \u0130zlanda\u2019n\u0131n bir kasabas\u0131na kitap yazmaya gelir. Orada liseden arkada\u015f\u0131 Tinna\u2019n\u0131n a\u011fabeyi Skorri\u2019yle kar\u015f\u0131la\u015f\u0131r. Aniden ge\u00e7mi\u015fin i\u00e7ine \u00e7ekilen Hanna, Skorri ile karde\u015finin<span class=\"excerpt-hellip\"> [\u2026]<\/span><\/p>\n","protected":false},"featured_media":0,"template":"","meta":{"_monsterinsights_skip_tracking":false,"_monsterinsights_sitenote_active":false,"_monsterinsights_sitenote_note":"","_monsterinsights_sitenote_category":0},"product_brand":[],"product_cat":[12291,12711],"product_tag":[],"class_list":{"0":"post-764374","1":"product","2":"type-product","3":"status-publish","5":"product_cat-edebiyat","6":"product_cat-roman-oyku","7":"pa_cilt-ciltsiz","8":"pa_tur-kitap","9":"pa_yayinevi-hep-kitap","10":"pa_yazar-halldor-armand","12":"first","13":"instock","14":"sale","15":"shipping-taxable","16":"purchasable","17":"product-type-simple"},"_links":{"self":[{"href":"https:\/\/roveyayinevi.com.tr\/index.php\/wp-json\/wp\/v2\/product\/764374","targetHints":{"allow":["GET"]}}],"collection":[{"href":"https:\/\/roveyayinevi.com.tr\/index.php\/wp-json\/wp\/v2\/product"}],"about":[{"href":"https:\/\/roveyayinevi.com.tr\/index.php\/wp-json\/wp\/v2\/types\/product"}],"wp:attachment":[{"href":"https:\/\/roveyayinevi.com.tr\/index.php\/wp-json\/wp\/v2\/media?parent=764374"}],"wp:term":[{"taxonomy":"product_brand","embeddable":true,"href":"https:\/\/roveyayinevi.com.tr\/index.php\/wp-json\/wp\/v2\/product_brand?post=764374"},{"taxonomy":"product_cat","embeddable":true,"href":"https:\/\/roveyayinevi.com.tr\/index.php\/wp-json\/wp\/v2\/product_cat?post=764374"},{"taxonomy":"product_tag","embeddable":true,"href":"https:\/\/roveyayinevi.com.tr\/index.php\/wp-json\/wp\/v2\/product_tag?post=764374"}],"curies":[{"name":"wp","href":"https:\/\/api.w.org\/{rel}","templated":true}]}}