{"id":764365,"date":"2025-08-28T11:08:17","date_gmt":"2025-08-28T08:08:17","guid":{"rendered":"https:\/\/roveyayinevi.com.tr\/index.php\/urun\/yemek-dedektifleri\/"},"modified":"2026-04-15T03:30:16","modified_gmt":"2026-04-15T00:30:16","slug":"yemek-dedektifleri","status":"publish","type":"product","link":"https:\/\/roveyayinevi.com.tr\/index.php\/urun\/yemek-dedektifleri\/","title":{"rendered":"Yemek Dedektifleri"},"content":{"rendered":"<p>Ge\u00e7mi\u015fte yedi\u011finiz ve tekrar yemeyi \u00e7ok istedi\u011finiz bir yemek var m\u0131? Kyoto\u2019daki sessiz bir sokakta, kimsenin fark etmedi\u011fi bir restoranda Koi\u015fi ve babas\u0131 Nagare m\u00fc\u015fterilere ola\u011fan\u00fcst\u00fc yemekler haz\u0131rl\u0131yorlar. Ama gelenlerin hevesle bir daha gelmesinin tek nedeni bu de\u011fil\u2026 Kendilerine \u201cyemek dedektifleri\u201d diyen baba k\u0131z m\u00fc\u015fterilerine i\u015ftah kabartan yemekler sunduktan sonra onlar\u0131n ge\u00e7mi\u015flerindeki o unutulmaz yeme\u011fi de bulup haz\u0131rl\u0131yor. Kimi zaman art\u0131k bu d\u00fcnyada olmayan birinin yapt\u0131\u011f\u0131 bir yeme\u011fin pe\u015fine d\u00fc\u015f\u00fcyorlar, kimi zaman \u00e7ok \u00f6nce kap\u0131lar\u0131n\u0131 kapam\u0131\u015f bir restoran\u0131n tariflerinin pe\u015fine. Japonya\u2019da ad\u0131ndan s\u0131k\u00e7a bahsettiren, d\u00fcnyada da pek \u00e7ok dile \u00e7evrilen kitap Yemek Dedektifleri\u2019nde okuru, ge\u00e7mi\u015fle bug\u00fcn\u00fc birbirine ba\u011flayan<\/p>\n","protected":false},"excerpt":{"rendered":"<p>Ge\u00e7mi\u015fte yedi\u011finiz ve tekrar yemeyi \u00e7ok istedi\u011finiz bir yemek var m\u0131? Kyoto\u2019daki sessiz bir sokakta, kimsenin fark etmedi\u011fi bir restoranda Koi\u015fi ve babas\u0131 Nagare m\u00fc\u015fterilere ola\u011fan\u00fcst\u00fc<span class=\"excerpt-hellip\"> [\u2026]<\/span><\/p>\n","protected":false},"featured_media":0,"template":"","meta":{"_monsterinsights_skip_tracking":false,"_monsterinsights_sitenote_active":false,"_monsterinsights_sitenote_note":"","_monsterinsights_sitenote_category":0},"product_brand":[],"product_cat":[12803,12291],"product_tag":[],"class_list":{"0":"post-764365","1":"product","2":"type-product","3":"status-publish","5":"product_cat-aksiyon-macera","6":"product_cat-edebiyat","7":"pa_cilt-ciltsiz","8":"pa_tur-kitap","9":"pa_yayinevi-hep-kitap","10":"pa_yazar-hisasi-kasivai","12":"first","13":"instock","14":"sale","15":"shipping-taxable","16":"purchasable","17":"product-type-simple"},"_links":{"self":[{"href":"https:\/\/roveyayinevi.com.tr\/index.php\/wp-json\/wp\/v2\/product\/764365","targetHints":{"allow":["GET"]}}],"collection":[{"href":"https:\/\/roveyayinevi.com.tr\/index.php\/wp-json\/wp\/v2\/product"}],"about":[{"href":"https:\/\/roveyayinevi.com.tr\/index.php\/wp-json\/wp\/v2\/types\/product"}],"wp:attachment":[{"href":"https:\/\/roveyayinevi.com.tr\/index.php\/wp-json\/wp\/v2\/media?parent=764365"}],"wp:term":[{"taxonomy":"product_brand","embeddable":true,"href":"https:\/\/roveyayinevi.com.tr\/index.php\/wp-json\/wp\/v2\/product_brand?post=764365"},{"taxonomy":"product_cat","embeddable":true,"href":"https:\/\/roveyayinevi.com.tr\/index.php\/wp-json\/wp\/v2\/product_cat?post=764365"},{"taxonomy":"product_tag","embeddable":true,"href":"https:\/\/roveyayinevi.com.tr\/index.php\/wp-json\/wp\/v2\/product_tag?post=764365"}],"curies":[{"name":"wp","href":"https:\/\/api.w.org\/{rel}","templated":true}]}}