{"id":764359,"date":"2025-08-28T11:08:08","date_gmt":"2025-08-28T08:08:08","guid":{"rendered":"https:\/\/roveyayinevi.com.tr\/index.php\/urun\/zurafa-pupa\/"},"modified":"2026-04-15T03:30:16","modified_gmt":"2026-04-15T00:30:16","slug":"zurafa-pupa","status":"publish","type":"product","link":"https:\/\/roveyayinevi.com.tr\/index.php\/urun\/zurafa-pupa\/","title":{"rendered":"Z\u00fcrafa Pupa"},"content":{"rendered":"<p>Pupa\u2019n\u0131n bir sorunu var: Boyunun bir z\u00fcrafa kadar uzun olmas\u0131! Asl\u0131nda belki de bu bir dezavantaj de\u011fildir ama tabii barda\u011f\u0131n neresinden bakt\u0131\u011f\u0131na ba\u011fl\u0131. Pupa\u2019n\u0131n annesinin ona anlatmak istedi\u011fi de tam olarak bu. \u00c7\u00fcnk\u00fc bazen \u00f6yle bir an gelir ki sevmedi\u011fimiz \u00f6zelliklerimiz bile asl\u0131nda bizim g\u00fcc\u00fcm\u00fcz olabilir. <\/p>\n","protected":false},"excerpt":{"rendered":"<p>Pupa\u2019n\u0131n bir sorunu var: Boyunun bir z\u00fcrafa kadar uzun olmas\u0131! Asl\u0131nda belki de bu bir dezavantaj de\u011fildir ama tabii barda\u011f\u0131n neresinden bakt\u0131\u011f\u0131na ba\u011fl\u0131. Pupa\u2019n\u0131n annesinin ona<span class=\"excerpt-hellip\"> [\u2026]<\/span><\/p>\n","protected":false},"featured_media":0,"template":"","meta":{"_monsterinsights_skip_tracking":false,"_monsterinsights_sitenote_active":false,"_monsterinsights_sitenote_note":"","_monsterinsights_sitenote_category":0},"product_brand":[],"product_cat":[12274,15842],"product_tag":[],"class_list":{"0":"post-764359","1":"product","2":"type-product","3":"status-publish","5":"product_cat-cocuk-ve-genclik-kitaplari","6":"product_cat-egitici-kitaplar","7":"pa_cilt-ciltsiz","8":"pa_tur-kitap","9":"pa_yayinevi-hep-kitap","10":"pa_yazar-zeynep-birsin","12":"first","13":"instock","14":"sale","15":"shipping-taxable","16":"purchasable","17":"product-type-simple"},"_links":{"self":[{"href":"https:\/\/roveyayinevi.com.tr\/index.php\/wp-json\/wp\/v2\/product\/764359","targetHints":{"allow":["GET"]}}],"collection":[{"href":"https:\/\/roveyayinevi.com.tr\/index.php\/wp-json\/wp\/v2\/product"}],"about":[{"href":"https:\/\/roveyayinevi.com.tr\/index.php\/wp-json\/wp\/v2\/types\/product"}],"wp:attachment":[{"href":"https:\/\/roveyayinevi.com.tr\/index.php\/wp-json\/wp\/v2\/media?parent=764359"}],"wp:term":[{"taxonomy":"product_brand","embeddable":true,"href":"https:\/\/roveyayinevi.com.tr\/index.php\/wp-json\/wp\/v2\/product_brand?post=764359"},{"taxonomy":"product_cat","embeddable":true,"href":"https:\/\/roveyayinevi.com.tr\/index.php\/wp-json\/wp\/v2\/product_cat?post=764359"},{"taxonomy":"product_tag","embeddable":true,"href":"https:\/\/roveyayinevi.com.tr\/index.php\/wp-json\/wp\/v2\/product_tag?post=764359"}],"curies":[{"name":"wp","href":"https:\/\/api.w.org\/{rel}","templated":true}]}}