{"id":764357,"date":"2025-08-28T11:08:04","date_gmt":"2025-08-28T08:08:04","guid":{"rendered":"https:\/\/roveyayinevi.com.tr\/index.php\/urun\/gorunmez-seyler\/"},"modified":"2026-04-15T03:30:16","modified_gmt":"2026-04-15T00:30:16","slug":"gorunmez-seyler","status":"publish","type":"product","link":"https:\/\/roveyayinevi.com.tr\/index.php\/urun\/gorunmez-seyler\/","title":{"rendered":"G\u00f6r\u00fcnmez \u015eeyler"},"content":{"rendered":"<p>Sihirli bir g\u00f6zl\u00fck tak\u0131p duygular\u0131, fikirleri ve d\u00fcnyam\u0131z\u0131 saran di\u011fer g\u00f6r\u00fcnmez \u015feyleri g\u00f6rebilsek b\u00fct\u00fcn bunlar neye benzerdi? Ya\u015fam deneyimimizi zenginle\u015ftiren g\u00f6r\u00fcnmez \u015feylerin bu yarat\u0131c\u0131 ke\u015ffi, bizi g\u00f6r\u00fcnenin \u00f6tesine bakmaya ve g\u00f6zle g\u00f6r\u00fclmeyen \u015feylerle ba\u011f kurmaya davet ediyor.<\/p>\n","protected":false},"excerpt":{"rendered":"<p>Sihirli bir g\u00f6zl\u00fck tak\u0131p duygular\u0131, fikirleri ve d\u00fcnyam\u0131z\u0131 saran di\u011fer g\u00f6r\u00fcnmez \u015feyleri g\u00f6rebilsek b\u00fct\u00fcn bunlar neye benzerdi? Ya\u015fam deneyimimizi zenginle\u015ftiren g\u00f6r\u00fcnmez \u015feylerin bu yarat\u0131c\u0131 ke\u015ffi, bizi<span class=\"excerpt-hellip\"> [\u2026]<\/span><\/p>\n","protected":false},"featured_media":0,"template":"","meta":{"_monsterinsights_skip_tracking":false,"_monsterinsights_sitenote_active":false,"_monsterinsights_sitenote_note":"","_monsterinsights_sitenote_category":0},"product_brand":[],"product_cat":[12274,15842],"product_tag":[],"class_list":{"0":"post-764357","1":"product","2":"type-product","3":"status-publish","5":"product_cat-cocuk-ve-genclik-kitaplari","6":"product_cat-egitici-kitaplar","7":"pa_cilt-ciltsiz","8":"pa_tur-kitap","9":"pa_yayinevi-hep-kitap","10":"pa_yazar-andy-j-pizza-sophie-miller","12":"first","13":"instock","14":"sale","15":"shipping-taxable","16":"purchasable","17":"product-type-simple"},"_links":{"self":[{"href":"https:\/\/roveyayinevi.com.tr\/index.php\/wp-json\/wp\/v2\/product\/764357","targetHints":{"allow":["GET"]}}],"collection":[{"href":"https:\/\/roveyayinevi.com.tr\/index.php\/wp-json\/wp\/v2\/product"}],"about":[{"href":"https:\/\/roveyayinevi.com.tr\/index.php\/wp-json\/wp\/v2\/types\/product"}],"wp:attachment":[{"href":"https:\/\/roveyayinevi.com.tr\/index.php\/wp-json\/wp\/v2\/media?parent=764357"}],"wp:term":[{"taxonomy":"product_brand","embeddable":true,"href":"https:\/\/roveyayinevi.com.tr\/index.php\/wp-json\/wp\/v2\/product_brand?post=764357"},{"taxonomy":"product_cat","embeddable":true,"href":"https:\/\/roveyayinevi.com.tr\/index.php\/wp-json\/wp\/v2\/product_cat?post=764357"},{"taxonomy":"product_tag","embeddable":true,"href":"https:\/\/roveyayinevi.com.tr\/index.php\/wp-json\/wp\/v2\/product_tag?post=764357"}],"curies":[{"name":"wp","href":"https:\/\/api.w.org\/{rel}","templated":true}]}}