{"id":764340,"date":"2025-08-28T11:07:38","date_gmt":"2025-08-28T08:07:38","guid":{"rendered":"https:\/\/roveyayinevi.com.tr\/index.php\/urun\/atiga-hayir-de-daha-az-atik-cikarmanin-101-kolay-yolu\/"},"modified":"2026-04-15T03:30:15","modified_gmt":"2026-04-15T00:30:15","slug":"atiga-hayir-de-daha-az-atik-cikarmanin-101-kolay-yolu","status":"publish","type":"product","link":"https:\/\/roveyayinevi.com.tr\/index.php\/urun\/atiga-hayir-de-daha-az-atik-cikarmanin-101-kolay-yolu\/","title":{"rendered":"At\u0131\u011fa Hay\u0131r De! &#8211; Daha Az At\u0131k \u00c7\u0131karman\u0131n 101 Kolay Yolu"},"content":{"rendered":"<p>Ya\u015fam tarz\u0131n\u0131z\u0131 k\u00f6kten de\u011fi\u015ftirmeden de olumlu farklar yaratabilirsiniz. Bu kullan\u0131\u015fl\u0131 kitap, at\u0131\u011f\u0131 azaltmak i\u00e7in \u00f6neriler sunuyor. Bu \u00f6nerilerin i\u00e7inde gereksiz ambalajdan kurtulman\u0131n, eskimi\u015f ev e\u015fyalar\u0131n\u0131 onarman\u0131n ya da geri d\u00f6n\u00fc\u015ft\u00fcrmenin ve g\u0131da israf\u0131n\u0131 ciddi bir \u015fekilde azaltman\u0131n yollar\u0131 da var. Daha az at\u0131k \u00e7\u0131karman\u0131n 101 basit yoluyla, ilk ad\u0131mlar\u0131n\u0131z\u0131 kolayca atacak ve fark yaratacaks\u0131n\u0131z. <\/p>\n","protected":false},"excerpt":{"rendered":"<p>Ya\u015fam tarz\u0131n\u0131z\u0131 k\u00f6kten de\u011fi\u015ftirmeden de olumlu farklar yaratabilirsiniz. Bu kullan\u0131\u015fl\u0131 kitap, at\u0131\u011f\u0131 azaltmak i\u00e7in \u00f6neriler sunuyor. Bu \u00f6nerilerin i\u00e7inde gereksiz ambalajdan kurtulman\u0131n, eskimi\u015f ev e\u015fyalar\u0131n\u0131 onarman\u0131n<span class=\"excerpt-hellip\"> [\u2026]<\/span><\/p>\n","protected":false},"featured_media":0,"template":"","meta":{"_monsterinsights_skip_tracking":false,"_monsterinsights_sitenote_active":false,"_monsterinsights_sitenote_note":"","_monsterinsights_sitenote_category":0},"product_brand":[],"product_cat":[23323,12364],"product_tag":[],"class_list":{"0":"post-764340","1":"product","2":"type-product","3":"status-publish","5":"product_cat-ekoloji","6":"product_cat-genel-konular","7":"pa_cilt-ciltsiz","8":"pa_tur-kitap","9":"pa_yayinevi-pika-yayinevi","10":"pa_yazar-harriet-dyer","12":"first","13":"instock","14":"sale","15":"shipping-taxable","16":"purchasable","17":"product-type-simple"},"_links":{"self":[{"href":"https:\/\/roveyayinevi.com.tr\/index.php\/wp-json\/wp\/v2\/product\/764340","targetHints":{"allow":["GET"]}}],"collection":[{"href":"https:\/\/roveyayinevi.com.tr\/index.php\/wp-json\/wp\/v2\/product"}],"about":[{"href":"https:\/\/roveyayinevi.com.tr\/index.php\/wp-json\/wp\/v2\/types\/product"}],"wp:attachment":[{"href":"https:\/\/roveyayinevi.com.tr\/index.php\/wp-json\/wp\/v2\/media?parent=764340"}],"wp:term":[{"taxonomy":"product_brand","embeddable":true,"href":"https:\/\/roveyayinevi.com.tr\/index.php\/wp-json\/wp\/v2\/product_brand?post=764340"},{"taxonomy":"product_cat","embeddable":true,"href":"https:\/\/roveyayinevi.com.tr\/index.php\/wp-json\/wp\/v2\/product_cat?post=764340"},{"taxonomy":"product_tag","embeddable":true,"href":"https:\/\/roveyayinevi.com.tr\/index.php\/wp-json\/wp\/v2\/product_tag?post=764340"}],"curies":[{"name":"wp","href":"https:\/\/api.w.org\/{rel}","templated":true}]}}