{"id":764333,"date":"2025-08-28T11:07:25","date_gmt":"2025-08-28T08:07:25","guid":{"rendered":"https:\/\/roveyayinevi.com.tr\/index.php\/urun\/bizim-robot-hasta\/"},"modified":"2026-04-03T03:21:33","modified_gmt":"2026-04-03T00:21:33","slug":"bizim-robot-hasta","status":"publish","type":"product","link":"https:\/\/roveyayinevi.com.tr\/index.php\/urun\/bizim-robot-hasta\/","title":{"rendered":"Bizim Robot Hasta"},"content":{"rendered":"<p>Robotlar hi\u00e7 hastalan\u0131r m\u0131 demeyin! Pelin G\u00fcne\u015f&#8217;in \u201cTek Ba\u015f\u0131ma Okuyorum!\u201d koleksiyonu i\u00e7in yazd\u0131\u011f\u0131 Bizim Robot Hasta, ileri teknolojinin gelecekte insanlar\u0131n g\u00fcnl\u00fck ya\u015famlar\u0131na ve i\u015f yapma al\u0131\u015fkanl\u0131klar\u0131na ne denli etki edece\u011fini g\u00f6steren komik bir \u00f6yk\u00fc. Her i\u015flerine ko\u015fan yard\u0131mc\u0131 robotlar\u0131 ans\u0131z\u0131n hastalan\u0131nca sudan \u00e7\u0131km\u0131\u015f bal\u0131\u011fa d\u00f6nen bir \u00e7ekirdek ailenin ba\u015f\u0131ndan ge\u00e7en matrak olaylar\u0131 anlatan yazar, bilime ve teknolojiye bel ba\u011flaman\u0131n el becerilerimizi nas\u0131l k\u00f6reltece\u011fini vurguluyor.   Ritmik dili ve e\u011flenceli \u00fcslubuyla her ya\u015ftan okurun kendi ev h\u00e2linden izler bulaca\u011f\u0131 kitap, Berna D\u00f6rtp\u0131nar&#8217;\u0131n ele avuca s\u0131\u011fmaz resimleriyle iyice \u015fenleniyor. \u0130ster inan\u0131n ister inanmay\u0131n ama, robotlar da olur hasta! Bu nas\u0131l m\u00fcmk\u00fcn diye sorarsan\u0131z, sebebi bazen bir kod hatas\u0131 bazen de k\u00fc\u00e7\u00fck, pasl\u0131 bir vida. Hepi\u015f, ar\u0131za yap\u0131p yata\u011fa d\u00fc\u015f\u00fcnce, evde ba\u015flad\u0131 b\u00fcy\u00fck bir karma\u015fa! Ev ahalisinde tarifsiz bir endi\u015fe, tela\u015f, ko\u015fu\u015fturmaca. \u00c7aresiz, herkes i\u015fe koyuldu oflaya poflaya&#8230; Bakal\u0131m kim, nas\u0131l iyile\u015ftirecek evin emektar\u0131n\u0131 bu curcunal\u0131 ortamda? Teknolojik ilerlemelerin s\u0131radan hayatlar\u0131m\u0131za yans\u0131mas\u0131n\u0131 kendine has bir mizah anlay\u0131\u015f\u0131yla ele alan Pelin G\u00fcne\u015f, Bizim Robot Hasta ile yak\u0131n gelece\u011fe dair hem komik hem de d\u00fc\u015f\u00fcnd\u00fcr\u00fcc\u00fc \u00f6ng\u00f6r\u00fclerde bulunmay\u0131 da ihmal etmiyor.<\/p>\n","protected":false},"excerpt":{"rendered":"<p>Robotlar hi\u00e7 hastalan\u0131r m\u0131 demeyin! Pelin G\u00fcne\u015f&#8217;in \u201cTek Ba\u015f\u0131ma Okuyorum!\u201d koleksiyonu i\u00e7in yazd\u0131\u011f\u0131 Bizim Robot Hasta, ileri teknolojinin gelecekte insanlar\u0131n g\u00fcnl\u00fck ya\u015famlar\u0131na ve i\u015f yapma al\u0131\u015fkanl\u0131klar\u0131na<span class=\"excerpt-hellip\"> [\u2026]<\/span><\/p>\n","protected":false},"featured_media":0,"template":"","meta":{"_monsterinsights_skip_tracking":false,"_monsterinsights_sitenote_active":false,"_monsterinsights_sitenote_note":"","_monsterinsights_sitenote_category":0},"product_brand":[],"product_cat":[12274,12284],"product_tag":[],"class_list":{"0":"post-764333","1":"product","2":"type-product","3":"status-publish","5":"product_cat-cocuk-ve-genclik-kitaplari","6":"product_cat-hikayeler","7":"pa_cilt-ciltsiz","8":"pa_tur-kitap","9":"pa_yayinevi-tudem-yayinlari","10":"pa_yazar-pelin-gunes","12":"first","13":"instock","14":"sale","15":"shipping-taxable","16":"purchasable","17":"product-type-simple"},"_links":{"self":[{"href":"https:\/\/roveyayinevi.com.tr\/index.php\/wp-json\/wp\/v2\/product\/764333","targetHints":{"allow":["GET"]}}],"collection":[{"href":"https:\/\/roveyayinevi.com.tr\/index.php\/wp-json\/wp\/v2\/product"}],"about":[{"href":"https:\/\/roveyayinevi.com.tr\/index.php\/wp-json\/wp\/v2\/types\/product"}],"wp:attachment":[{"href":"https:\/\/roveyayinevi.com.tr\/index.php\/wp-json\/wp\/v2\/media?parent=764333"}],"wp:term":[{"taxonomy":"product_brand","embeddable":true,"href":"https:\/\/roveyayinevi.com.tr\/index.php\/wp-json\/wp\/v2\/product_brand?post=764333"},{"taxonomy":"product_cat","embeddable":true,"href":"https:\/\/roveyayinevi.com.tr\/index.php\/wp-json\/wp\/v2\/product_cat?post=764333"},{"taxonomy":"product_tag","embeddable":true,"href":"https:\/\/roveyayinevi.com.tr\/index.php\/wp-json\/wp\/v2\/product_tag?post=764333"}],"curies":[{"name":"wp","href":"https:\/\/api.w.org\/{rel}","templated":true}]}}