{"id":764315,"date":"2025-08-28T11:06:52","date_gmt":"2025-08-28T08:06:52","guid":{"rendered":"https:\/\/roveyayinevi.com.tr\/index.php\/urun\/kavel\/"},"modified":"2026-04-15T03:30:15","modified_gmt":"2026-04-15T00:30:15","slug":"kavel","status":"publish","type":"product","link":"https:\/\/roveyayinevi.com.tr\/index.php\/urun\/kavel\/","title":{"rendered":"Kavel"},"content":{"rendered":"<p>\u201c1963\u2019te Ata\u00e7 dergisi ve yay\u0131nevinin y\u00f6netmeni \u015e\u00fckran Kurdakul dostumdan bir \u00f6neri geldi: kendisinin, Necatigil\u2019in ve benim \u015fiir kitaplar\u0131m\u0131z\u0131 yay\u0131mlamay\u0131 d\u00fc\u015f\u00fcn\u00fcyordu. O g\u00fcnlerde, \u00fcnl\u00fc \u2018Kavel Grevi\u2019nin destan\u0131na \u00e7al\u0131\u015f\u0131yordum; kimi b\u00f6l\u00fcmlerini de yazm\u0131\u015ft\u0131m. Kurdakul\u2019un \u00f6nerisi \u00fczerine, destan \u00e7al\u0131\u015fmam\u0131 bir yana ittim. \u2018Hiro\u015fima\u2019y\u0131 yeniden toparlay\u0131p d\u00fczenlemeye koyuldum. Ad\u0131 \u2018Hiro\u015fima\u2019 olsun istiyordum. Kitap bitti. Ad\u0131n\u0131 \u2018Kavel\u2019 koyduk.\u201d HH &#8212; \u0130\u015fime kar\u0131m dedim kar\u0131ma kavel diyece\u011fim ve solu\u011fum t\u00fckenmedik\u00e7e bu doyumsuz d\u00fcnyada                    g\u00fcne\u015fe kar\u0131\u015fmad\u0131k\u00e7a etim  kavel grevcilerinin t\u00fcrk\u00fcs\u00fcn\u00fc s\u00f6yliyece\u011fim &#8212; *Kokmu\u015flar Mezarl\u0131\u011f\u0131 *Ak\u015fam Delisi *Ayazda Kabak\u00e7ekirde\u011fi *E\u015fkiya *T\u00fcrk\u00e7e Uyanmak *Portresi *Yedi \u00c7atall\u0131 Kaz\u0131k *D\u00f6l Yorgunu *Kavel *Efendiler! *Tutanak *Ge\u00e7itte Geyikte G\u00fczelde *\u015eapka *Yitikler \u00c7\u0131kmaz\u0131 *O Ate\u015fler Orda Uzak *Fettah *Gecekondu Aynas\u0131 *Kocabebek *\u015eafakta *Alacakaranl\u0131kta Kimlik *Cezayiruna *Sondan Bir \u00d6nceki \u00c7ar\u015famba<\/p>\n","protected":false},"excerpt":{"rendered":"<p>\u201c1963\u2019te Ata\u00e7 dergisi ve yay\u0131nevinin y\u00f6netmeni \u015e\u00fckran Kurdakul dostumdan bir \u00f6neri geldi: kendisinin, Necatigil\u2019in ve benim \u015fiir kitaplar\u0131m\u0131z\u0131 yay\u0131mlamay\u0131 d\u00fc\u015f\u00fcn\u00fcyordu. O g\u00fcnlerde, \u00fcnl\u00fc \u2018Kavel Grevi\u2019nin destan\u0131na<span class=\"excerpt-hellip\"> [\u2026]<\/span><\/p>\n","protected":false},"featured_media":0,"template":"","meta":{"_monsterinsights_skip_tracking":false,"_monsterinsights_sitenote_active":false,"_monsterinsights_sitenote_note":"","_monsterinsights_sitenote_category":0},"product_brand":[],"product_cat":[12291,12711],"product_tag":[],"class_list":{"0":"post-764315","1":"product","2":"type-product","3":"status-publish","5":"product_cat-edebiyat","6":"product_cat-roman-oyku","7":"pa_cilt-ciltsiz","8":"pa_tur-kitap","9":"pa_yayinevi-is-bankasi-kultur-yayinlari","10":"pa_yazar-hasan-huseyin","12":"first","13":"instock","14":"sale","15":"shipping-taxable","16":"purchasable","17":"product-type-simple"},"_links":{"self":[{"href":"https:\/\/roveyayinevi.com.tr\/index.php\/wp-json\/wp\/v2\/product\/764315","targetHints":{"allow":["GET"]}}],"collection":[{"href":"https:\/\/roveyayinevi.com.tr\/index.php\/wp-json\/wp\/v2\/product"}],"about":[{"href":"https:\/\/roveyayinevi.com.tr\/index.php\/wp-json\/wp\/v2\/types\/product"}],"wp:attachment":[{"href":"https:\/\/roveyayinevi.com.tr\/index.php\/wp-json\/wp\/v2\/media?parent=764315"}],"wp:term":[{"taxonomy":"product_brand","embeddable":true,"href":"https:\/\/roveyayinevi.com.tr\/index.php\/wp-json\/wp\/v2\/product_brand?post=764315"},{"taxonomy":"product_cat","embeddable":true,"href":"https:\/\/roveyayinevi.com.tr\/index.php\/wp-json\/wp\/v2\/product_cat?post=764315"},{"taxonomy":"product_tag","embeddable":true,"href":"https:\/\/roveyayinevi.com.tr\/index.php\/wp-json\/wp\/v2\/product_tag?post=764315"}],"curies":[{"name":"wp","href":"https:\/\/api.w.org\/{rel}","templated":true}]}}