{"id":764313,"date":"2025-08-28T11:06:48","date_gmt":"2025-08-28T08:06:48","guid":{"rendered":"https:\/\/roveyayinevi.com.tr\/index.php\/urun\/herhangi-bir-jude\/"},"modified":"2026-04-15T03:30:15","modified_gmt":"2026-04-15T00:30:15","slug":"herhangi-bir-jude","status":"publish","type":"product","link":"https:\/\/roveyayinevi.com.tr\/index.php\/urun\/herhangi-bir-jude\/","title":{"rendered":"Herhangi Bir Jude"},"content":{"rendered":"<p>Herhangi Bir Jude ge\u00e7 Victoria d\u00f6nemi edebiyat\u0131n\u0131n en \u00f6nemli yap\u0131tlar\u0131ndand\u0131r. Thomas Hardy 1895 tarihli bu son roman\u0131nda \u00fcniversiteye gidip \u00e2lim ve din adam\u0131 olma hayalleri kuran Jude Fawley\u2019nin hik\u00e2yesini anlat\u0131rken, Victoria d\u00f6nemindeki toplumsal sorunlar\u0131; \u00f6zellikle de evlilik, kilise ve e\u011fitim kurumlar\u0131n\u0131 ele al\u0131r. Ait oldu\u011fu s\u0131n\u0131f ve yoksullu\u011fu Jude\u2019un ideallerinin \u00f6n\u00fcndeki ba\u015fl\u0131ca engeldir. Bunlara bir de yanl\u0131\u015f evlilik tercihinin eklenmesinin ard\u0131ndan \u00f6zg\u00fcr ruhlu kuzeni Sue\u2019ya \u00e2\u015f\u0131k olur. Hardy 19. y\u00fczy\u0131lda ortaya at\u0131lan bir feminist ideale, radikal de\u011fi\u015fim isteyen ba\u011f\u0131ms\u0131z kad\u0131nlara at\u0131fta bulunan Yeni Kad\u0131n terimini Sue karakterinde ete kemi\u011fe b\u00fcr\u00fcnd\u00fcrm\u00fc\u015ft\u00fcr. Yazar\u0131n Victoria d\u00f6neminin ikiy\u00fczl\u00fc ahlak anlay\u0131\u015f\u0131n\u0131 korkusuzca g\u00f6zler \u00f6n\u00fcne sermesi; kutsal evlilik ba\u011f\u0131n\u0131 sorgulamas\u0131 o d\u00f6nemde tart\u0131\u015fma yaratm\u0131\u015f ve sert ele\u015ftirilere hedef olmu\u015ftu. Romanda belirleyici bir rol oynayan yazg\u0131, t\u00fcrl\u00fc zorlukla ve talihsiz tesad\u00fcfle bo\u011fu\u015fmak zorunda kalan Jude ile Sue\u2019nun hayat\u0131nda bazen dine isyan etmenin cezas\u0131 olarak ortaya \u00e7\u0131kar. Kimi zaman da hassas ve ba\u011f\u0131ms\u0131z ruhlara ya\u015fam hakk\u0131 tan\u0131mayan toplum taraf\u0131ndan belirlenir.    <\/p>\n","protected":false},"excerpt":{"rendered":"<p>Herhangi Bir Jude ge\u00e7 Victoria d\u00f6nemi edebiyat\u0131n\u0131n en \u00f6nemli yap\u0131tlar\u0131ndand\u0131r. Thomas Hardy 1895 tarihli bu son roman\u0131nda \u00fcniversiteye gidip \u00e2lim ve din adam\u0131 olma hayalleri kuran<span class=\"excerpt-hellip\"> [\u2026]<\/span><\/p>\n","protected":false},"featured_media":0,"template":"","meta":{"_monsterinsights_skip_tracking":false,"_monsterinsights_sitenote_active":false,"_monsterinsights_sitenote_note":"","_monsterinsights_sitenote_category":0},"product_brand":[],"product_cat":[12291,12711],"product_tag":[],"class_list":{"0":"post-764313","1":"product","2":"type-product","3":"status-publish","5":"product_cat-edebiyat","6":"product_cat-roman-oyku","7":"pa_cilt-ciltsiz","8":"pa_tur-kitap","9":"pa_yayinevi-is-bankasi-kultur-yayinlari","10":"pa_yazar-thomas-hardy","12":"first","13":"instock","14":"sale","15":"shipping-taxable","16":"purchasable","17":"product-type-simple"},"_links":{"self":[{"href":"https:\/\/roveyayinevi.com.tr\/index.php\/wp-json\/wp\/v2\/product\/764313","targetHints":{"allow":["GET"]}}],"collection":[{"href":"https:\/\/roveyayinevi.com.tr\/index.php\/wp-json\/wp\/v2\/product"}],"about":[{"href":"https:\/\/roveyayinevi.com.tr\/index.php\/wp-json\/wp\/v2\/types\/product"}],"wp:attachment":[{"href":"https:\/\/roveyayinevi.com.tr\/index.php\/wp-json\/wp\/v2\/media?parent=764313"}],"wp:term":[{"taxonomy":"product_brand","embeddable":true,"href":"https:\/\/roveyayinevi.com.tr\/index.php\/wp-json\/wp\/v2\/product_brand?post=764313"},{"taxonomy":"product_cat","embeddable":true,"href":"https:\/\/roveyayinevi.com.tr\/index.php\/wp-json\/wp\/v2\/product_cat?post=764313"},{"taxonomy":"product_tag","embeddable":true,"href":"https:\/\/roveyayinevi.com.tr\/index.php\/wp-json\/wp\/v2\/product_tag?post=764313"}],"curies":[{"name":"wp","href":"https:\/\/api.w.org\/{rel}","templated":true}]}}