{"id":764282,"date":"2025-08-28T11:05:47","date_gmt":"2025-08-28T08:05:47","guid":{"rendered":"https:\/\/roveyayinevi.com.tr\/index.php\/urun\/yabani-tasarim\/"},"modified":"2026-04-15T03:30:14","modified_gmt":"2026-04-15T00:30:14","slug":"yabani-tasarim","status":"publish","type":"product","link":"https:\/\/roveyayinevi.com.tr\/index.php\/urun\/yabani-tasarim\/","title":{"rendered":"Yabani Tasar\u0131m"},"content":{"rendered":"<p>Asli mimar\u0131m\u0131z olarak do\u011fa milyarlarca y\u0131ld\u0131r ola\u011fan\u00fcst\u00fc yap\u0131lar in\u015fa edip levaz\u0131m \u00fcretiyor. Yabani Tasar\u0131m\u2019da hayvanlar\u0131n, bitkilerin ve mineral d\u00fcnyas\u0131n\u0131n yaratt\u0131\u011f\u0131 \u00e7arp\u0131c\u0131 ve i\u015flevsel formlara methiyeler d\u00fcz\u00fcl\u00fcrken, \u00e7ardak ku\u015flar\u0131n\u0131n kur yap\u0131p \u00e7iftle\u015fti\u011fi yerler denli g\u00f6steri\u015fli, ormanlar\u0131n b\u00fcy\u00fck tasar\u0131m\u0131n\u0131 \u015fekillendiren yeralt\u0131 mantar a\u011flar\u0131 denli gizemli yap\u0131lar ke\u015ffediliyor. Bilimle sanat\u0131 capcanl\u0131 denemeler ve cafcafl\u0131 antika g\u00f6rseller vas\u0131tas\u0131yla harmanlayan bu k\u00fc\u00e7\u00fck \u00f6l\u00e7ekli ilgin\u00e7likler hazinesi, merak duygunuzu yeniden canland\u0131racak ve pencerenizin hemen \u00f6tesinde bulunan d\u00fcnyaya ili\u015fkin alg\u0131lar\u0131n\u0131z\u0131 de\u011fi\u015ftirmeye yard\u0131mc\u0131 olacak. <\/p>\n","protected":false},"excerpt":{"rendered":"<p>Asli mimar\u0131m\u0131z olarak do\u011fa milyarlarca y\u0131ld\u0131r ola\u011fan\u00fcst\u00fc yap\u0131lar in\u015fa edip levaz\u0131m \u00fcretiyor. Yabani Tasar\u0131m\u2019da hayvanlar\u0131n, bitkilerin ve mineral d\u00fcnyas\u0131n\u0131n yaratt\u0131\u011f\u0131 \u00e7arp\u0131c\u0131 ve i\u015flevsel formlara methiyeler d\u00fcz\u00fcl\u00fcrken,<span class=\"excerpt-hellip\"> [\u2026]<\/span><\/p>\n","protected":false},"featured_media":0,"template":"","meta":{"_monsterinsights_skip_tracking":false,"_monsterinsights_sitenote_active":false,"_monsterinsights_sitenote_note":"","_monsterinsights_sitenote_category":0},"product_brand":[],"product_cat":[13512,12408],"product_tag":[],"class_list":{"0":"post-764282","1":"product","2":"type-product","3":"status-publish","5":"product_cat-mimarlik","6":"product_cat-sanat","7":"pa_cilt-ciltsiz","8":"pa_tur-kitap","9":"pa_yayinevi-alfa-yayinlari","10":"pa_yazar-kimberly-ridley","12":"first","13":"instock","14":"sale","15":"shipping-taxable","16":"purchasable","17":"product-type-simple"},"_links":{"self":[{"href":"https:\/\/roveyayinevi.com.tr\/index.php\/wp-json\/wp\/v2\/product\/764282","targetHints":{"allow":["GET"]}}],"collection":[{"href":"https:\/\/roveyayinevi.com.tr\/index.php\/wp-json\/wp\/v2\/product"}],"about":[{"href":"https:\/\/roveyayinevi.com.tr\/index.php\/wp-json\/wp\/v2\/types\/product"}],"wp:attachment":[{"href":"https:\/\/roveyayinevi.com.tr\/index.php\/wp-json\/wp\/v2\/media?parent=764282"}],"wp:term":[{"taxonomy":"product_brand","embeddable":true,"href":"https:\/\/roveyayinevi.com.tr\/index.php\/wp-json\/wp\/v2\/product_brand?post=764282"},{"taxonomy":"product_cat","embeddable":true,"href":"https:\/\/roveyayinevi.com.tr\/index.php\/wp-json\/wp\/v2\/product_cat?post=764282"},{"taxonomy":"product_tag","embeddable":true,"href":"https:\/\/roveyayinevi.com.tr\/index.php\/wp-json\/wp\/v2\/product_tag?post=764282"}],"curies":[{"name":"wp","href":"https:\/\/api.w.org\/{rel}","templated":true}]}}