{"id":764274,"date":"2025-08-28T11:05:31","date_gmt":"2025-08-28T08:05:31","guid":{"rendered":"https:\/\/roveyayinevi.com.tr\/index.php\/urun\/teropatik-hikayeler\/"},"modified":"2026-04-15T03:30:14","modified_gmt":"2026-04-15T00:30:14","slug":"teropatik-hikayeler","status":"publish","type":"product","link":"https:\/\/roveyayinevi.com.tr\/index.php\/urun\/teropatik-hikayeler\/","title":{"rendered":"Ter\u00f6patik Hikayeler"},"content":{"rendered":"<p>Beynimiz, ruhumuz hikayeleri sever. Hikayeyi okudu\u011fumuz veya dinledi\u011fimiz s\u0131rada, k\u0131sa bir s\u00fcre i\u00e7in, hikayede ge\u00e7enlerin asl\u0131nda bizim ba\u015f\u0131m\u0131zdan ge\u00e7ti\u011fi hissine kap\u0131l\u0131r\u0131z. Her bir duyusal g\u00f6r\u00fcnt\u00fc, ses, doku, renk, his ve duygu hikaye bizi i\u00e7ine \u00e7ektik\u00e7e beynimizde birer tutunma noktas\u0131 olu\u015fturur ve biz \u00f6zel bir \u00e7aba harcamadan dikkatimizi korumaya devam ederiz. \u201cHikayeler, insanlar\u0131n i\u00e7indeki de\u011fi\u015fimi ve d\u00f6n\u00fc\u015f\u00fcm\u00fc besler. Onlar\u0131 ger\u00e7ekli\u011fin \u00f6tesine g\u00f6t\u00fcr\u00fcr ve yeni bak\u0131\u015f a\u00e7\u0131lar\u0131 kazand\u0131r\u0131r.\u201d &#8211; Maya Angelou \u201c\u0130yi bir \u00f6\u011fretici hikaye, insan\u0131n hem zihnini hem de kalbini etkiler. Onlar\u0131 ayd\u0131nlat\u0131r, bilgilendirir ve tedavi eder.\u201d &#8211; Bren\u00e9 Brown \u201cPsikolojik ve terapi hikayelerinde, karakterlerin \u00f6yk\u00fcleri okuyucular\u0131n kendi deneyimlerini yans\u0131t\u0131r. Bu sayede insanlar kendilerini hikayedeki karakterlerde bulur ve iyile\u015fme yolculu\u011funa \u00e7\u0131kar.\u201d &#8211; Clarissa Pinkola Est\u00e9s \u201cPedagojik hikayeler, \u00f6\u011frencilerin dil becerilerini, empati yetene\u011fini ve yarat\u0131c\u0131l\u0131\u011f\u0131n\u0131 geli\u015ftirir. Onlar\u0131 hayata haz\u0131rlar ve ki\u015fisel geli\u015fimlerini destekler.\u201d &#8211; Bruno Bettelheim \u201cE\u011fitici ve \u00f6\u011fretici hikayeler, insanlar\u0131 problemleri \u00e7\u00f6zmeye, yeni \u00e7\u00f6z\u00fcmler ke\u015ffetmeye ve kendi g\u00fc\u00e7lerini tan\u0131maya te\u015fvik eder.\u201d &#8211; Daniel Goleman \u201cTerap\u00f6tik hikayeler, okuyucular\u0131n i\u00e7sel yolculuklar\u0131na rehberlik eder. Onlar\u0131 inan\u00e7lar\u0131n\u0131, de\u011ferlerini ve kimliklerini ke\u015ffetmeleri i\u00e7in cesaretlendirir.\u201d &#8211; Clarissa Pinkola Est\u00e9s \u201cTerap\u00f6tik hikayeler; okuyucular\u0131n \u00f6\u011frenmesine, geli\u015fmesine, iyile\u015fmesine yard\u0131mc\u0131 olurken ayn\u0131 zamanda fark\u0131ndal\u0131klar\u0131n\u0131 artt\u0131r\u0131r hem de i\u00e7 g\u00f6r\u00fclerini y\u00fckseltir. \u201d &#8211; Prof. Dr. Ekrem \u00c7ulfa \u0130\u015fte iyi hikayelerin g\u00fcc\u00fc, bunlard\u0131r !<\/p>\n","protected":false},"excerpt":{"rendered":"<p>Beynimiz, ruhumuz hikayeleri sever. Hikayeyi okudu\u011fumuz veya dinledi\u011fimiz s\u0131rada, k\u0131sa bir s\u00fcre i\u00e7in, hikayede ge\u00e7enlerin asl\u0131nda bizim ba\u015f\u0131m\u0131zdan ge\u00e7ti\u011fi hissine kap\u0131l\u0131r\u0131z. Her bir duyusal g\u00f6r\u00fcnt\u00fc, ses,<span class=\"excerpt-hellip\"> [\u2026]<\/span><\/p>\n","protected":false},"featured_media":0,"template":"","meta":{"_monsterinsights_skip_tracking":false,"_monsterinsights_sitenote_active":false,"_monsterinsights_sitenote_note":"","_monsterinsights_sitenote_category":0},"product_brand":[],"product_cat":[12364,12376],"product_tag":[],"class_list":{"0":"post-764274","1":"product","2":"type-product","3":"status-publish","5":"product_cat-genel-konular","6":"product_cat-kisisel-gelisim","7":"pa_cilt-ciltsiz","8":"pa_tur-kitap","9":"pa_yayinevi-bilgekut-yayinlari","10":"pa_yazar-aysim-culfa","12":"first","13":"instock","14":"sale","15":"shipping-taxable","16":"purchasable","17":"product-type-simple"},"_links":{"self":[{"href":"https:\/\/roveyayinevi.com.tr\/index.php\/wp-json\/wp\/v2\/product\/764274","targetHints":{"allow":["GET"]}}],"collection":[{"href":"https:\/\/roveyayinevi.com.tr\/index.php\/wp-json\/wp\/v2\/product"}],"about":[{"href":"https:\/\/roveyayinevi.com.tr\/index.php\/wp-json\/wp\/v2\/types\/product"}],"wp:attachment":[{"href":"https:\/\/roveyayinevi.com.tr\/index.php\/wp-json\/wp\/v2\/media?parent=764274"}],"wp:term":[{"taxonomy":"product_brand","embeddable":true,"href":"https:\/\/roveyayinevi.com.tr\/index.php\/wp-json\/wp\/v2\/product_brand?post=764274"},{"taxonomy":"product_cat","embeddable":true,"href":"https:\/\/roveyayinevi.com.tr\/index.php\/wp-json\/wp\/v2\/product_cat?post=764274"},{"taxonomy":"product_tag","embeddable":true,"href":"https:\/\/roveyayinevi.com.tr\/index.php\/wp-json\/wp\/v2\/product_tag?post=764274"}],"curies":[{"name":"wp","href":"https:\/\/api.w.org\/{rel}","templated":true}]}}