{"id":764244,"date":"2025-08-28T11:04:33","date_gmt":"2025-08-28T08:04:33","guid":{"rendered":"https:\/\/roveyayinevi.com.tr\/index.php\/urun\/kurtlarin-tarihi\/"},"modified":"2026-04-15T03:30:13","modified_gmt":"2026-04-15T00:30:13","slug":"kurtlarin-tarihi","status":"publish","type":"product","link":"https:\/\/roveyayinevi.com.tr\/index.php\/urun\/kurtlarin-tarihi\/","title":{"rendered":"Kurtlar\u0131n Tarihi"},"content":{"rendered":"<p>Minnesota\u2019da orman\u0131n s\u0131n\u0131r\u0131nda, da\u011f\u0131l\u0131p gitmi\u015f bir hippi kom\u00fcn\u00fcnden arta kalm\u0131\u015f bir kul\u00fcbede, kom\u00fcn\u00fcn eski \u00fcyeleri olan anne ve babas\u0131yla ya\u015fayan on d\u00f6rt ya\u015f\u0131ndaki Madeline\u2019in hayat\u0131, yak\u0131nlara bir ailenin ta\u015f\u0131nmas\u0131yla sonsuza kadar de\u011fi\u015fir. Madeline kendini aileye Linda olarak tan\u0131t\u0131r, gen\u00e7 anneyle \u00e7abucak arkada\u015fl\u0131k kurar ve o\u011flu Paul\u2019e bakmaya ba\u015flar. Ama kendininkinden \u00e7ok farkl\u0131 g\u00f6r\u00fcnen bu ailenin s\u0131rlar\u0131 vard\u0131r: Pek ortalarda g\u00f6r\u00fcnmeyen baba nas\u0131l biridir ve ailesi \u00fcst\u00fcnde kurdu\u011fu otoritenin k\u00f6keninde ne yatmaktad\u0131r? Okulda d\u0131\u015flanan ve ait olaca\u011f\u0131 bir \u00e7evre arayan Madeline\/Linda bu tuhaf ailenin hayat\u0131na gitgide daha fazla g\u00f6m\u00fcl\u00fcr, ta ki sonunda b\u00fcy\u00fck bir se\u00e7im yapmak zorunda kal\u0131ncaya dek.   Amerikan ta\u015fras\u0131nda, yal\u0131t\u0131lm\u0131\u015f ya\u015famlar s\u00fcren bireyler aras\u0131nda ge\u00e7en Kurtlar\u0131n Tarihi, masumiyet ve deneyim, sorumluluk ve \u00f6zg\u00fcrl\u00fck hakk\u0131nda, gen\u00e7 anlat\u0131c\u0131s\u0131n\u0131n sesiyle ak\u0131llara kaz\u0131nan bir b\u00fcy\u00fcme hik\u00e2yesi.   \u201cDo\u011faya g\u00f6m\u00fclm\u00fc\u015f ama ayn\u0131 zamanda iktidar, aile ve inan\u00e7la; bir \u015feyi anlamakla bu bilginin gerektirdi\u011fi \u015fekilde davranmak aras\u0131ndaki farkla ilgilenen, zarif, tedirgin edici bir ilk roman.\u201d Los Angeles Times     \u201cYeni ve korkutucu bir d\u00fcnyada yolunu bulmaya \u00e7al\u0131\u015fan sorunlu bir ergenin ikna edici portresi.\u201d People <\/p>\n","protected":false},"excerpt":{"rendered":"<p>Minnesota\u2019da orman\u0131n s\u0131n\u0131r\u0131nda, da\u011f\u0131l\u0131p gitmi\u015f bir hippi kom\u00fcn\u00fcnden arta kalm\u0131\u015f bir kul\u00fcbede, kom\u00fcn\u00fcn eski \u00fcyeleri olan anne ve babas\u0131yla ya\u015fayan on d\u00f6rt ya\u015f\u0131ndaki Madeline\u2019in hayat\u0131, yak\u0131nlara<span class=\"excerpt-hellip\"> [\u2026]<\/span><\/p>\n","protected":false},"featured_media":0,"template":"","meta":{"_monsterinsights_skip_tracking":false,"_monsterinsights_sitenote_active":false,"_monsterinsights_sitenote_note":"","_monsterinsights_sitenote_category":0},"product_brand":[],"product_cat":[12291,12711],"product_tag":[],"class_list":{"0":"post-764244","1":"product","2":"type-product","3":"status-publish","5":"product_cat-edebiyat","6":"product_cat-roman-oyku","7":"pa_cilt-ciltsiz","8":"pa_tur-kitap","9":"pa_yayinevi-yapi-kredi-yayinlari","10":"pa_yazar-emily-fridlund","12":"first","13":"instock","14":"sale","15":"shipping-taxable","16":"purchasable","17":"product-type-simple"},"_links":{"self":[{"href":"https:\/\/roveyayinevi.com.tr\/index.php\/wp-json\/wp\/v2\/product\/764244","targetHints":{"allow":["GET"]}}],"collection":[{"href":"https:\/\/roveyayinevi.com.tr\/index.php\/wp-json\/wp\/v2\/product"}],"about":[{"href":"https:\/\/roveyayinevi.com.tr\/index.php\/wp-json\/wp\/v2\/types\/product"}],"wp:attachment":[{"href":"https:\/\/roveyayinevi.com.tr\/index.php\/wp-json\/wp\/v2\/media?parent=764244"}],"wp:term":[{"taxonomy":"product_brand","embeddable":true,"href":"https:\/\/roveyayinevi.com.tr\/index.php\/wp-json\/wp\/v2\/product_brand?post=764244"},{"taxonomy":"product_cat","embeddable":true,"href":"https:\/\/roveyayinevi.com.tr\/index.php\/wp-json\/wp\/v2\/product_cat?post=764244"},{"taxonomy":"product_tag","embeddable":true,"href":"https:\/\/roveyayinevi.com.tr\/index.php\/wp-json\/wp\/v2\/product_tag?post=764244"}],"curies":[{"name":"wp","href":"https:\/\/api.w.org\/{rel}","templated":true}]}}