{"id":764236,"date":"2025-08-28T11:04:17","date_gmt":"2025-08-28T08:04:17","guid":{"rendered":"https:\/\/roveyayinevi.com.tr\/index.php\/urun\/olasiliklar-yasasi\/"},"modified":"2026-04-15T03:30:13","modified_gmt":"2026-04-15T00:30:13","slug":"olasiliklar-yasasi","status":"publish","type":"product","link":"https:\/\/roveyayinevi.com.tr\/index.php\/urun\/olasiliklar-yasasi\/","title":{"rendered":"Olas\u0131l\u0131klar Yasas\u0131"},"content":{"rendered":"<p>Hayat ertelemeye gelmez! Yazar Pascal Rabat\u00e9 ile \u00e7izer Fran\u00e7ois Ravard&#8217;\u0131 sonsuz ihtimaller evreninde bulu\u015fturan Olas\u0131l\u0131klar Yasas\u0131, hi\u00e7 haz\u0131rl\u0131kl\u0131 olmad\u0131\u011f\u0131 bir d\u00f6nemde kendi \u00f6l\u00fcml\u00fcl\u00fc\u011f\u00fc ile y\u00fczle\u015fmek zorunda kalan bir adam\u0131n varolu\u015f hezeyanlar\u0131n\u0131 derin ama bir o kadar da komik bir anlat\u0131ya d\u00f6n\u00fc\u015ft\u00fcr\u00fcyor.  G\u00fcndelik ko\u015fu\u015fturmacalar\u0131 bahane ederek hayallerini s\u00fcrekli erteleyenlerin ya\u015fam\u0131 nas\u0131l ka\u00e7\u0131rd\u0131klar\u0131n\u0131 g\u00f6steren kitap, akla zarar yanl\u0131\u015f anlamalara ve rastlant\u0131n\u0131n b\u00f6ylesi dedirten m\u00fckemmel zamanlamalara tan\u0131kl\u0131k ettirerek \u201chayat, biz planlarlar yaparken ba\u015f\u0131m\u0131za gelenlerdir\u201d g\u00f6r\u00fc\u015f\u00fcn\u00fc destekliyor.  Kaderi kabullenmenin yeni ba\u015flang\u0131\u00e7lar\u0131n, ge\u00e7i\u015flerin ve ge\u00e7itlerin anahtar\u0131 oldu\u011funu hat\u0131rlatan bu iyile\u015ftirici hik\u00e2ye, \u201cher zaman bir ihtimal daha vard\u0131r\u201d d\u00fc\u015f\u00fcncesini vurgulayarak olas\u0131l\u0131klar\u0131n mucizesine inanmaya \u00e7a\u011f\u0131r\u0131yor.  Madem g\u00fcnlerim say\u0131l\u0131, bug\u00fcnden bitsin bari! Tam kap\u0131dan \u00e7\u0131karken \u00fcst\u00fcn\u00fcze bir insan d\u00fc\u015fme olas\u0131l\u0131\u011f\u0131 nedir? Rutin bir doktor kontrol\u00fcn\u00fcn ard\u0131ndan Martin Henry, sadece \u00fc\u00e7 ay \u00f6mr\u00fc kald\u0131\u011f\u0131n\u0131 \u00f6\u011frenir. Evden i\u015fe i\u015ften eve tekd\u00fcze bir ya\u015fam s\u00fcren Martin, bunca y\u0131l boyunca hayallerini nas\u0131l da erteledi\u011fini fark eder. Kendisini bekleyen belirsizli\u011fin getirdi\u011fi olgunlukla say\u0131l\u0131 g\u00fcnlerine s\u0131ms\u0131k\u0131 sar\u0131lmaya karar verir. \u0130lk hedefi Kanada&#8217;daki o me\u015fhur balinalar\u0131 g\u00f6rmektir! Bunun i\u00e7in i\u015ften ayr\u0131l\u0131r, kar\u0131s\u0131n\u0131 birlikte seyahat etmeleri i\u00e7in ikna eder. \u015eans asl\u0131nda Martin&#8217;den yana g\u00f6z\u00fckse de i\u015fler hi\u00e7 de planlad\u0131\u011f\u0131 gibi gitmeyecektir&#8230; Sonsuz olas\u0131l\u0131klar denizinde kendi gemilerimizi y\u00fczd\u00fcrmenin \u00f6nemine vurgu yapan Olas\u0131l\u0131klar Yasas\u0131, ya\u015famak bazen \u00f6lmekten daha zor g\u00f6r\u00fcnse de asla pes etmemek gerekti\u011fini an\u0131msat\u0131yor. \u00c7izgi romandan sinemaya uzanarak Herg\u00e9 ve Tati gibi komedi ustalar\u0131na sayg\u0131 duru\u015funda bulunan bu keyifli grafik roman, ba\u015f\u0131m\u0131za gelmesi ihtimaller dahilinde olan kimi olaylar\u0131 mizah\u0131n g\u00fcler y\u00fcz\u00fcyle kabullenmemizi sa\u011fl\u0131yor. \u0130ddia ediyoruz, bu kitab\u0131 sevmeme olas\u0131l\u0131\u011f\u0131n\u0131z yok!<\/p>\n","protected":false},"excerpt":{"rendered":"<p>Hayat ertelemeye gelmez! Yazar Pascal Rabat\u00e9 ile \u00e7izer Fran\u00e7ois Ravard&#8217;\u0131 sonsuz ihtimaller evreninde bulu\u015fturan Olas\u0131l\u0131klar Yasas\u0131, hi\u00e7 haz\u0131rl\u0131kl\u0131 olmad\u0131\u011f\u0131 bir d\u00f6nemde kendi \u00f6l\u00fcml\u00fcl\u00fc\u011f\u00fc ile y\u00fczle\u015fmek zorunda<span class=\"excerpt-hellip\"> [\u2026]<\/span><\/p>\n","protected":false},"featured_media":0,"template":"","meta":{"_monsterinsights_skip_tracking":false,"_monsterinsights_sitenote_active":false,"_monsterinsights_sitenote_note":"","_monsterinsights_sitenote_category":0},"product_brand":[],"product_cat":[12416,12291],"product_tag":[],"class_list":{"0":"post-764236","1":"product","2":"type-product","3":"status-publish","5":"product_cat-cizgi-roman","6":"product_cat-edebiyat","7":"pa_cilt-ciltsiz","8":"pa_tur-kitap","9":"pa_yayinevi-desen-yayinlari","10":"pa_yazar-pascal-rabate","12":"first","13":"instock","14":"sale","15":"shipping-taxable","16":"purchasable","17":"product-type-simple"},"_links":{"self":[{"href":"https:\/\/roveyayinevi.com.tr\/index.php\/wp-json\/wp\/v2\/product\/764236","targetHints":{"allow":["GET"]}}],"collection":[{"href":"https:\/\/roveyayinevi.com.tr\/index.php\/wp-json\/wp\/v2\/product"}],"about":[{"href":"https:\/\/roveyayinevi.com.tr\/index.php\/wp-json\/wp\/v2\/types\/product"}],"wp:attachment":[{"href":"https:\/\/roveyayinevi.com.tr\/index.php\/wp-json\/wp\/v2\/media?parent=764236"}],"wp:term":[{"taxonomy":"product_brand","embeddable":true,"href":"https:\/\/roveyayinevi.com.tr\/index.php\/wp-json\/wp\/v2\/product_brand?post=764236"},{"taxonomy":"product_cat","embeddable":true,"href":"https:\/\/roveyayinevi.com.tr\/index.php\/wp-json\/wp\/v2\/product_cat?post=764236"},{"taxonomy":"product_tag","embeddable":true,"href":"https:\/\/roveyayinevi.com.tr\/index.php\/wp-json\/wp\/v2\/product_tag?post=764236"}],"curies":[{"name":"wp","href":"https:\/\/api.w.org\/{rel}","templated":true}]}}