{"id":764221,"date":"2025-08-28T11:03:22","date_gmt":"2025-08-28T08:03:22","guid":{"rendered":"https:\/\/roveyayinevi.com.tr\/index.php\/urun\/iktisat-ve-toplum-dergisi-167-sayi-devlet-sirket-gibi-mi-yonetilmeli\/"},"modified":"2026-04-15T03:30:12","modified_gmt":"2026-04-15T00:30:12","slug":"iktisat-ve-toplum-dergisi-167-sayi-devlet-sirket-gibi-mi-yonetilmeli","status":"publish","type":"product","link":"https:\/\/roveyayinevi.com.tr\/index.php\/urun\/iktisat-ve-toplum-dergisi-167-sayi-devlet-sirket-gibi-mi-yonetilmeli\/","title":{"rendered":"\u0130ktisat ve Toplum Dergisi 167. Say\u0131 Devlet \u015eirket Gibi mi Y\u00f6netilmeli?"},"content":{"rendered":"<p>Bu say\u0131da: Devlet, \u015eirket Gibi Y\u00f6netilebilir mi? &#8211; Mahfi Eg\u0306ilmez          Devleti Anonim mi, Limited mi Yapsak? &#8211; Alper Duman              Devlet \u00d6zel \u0130\u015fletme Prensipleriyle Y\u00f6netilemez &#8211; Arda Tunca                Devletin Modernle\u015fmesi ve Kurumsalla\u015fma &#8211; Av. Sema Aksoy               \u201cDezenflasyon\u201d ve \u00d6tesi: T\u00fcrkiye\u2019nin \u00d6demeler Dengesi \u00dczerine Notlar- Oktar T\u00fcrel, Zeki O\u011fulcan \u015eeng\u00fcl Merkez Bankas\u0131 Ba\u011f\u0131ms\u0131zl\u0131\u011f\u0131: Tarihsel Perspektifte Bir De\u011ferlendirme &#8211; Nazire Nergiz Din\u00e7er                  2018 Ba\u015flang\u0131\u00e7l\u0131 Krizle M\u00fccadelede Son Geli\u015fmeler &#8211; Nur Keyder                  Anayasa De\u011fi\u015ftirme Tart\u0131\u015fmalar\u0131n\u0131n Dayan\u0131lmaz \u00c7ekicili\u011fi &#8211; Ersin Kalayc\u0131o\u011flu               Ormanlar Neden Yan\u0131yor? &#8211; R. Funda Barbaros                 Yeni ve K\u00fcresel Bir Sorun: \u015eiddetli Hava ve \u0130klim De\u011fi\u015fikli\u011fi Kaynakl\u0131 G\u00f6\u00e7ler &#8211; Murat T\u00fcrke\u015f, Mehmet Kadri Tekin                   \u201cT\u00fct\u00fcns\u00fcz Nesil\u201d \u00d6nerisi: Dikkate Al\u0131nmaya De\u011fer &#8211; Asena Caner, Bilge Nur Mermer, Berna Tar\u0131 Kasnako\u011flu, Belgi Turan, Yenal Can Yi\u011fit                 Onar\u0131m Hakk\u0131 ve K\u00fclt\u00fcr\u00fcn\u00fcn D\u00fcnyay\u0131 Kurtarma Potansiyeli &#8211; Arsev Umur Ayd\u0131no\u011flu           Ka\u00e7ak Atom Bombas\u0131 Yapmak III: Pakistan N\u00fckleer Teknoloji \u0130hra\u00e7 Ediyor &#8211; Ergun T\u00fcrkcan              21. Y\u00fczy\u0131lda D\u00fcnyan\u0131n Ekonomik ve Siyasal D\u00fczeni Yeniden \u015eekilleniyor &#8211; Bahri Y\u0131lmaz                 Tekerr\u00fcr Eden \u0130ktisat Olmas\u0131n? &#8211; Ya\u015far Ta\u015fk\u0131n Ko\u00e7           \u201c1984\u201d ve \u201cCesur Yeni D\u00fcnya\u201d \u00dczerinden Kontrol, Manip\u00fclasyon ve Y\u00f6neti\u015fim &#8211; G\u00fcl\u00e7in Elif Y\u00fccel <\/p>\n","protected":false},"excerpt":{"rendered":"<p>Bu say\u0131da: Devlet, \u015eirket Gibi Y\u00f6netilebilir mi? &#8211; Mahfi Eg\u0306ilmez Devleti Anonim mi, Limited mi Yapsak? &#8211; Alper Duman Devlet \u00d6zel \u0130\u015fletme Prensipleriyle Y\u00f6netilemez &#8211; Arda<span class=\"excerpt-hellip\"> [\u2026]<\/span><\/p>\n","protected":false},"featured_media":0,"template":"","meta":{"_monsterinsights_skip_tracking":false,"_monsterinsights_sitenote_active":false,"_monsterinsights_sitenote_note":"","_monsterinsights_sitenote_category":0},"product_brand":[],"product_cat":[13527],"product_tag":[],"class_list":{"0":"post-764221","1":"product","2":"type-product","3":"status-publish","5":"product_cat-sureli-yayinlar","6":"pa_cilt-ciltsiz","7":"pa_tur-dergi","8":"pa_yayinevi-efil-yayinevi-dergi","9":"pa_yazar-kolektif","11":"first","12":"instock","13":"sale","14":"shipping-taxable","15":"purchasable","16":"product-type-simple"},"_links":{"self":[{"href":"https:\/\/roveyayinevi.com.tr\/index.php\/wp-json\/wp\/v2\/product\/764221","targetHints":{"allow":["GET"]}}],"collection":[{"href":"https:\/\/roveyayinevi.com.tr\/index.php\/wp-json\/wp\/v2\/product"}],"about":[{"href":"https:\/\/roveyayinevi.com.tr\/index.php\/wp-json\/wp\/v2\/types\/product"}],"wp:attachment":[{"href":"https:\/\/roveyayinevi.com.tr\/index.php\/wp-json\/wp\/v2\/media?parent=764221"}],"wp:term":[{"taxonomy":"product_brand","embeddable":true,"href":"https:\/\/roveyayinevi.com.tr\/index.php\/wp-json\/wp\/v2\/product_brand?post=764221"},{"taxonomy":"product_cat","embeddable":true,"href":"https:\/\/roveyayinevi.com.tr\/index.php\/wp-json\/wp\/v2\/product_cat?post=764221"},{"taxonomy":"product_tag","embeddable":true,"href":"https:\/\/roveyayinevi.com.tr\/index.php\/wp-json\/wp\/v2\/product_tag?post=764221"}],"curies":[{"name":"wp","href":"https:\/\/api.w.org\/{rel}","templated":true}]}}