{"id":764217,"date":"2025-08-28T11:03:14","date_gmt":"2025-08-28T08:03:14","guid":{"rendered":"https:\/\/roveyayinevi.com.tr\/index.php\/urun\/elma-veriyorum-sana\/"},"modified":"2026-04-15T03:30:12","modified_gmt":"2026-04-15T00:30:12","slug":"elma-veriyorum-sana","status":"publish","type":"product","link":"https:\/\/roveyayinevi.com.tr\/index.php\/urun\/elma-veriyorum-sana\/","title":{"rendered":"Elma Veriyorum Sana"},"content":{"rendered":"<p>Elindeki Bu Kitap 14 \u015eubat\u2019a \u00d6zel Bir ithaf Olarak Kaleme Al\u0131nd\u0131: a\u015fklar\u0131n zamana asla yenilmemesi temennisiyle. A\u015fk \u00fczerine bir monolog, \u201cBelki sana hi\u00e7 bi\u2019\u015fey \u00f6\u011fretemem; Ama fark etmeni sa\u011flayabilirim,\u201d Tabii buna haz\u0131rsan, Sen haz\u0131rsan, Ben haz\u0131r\u0131m! \u0130. G\u00f6khan DURMAZ (Karanl\u0131k) 14 \u015eubat &#8211; 2024<\/p>\n","protected":false},"excerpt":{"rendered":"<p>Elindeki Bu Kitap 14 \u015eubat\u2019a \u00d6zel Bir ithaf Olarak Kaleme Al\u0131nd\u0131: a\u015fklar\u0131n zamana asla yenilmemesi temennisiyle. A\u015fk \u00fczerine bir monolog, \u201cBelki sana hi\u00e7 bi\u2019\u015fey \u00f6\u011fretemem; Ama<span class=\"excerpt-hellip\"> [\u2026]<\/span><\/p>\n","protected":false},"featured_media":0,"template":"","meta":{"_monsterinsights_skip_tracking":false,"_monsterinsights_sitenote_active":false,"_monsterinsights_sitenote_note":"","_monsterinsights_sitenote_category":0},"product_brand":[],"product_cat":[12291,18202],"product_tag":[],"class_list":{"0":"post-764217","1":"product","2":"type-product","3":"status-publish","5":"product_cat-edebiyat","6":"product_cat-hikaye","7":"pa_cilt-ciltsiz","8":"pa_tur-kitap","9":"pa_yayinevi-omca-yayinlari","10":"pa_yazar-i-gokhan-durmaz","12":"first","13":"instock","14":"sale","15":"shipping-taxable","16":"purchasable","17":"product-type-simple"},"_links":{"self":[{"href":"https:\/\/roveyayinevi.com.tr\/index.php\/wp-json\/wp\/v2\/product\/764217","targetHints":{"allow":["GET"]}}],"collection":[{"href":"https:\/\/roveyayinevi.com.tr\/index.php\/wp-json\/wp\/v2\/product"}],"about":[{"href":"https:\/\/roveyayinevi.com.tr\/index.php\/wp-json\/wp\/v2\/types\/product"}],"wp:attachment":[{"href":"https:\/\/roveyayinevi.com.tr\/index.php\/wp-json\/wp\/v2\/media?parent=764217"}],"wp:term":[{"taxonomy":"product_brand","embeddable":true,"href":"https:\/\/roveyayinevi.com.tr\/index.php\/wp-json\/wp\/v2\/product_brand?post=764217"},{"taxonomy":"product_cat","embeddable":true,"href":"https:\/\/roveyayinevi.com.tr\/index.php\/wp-json\/wp\/v2\/product_cat?post=764217"},{"taxonomy":"product_tag","embeddable":true,"href":"https:\/\/roveyayinevi.com.tr\/index.php\/wp-json\/wp\/v2\/product_tag?post=764217"}],"curies":[{"name":"wp","href":"https:\/\/api.w.org\/{rel}","templated":true}]}}