{"id":764190,"date":"2025-08-28T11:02:26","date_gmt":"2025-08-28T08:02:26","guid":{"rendered":"https:\/\/roveyayinevi.com.tr\/index.php\/urun\/fomer-farsca-konusma-dili-4-bir-iranli-gibi-konusalim\/"},"modified":"2026-04-15T03:29:54","modified_gmt":"2026-04-15T00:29:54","slug":"fomer-farsca-konusma-dili-4-bir-iranli-gibi-konusalim","status":"publish","type":"product","link":"https:\/\/roveyayinevi.com.tr\/index.php\/urun\/fomer-farsca-konusma-dili-4-bir-iranli-gibi-konusalim\/","title":{"rendered":"F\u00d6MER Fars\u00e7a Konu\u015fma Dili &#8211; 4  Bir \u0130ranl\u0131 Gibi Konu\u015fal\u0131m"},"content":{"rendered":"<p>Genel olarak dil e\u011fitiminin temelini olu\u015fturan d\u00f6rt temel beceri \u015funlard\u0131r: 1-Okuma becerisi  2- Yazma becerileri 3- Dinleme becerileri 4- Konu\u015fma becerileri Bu nedenle dil \u00f6\u011fretim merkez ve kurumlar\u0131nda e\u011fitim y\u00f6netimi yukar\u0131da belirtilen eksenler etraf\u0131nda yo\u011funla\u015fmaktad\u0131r. Fars\u00e7a \u00f6\u011fretimi bu kuraldan muaf de\u011fildir ve e\u011fitim uzmanlar\u0131 e\u011fitim programlar\u0131n\u0131 bu \u00f6nermeyle form\u00fcle etmektedir: Fars\u00e7a Konu\u015fma Dili ba\u015fl\u0131kl\u0131 bu kitap, konu\u015fma diline vurgu yaparak konu\u015fma becerilerini ele almaktad\u0131r. S\u00f6z konusu kitap, T\u00fcrk\u00e7e konu\u015fanlar i\u00e7in Fars\u00e7a konu\u015fma kursuna kaynak olarak yaz\u0131lm\u0131\u015ft\u0131r. Bu \u00e7al\u0131\u015fma sekiz b\u00f6l\u00fcmden olu\u015fmaktad\u0131r: Birinci b\u00f6l\u00fcmde konu\u015fma dilinin tan\u0131t\u0131m\u0131, kullan\u0131m\u0131 ve kurallar\u0131 verilmektedir. \u0130kinci b\u00f6l\u00fcmde ise pratik ve \u00f6nemli fiillere odaklanan bi\u00e7imsel ve konu\u015fma dili konulu farkl\u0131 par\u00e7alar yer almaktad\u0131r. \u00dc\u00e7\u00fcnc\u00fc b\u00f6l\u00fcmde konu\u015fma dilindeki diyaloglar yer almaktad\u0131r. D\u00f6rd\u00fcnc\u00fc b\u00f6l\u00fcmde konu\u015fma dilinde soru-cevap y\u00f6ntemiyle bir s\u00fcre\u00e7 yer almaktad\u0131r. Be\u015finci b\u00f6l\u00fcm, konu\u015fman\u0131n resmi dilden konu\u015fma diline d\u00f6n\u00fc\u015ft\u00fcr\u00fclme s\u00fcrecini i\u00e7ermektedir. Alt\u0131nc\u0131 b\u00f6l\u00fcm, verilen ifadeler ve c\u00fcmlelerle diyalog yazmay\u0131 ele almaktad\u0131r. Sekizinci b\u00f6l\u00fcmde ayr\u0131ca kendine \u00f6zg\u00fc bir teknikle diyalog yaz\u0131m\u0131 konusu ele al\u0131nmaktad\u0131r. Sonunda her b\u00f6l\u00fcm\u00fcn al\u0131\u015ft\u0131rmalar\u0131na ait bir cevap anahtar\u0131 bulunmaktad\u0131r. Yazar, bu kitab\u0131n Fars\u00e7a \u00f6\u011frenenlerin konu\u015fma becerilerini g\u00fc\u00e7lendirmede verimli olaca\u011f\u0131n\u0131 \u00fcmit etmektedir. Ahmad JABBAR\u0130 Temmuz 2024 &#8211; ANKARA<\/p>\n","protected":false},"excerpt":{"rendered":"<p>Genel olarak dil e\u011fitiminin temelini olu\u015fturan d\u00f6rt temel beceri \u015funlard\u0131r: 1-Okuma becerisi 2- Yazma becerileri 3- Dinleme becerileri 4- Konu\u015fma becerileri Bu nedenle dil \u00f6\u011fretim merkez<span class=\"excerpt-hellip\"> [\u2026]<\/span><\/p>\n","protected":false},"featured_media":0,"template":"","meta":{"_monsterinsights_skip_tracking":false,"_monsterinsights_sitenote_active":false,"_monsterinsights_sitenote_note":"","_monsterinsights_sitenote_category":0},"product_brand":[],"product_cat":[14597,12566],"product_tag":[],"class_list":{"0":"post-764190","1":"product","2":"type-product","3":"status-publish","5":"product_cat-dil-ogrenimi","6":"product_cat-egitim","7":"pa_cilt-ciltsiz","8":"pa_tur-kitap","9":"pa_yayinevi-astana-yayinlari","10":"pa_yazar-ahmad-jabbari","12":"first","13":"instock","14":"sale","15":"shipping-taxable","16":"purchasable","17":"product-type-simple"},"_links":{"self":[{"href":"https:\/\/roveyayinevi.com.tr\/index.php\/wp-json\/wp\/v2\/product\/764190","targetHints":{"allow":["GET"]}}],"collection":[{"href":"https:\/\/roveyayinevi.com.tr\/index.php\/wp-json\/wp\/v2\/product"}],"about":[{"href":"https:\/\/roveyayinevi.com.tr\/index.php\/wp-json\/wp\/v2\/types\/product"}],"wp:attachment":[{"href":"https:\/\/roveyayinevi.com.tr\/index.php\/wp-json\/wp\/v2\/media?parent=764190"}],"wp:term":[{"taxonomy":"product_brand","embeddable":true,"href":"https:\/\/roveyayinevi.com.tr\/index.php\/wp-json\/wp\/v2\/product_brand?post=764190"},{"taxonomy":"product_cat","embeddable":true,"href":"https:\/\/roveyayinevi.com.tr\/index.php\/wp-json\/wp\/v2\/product_cat?post=764190"},{"taxonomy":"product_tag","embeddable":true,"href":"https:\/\/roveyayinevi.com.tr\/index.php\/wp-json\/wp\/v2\/product_tag?post=764190"}],"curies":[{"name":"wp","href":"https:\/\/api.w.org\/{rel}","templated":true}]}}