{"id":764187,"date":"2025-08-28T11:02:23","date_gmt":"2025-08-28T08:02:23","guid":{"rendered":"https:\/\/roveyayinevi.com.tr\/index.php\/urun\/dengeleme-stratejisi-baglaminda-ozbekistan-dis-politikasi\/"},"modified":"2026-04-15T03:29:54","modified_gmt":"2026-04-15T00:29:54","slug":"dengeleme-stratejisi-baglaminda-ozbekistan-dis-politikasi","status":"publish","type":"product","link":"https:\/\/roveyayinevi.com.tr\/index.php\/urun\/dengeleme-stratejisi-baglaminda-ozbekistan-dis-politikasi\/","title":{"rendered":"Dengeleme Stratejisi Ba\u011flam\u0131nda \u00d6zbekistan D\u0131\u015f Politikas\u0131"},"content":{"rendered":"<p>T\u00fcrk D\u00fcnyas\u0131\u2019n\u0131n kadim \u015fehirlerine ve topraklar\u0131na ev sahipli\u011fi yapan \u00d6zbekistan\u2019\u0131n; Devlet Ba\u015fkan\u0131 \u0130slam Kerimov ile ba\u011f\u0131ms\u0131zl\u0131\u011f\u0131na ve istikrar\u0131na kavu\u015fmas\u0131n\u0131n, Devlet Ba\u015fkan\u0131 \u015eevket Mirziyoyev ile de kurumsal yap\u0131s\u0131n\u0131 g\u00fc\u00e7lendirmesinin dengeleme stratejisi kuramsal \u00e7er\u00e7evesinde de\u011ferlendirilmesi, sadece \u00d6zbekistan\u2019\u0131n anla\u015f\u0131lmas\u0131n\u0131 sa\u011flamayacak b\u00fcy\u00fck g\u00fc\u00e7lere kom\u015fu ve\/veya onlar\u0131n rekabet alan\u0131nda bulunan t\u00fcm devletlerin incelenmesinde metodolojisi ile literat\u00fcrde kaynak eser olarak yer alacakt\u0131r. Do\u00e7. Dr. G\u00fcng\u00f6r \u015eAH\u0130N Bu kitap, \u00d6zbekistan\u2019\u0131n ba\u011f\u0131ms\u0131zl\u0131k sonras\u0131 d\u0131\u015f politika stratejilerini ve bu stratejilerin \u0130slam Kerimov ile \u015eevket Mirziyoyev d\u00f6nemlerindeki evrimini detayl\u0131 bir \u015fekilde ele al\u0131yor. Literat\u00fcrdeki bo\u015fluklar\u0131 doldurmay\u0131 hedefleyen \u00e7al\u0131\u015fma, \u00d6zbekistan\u2019\u0131n b\u00fcy\u00fck g\u00fc\u00e7lerle ili\u015fkilerini dengeleme stratejisi ba\u011flam\u0131nda incelerken ayn\u0131 zamanda \u00fclkenin ba\u011f\u0131ms\u0131zl\u0131k sonras\u0131 ulus in\u015fas\u0131 s\u00fcrecine ve bu s\u00fcrecin d\u0131\u015f politikaya etkilerine de \u0131\u015f\u0131k tutuyor. Prof. Dr. Ya\u015far ONAY \u00d6zbekistan, T\u00fcrk Cumhuriyetleri ve T\u00fcrkiye a\u00e7\u0131s\u0131ndan \u00f6nemli bir \u00fclkedir. Bu eser, kurucu lider ve reformist lider aras\u0131ndaki yakla\u015f\u0131m farkl\u0131l\u0131klar\u0131n\u0131 ortaya koymaktad\u0131r. Uluslararas\u0131 ko\u015fullar \u00e7er\u00e7evesinde her iki liderin de d\u0131\u015f politika stratejisi olarak dengelemeyi \u00f6n plana \u00e7\u0131karmas\u0131 \u00e7arp\u0131c\u0131 ve \u015fa\u015f\u0131rt\u0131c\u0131 bir benzerliktir. \u00d6zbekistan d\u0131\u015f politikas\u0131 ve T\u00fcrkiye \u00d6zbekistan ili\u015fkileri a\u00e7\u0131s\u0131ndan zengin bir i\u00e7erik ve farkl\u0131 bak\u0131\u015f a\u00e7\u0131lar\u0131 i\u00e7eren bu eser T\u00fcrk\u00e7e, \u0130ngilizce, Rus\u00e7a ve \u00d6zbek\u00e7e kaynaklardan yararlan\u0131larak haz\u0131rlanm\u0131\u015ft\u0131r. Do\u00e7. Dr. Zeynep SEL\u00c7UK \u00d6zbekistan\u2019\u0131n makro politikalar\u0131 a\u00e7\u0131s\u0131ndan siyasal elitlerin dengeleme stratejisinin gelecekte \u00fclkenin yerini belirlemesi i\u00e7in bu \u00e7al\u0131\u015fman\u0131n \u00f6zg\u00fcnl\u00fc\u011f\u00fc ve alana katk\u0131s\u0131 \u00f6nem arz etmektedir. Prof. Dr. Yunus YOLDA\u015e Bu konunun \u00fczerinde ciddi ara\u015ft\u0131rmalar yap\u0131lm\u0131\u015f saha \u00e7al\u0131\u015fmalar\u0131yla zenginle\u015ftirilmi\u015f r\u00f6portajlarla ayr\u0131 bir bak\u0131\u015f a\u00e7\u0131s\u0131 kazand\u0131r\u0131lm\u0131\u015f hem bilimsel olarak literat\u00fcre katk\u0131 sa\u011flayacak hem de g\u00fcn\u00fcm\u00fcze ve gelece\u011fe \u0131\u015f\u0131k tutacak bu \u00e7ok ba\u015far\u0131l\u0131 eser olmu\u015f. Prof. Dr. \u0130. Burak K\u00dcNTAY Tarihsel k\u00f6keni, n\u00fcfus yap\u0131s\u0131 ve stratejik konumu \u00d6zbekistan olmadan bir T\u00fcrk entegrasyonunu zor k\u0131lar. T\u00fcrkiye\u2019de \u00d6zbekistan \u00fczerine yap\u0131lan \u00e7al\u0131\u015fmalar genellikle tarih, k\u00fclt\u00fcr ve dil alanlar\u0131n\u0131 kapsamakta. Argal\u0131\u2019n\u0131n \u00d6zbekistan d\u0131\u015f politikas\u0131n\u0131 iki lider \u00fczerinden de\u011ferlendirmesi T\u00fcrkiye\u2019deki literat\u00fcr bo\u015flu\u011funu doldurma a\u00e7\u0131s\u0131ndan \u00e7ok \u00f6nemli. Yazar\u0131n Rus\u00e7a kaynaklar\u0131 kullanmas\u0131 ise kitab\u0131 \u00e7ok daha de\u011ferli k\u0131l\u0131yor. Alan \u00e7al\u0131\u015fanlar i\u00e7in bir ba\u015fucu kitab\u0131 olacak nitelikte\u2026. Prof. Dr. R. Kutay KARACA Lisans e\u011fitiminden itibaren akademik geli\u015fimini takip etti\u011fim Dr. Argal\u0131\u2019n\u0131n doktora tezinin kitapla\u015ft\u0131r\u0131lm\u0131\u015f halinin sadece \u00d6zbekistan \u00f6zelinde T\u00fcrk D\u00fcnyas\u0131 \u00fczerine akademik literat\u00fcre katk\u0131 sa\u011flamakla kalmad\u0131\u011f\u0131n\u0131 ayn\u0131 zamanda bir doktora tezinde olmas\u0131 gerek alan ara\u015ft\u0131rmas\u0131n\u0131n ne kadar \u00f6nemli oldu\u011funu da bizlere g\u00f6sterdi\u011fini d\u00fc\u015f\u00fcn\u00fcyorum. Okuyucusu bol olsun\u2026 Prof. Dr. Bar\u0131\u015f \u00d6ZDAL<\/p>\n","protected":false},"excerpt":{"rendered":"<p>T\u00fcrk D\u00fcnyas\u0131\u2019n\u0131n kadim \u015fehirlerine ve topraklar\u0131na ev sahipli\u011fi yapan \u00d6zbekistan\u2019\u0131n; Devlet Ba\u015fkan\u0131 \u0130slam Kerimov ile ba\u011f\u0131ms\u0131zl\u0131\u011f\u0131na ve istikrar\u0131na kavu\u015fmas\u0131n\u0131n, Devlet Ba\u015fkan\u0131 \u015eevket Mirziyoyev ile de kurumsal<span class=\"excerpt-hellip\"> [\u2026]<\/span><\/p>\n","protected":false},"featured_media":0,"template":"","meta":{"_monsterinsights_skip_tracking":false,"_monsterinsights_sitenote_active":false,"_monsterinsights_sitenote_note":"","_monsterinsights_sitenote_category":0},"product_brand":[],"product_cat":[13590,12337],"product_tag":[],"class_list":{"0":"post-764187","1":"product","2":"type-product","3":"status-publish","5":"product_cat-arastirma-inceleme-politika-siyaset","6":"product_cat-politika-siyaset","7":"pa_cilt-ciltsiz","8":"pa_tur-kitap","9":"pa_yayinevi-astana-yayinlari","10":"pa_yazar-medihanur-argali","12":"first","13":"instock","14":"sale","15":"shipping-taxable","16":"purchasable","17":"product-type-simple"},"_links":{"self":[{"href":"https:\/\/roveyayinevi.com.tr\/index.php\/wp-json\/wp\/v2\/product\/764187","targetHints":{"allow":["GET"]}}],"collection":[{"href":"https:\/\/roveyayinevi.com.tr\/index.php\/wp-json\/wp\/v2\/product"}],"about":[{"href":"https:\/\/roveyayinevi.com.tr\/index.php\/wp-json\/wp\/v2\/types\/product"}],"wp:attachment":[{"href":"https:\/\/roveyayinevi.com.tr\/index.php\/wp-json\/wp\/v2\/media?parent=764187"}],"wp:term":[{"taxonomy":"product_brand","embeddable":true,"href":"https:\/\/roveyayinevi.com.tr\/index.php\/wp-json\/wp\/v2\/product_brand?post=764187"},{"taxonomy":"product_cat","embeddable":true,"href":"https:\/\/roveyayinevi.com.tr\/index.php\/wp-json\/wp\/v2\/product_cat?post=764187"},{"taxonomy":"product_tag","embeddable":true,"href":"https:\/\/roveyayinevi.com.tr\/index.php\/wp-json\/wp\/v2\/product_tag?post=764187"}],"curies":[{"name":"wp","href":"https:\/\/api.w.org\/{rel}","templated":true}]}}