{"id":764173,"date":"2025-08-28T11:02:03","date_gmt":"2025-08-28T08:02:03","guid":{"rendered":"https:\/\/roveyayinevi.com.tr\/index.php\/urun\/1918-1920-yillarinda-turkiye-yenilgiden-zafere-dogru\/"},"modified":"2026-04-15T03:29:53","modified_gmt":"2026-04-15T00:29:53","slug":"1918-1920-yillarinda-turkiye-yenilgiden-zafere-dogru","status":"publish","type":"product","link":"https:\/\/roveyayinevi.com.tr\/index.php\/urun\/1918-1920-yillarinda-turkiye-yenilgiden-zafere-dogru\/","title":{"rendered":"1918-1920 Y\u0131llar\u0131nda T\u00fcrkiye: Yenilgiden Zafere Do\u011fru"},"content":{"rendered":"<p>T\u00fcrkiye 1918-1920.Y\u0131llar\u0131nda: Yenilgiden Zafere (\u201cAzerbaycan\u201d gazetesi materyalleri esas\u0131nda 1918 &#8211; 1920) Okuyuculara sunulan bu eserde, Birinci D\u00fcnya Sava\u015f\u0131 sonras\u0131ndaki (Birinci D\u00fcnya Sava\u015f\u0131&#8217;n\u0131n son y\u0131l\u0131 olan 1918 Eyl\u00fcl ay\u0131 ile 28 Nisan 1920 aras\u0131 d\u00f6neminde T\u00fcrkiye&#8217;nin durumu anlat\u0131yor. Kitapta yazar, a\u011f\u0131rl\u0131kl\u0131 olarak &#8220;Azerbaycan&#8221; gazetesinin sayfalar\u0131nda yay\u0131nlanan materyallerden ve durumla ilgili yay\u0131mlanan baz\u0131 bilimsel ara\u015ft\u0131rma \u00e7al\u0131\u015fmalar\u0131ndan yararlanarak T\u00fcrkiye&#8217;nin i\u00e7 ve d\u0131\u015f durumunu analiz ediyor. Eserde ayn\u0131 zamanda d\u00fcnya M\u00fcsl\u00fcmanlar\u0131n\u0131n T\u00fcrkiye&#8217;nin gelecekteki kaderine kay\u0131ts\u0131z kalmad\u0131\u011f\u0131 ve T\u00fcrk milletinin Mustafa Kemal Pa\u015fa \u00f6nderli\u011finde i\u015fgalci g\u00fc\u00e7lere kar\u015f\u0131 verdi\u011fi \u00f6zg\u00fcrl\u00fck m\u00fccadelesinin alt\u0131 \u00e7iziliyor. Eser ara\u015ft\u0131rmac\u0131lara, \u00f6\u011frencilere ve genel okuyuculara y\u00f6neliktir.<\/p>\n","protected":false},"excerpt":{"rendered":"<p>T\u00fcrkiye 1918-1920.Y\u0131llar\u0131nda: Yenilgiden Zafere (\u201cAzerbaycan\u201d gazetesi materyalleri esas\u0131nda 1918 &#8211; 1920) Okuyuculara sunulan bu eserde, Birinci D\u00fcnya Sava\u015f\u0131 sonras\u0131ndaki (Birinci D\u00fcnya Sava\u015f\u0131&#8217;n\u0131n son y\u0131l\u0131 olan 1918<span class=\"excerpt-hellip\"> [\u2026]<\/span><\/p>\n","protected":false},"featured_media":0,"template":"","meta":{"_monsterinsights_skip_tracking":false,"_monsterinsights_sitenote_active":false,"_monsterinsights_sitenote_note":"","_monsterinsights_sitenote_category":0},"product_brand":[],"product_cat":[12337,14543],"product_tag":[],"class_list":{"0":"post-764173","1":"product","2":"type-product","3":"status-publish","5":"product_cat-politika-siyaset","6":"product_cat-turkiye-siyaseti-ve-politikasi","7":"pa_cilt-ciltsiz","8":"pa_tur-kitap","9":"pa_yayinevi-astana-yayinlari","10":"pa_yazar-vagif-sirinoglu","12":"first","13":"instock","14":"sale","15":"shipping-taxable","16":"purchasable","17":"product-type-simple"},"_links":{"self":[{"href":"https:\/\/roveyayinevi.com.tr\/index.php\/wp-json\/wp\/v2\/product\/764173","targetHints":{"allow":["GET"]}}],"collection":[{"href":"https:\/\/roveyayinevi.com.tr\/index.php\/wp-json\/wp\/v2\/product"}],"about":[{"href":"https:\/\/roveyayinevi.com.tr\/index.php\/wp-json\/wp\/v2\/types\/product"}],"wp:attachment":[{"href":"https:\/\/roveyayinevi.com.tr\/index.php\/wp-json\/wp\/v2\/media?parent=764173"}],"wp:term":[{"taxonomy":"product_brand","embeddable":true,"href":"https:\/\/roveyayinevi.com.tr\/index.php\/wp-json\/wp\/v2\/product_brand?post=764173"},{"taxonomy":"product_cat","embeddable":true,"href":"https:\/\/roveyayinevi.com.tr\/index.php\/wp-json\/wp\/v2\/product_cat?post=764173"},{"taxonomy":"product_tag","embeddable":true,"href":"https:\/\/roveyayinevi.com.tr\/index.php\/wp-json\/wp\/v2\/product_tag?post=764173"}],"curies":[{"name":"wp","href":"https:\/\/api.w.org\/{rel}","templated":true}]}}