{"id":764155,"date":"2025-08-28T11:01:38","date_gmt":"2025-08-28T08:01:38","guid":{"rendered":"https:\/\/roveyayinevi.com.tr\/index.php\/urun\/bilgi-sistemlerinin-denetimi-ve-turk-bankacilik-sektoru-uygulamasi\/"},"modified":"2026-04-15T03:29:53","modified_gmt":"2026-04-15T00:29:53","slug":"bilgi-sistemlerinin-denetimi-ve-turk-bankacilik-sektoru-uygulamasi","status":"publish","type":"product","link":"https:\/\/roveyayinevi.com.tr\/index.php\/urun\/bilgi-sistemlerinin-denetimi-ve-turk-bankacilik-sektoru-uygulamasi\/","title":{"rendered":"Bilgi Sistemlerinin Denetimi ve T\u00fcrk Bankac\u0131l\u0131k Sekt\u00f6r\u00fc Uygulamas\u0131"},"content":{"rendered":"<p>&#8216;Son y\u0131llarda ya\u015fanan bili\u015fim teknolojilerindeki ilerlemeler ve internetin t\u00fcm d\u00fcnyada yayg\u0131nla\u015fmas\u0131, organizasyonlar\u0131n bilgi sistemleri g\u00fcvenli\u011fi sorunuyla kar\u015f\u0131 kar\u015f\u0131ya kalmalar\u0131na neden olmu\u015ftur. Bu nedenle t\u00fcm i\u015fletmeler, bilgi sistemlerinin dizayn edilmesinde ve faaliyetlerini s\u00fcrd\u00fcrmesinde g\u00fcvenli\u011fe \u00f6ncelik vermi\u015flerdir. G\u00fcvenli\u011fin yan\u0131nda bilgi sistemlerine ait kaynaklar\u0131n organizasyonun ama\u00e7lar\u0131na uygun ula\u015ft\u0131r\u0131c\u0131 nitelikte olmas\u0131 yani bilgi sistemlerinin etkinli\u011finin sa\u011flanmas\u0131 ve kullan\u0131lan kaynaklarla bilgi sistemlerinden elde edilen \u00e7\u0131kt\u0131lar aras\u0131ndaki ili\u015fki yani verimlili\u011fin elde edilmesi, organizasyonlar\u0131n bilgi sistemleriyle ilgili yap\u0131lan \u00e7al\u0131\u015fmalar\u0131n ba\u015f\u0131nda yer almaktad\u0131r. Bilgi sistemleri g\u00fcvenli\u011finin, etkin ve verimlili\u011finin sa\u011flanmas\u0131nda d\u00fczenli kontrol \u00e7al\u0131\u015fmalar\u0131n\u0131n yan\u0131nda denetim \u00e7al\u0131\u015fmalar\u0131n\u0131n da s\u00fcrd\u00fcr\u00fclmesi, organizasyonlara hizmet eden \u00f6nemli bir ara\u00e7 olarak g\u00f6rev yapmaktad\u0131r. Geleneksel denetim disiplini alt\u0131nda son y\u0131llarda ayr\u0131 bir disiplin haline gelen bilgi sistemleri denetimi, organizasyonlar\u0131n\u0131n fonksiyonlar\u0131nda bilgi sistemlerini yayg\u0131n olarak kullanan i\u015fletmeler i\u00e7in vazge\u00e7ilmez olmu\u015ftur.&#8221; Dr. Orkun \u0130\u00e7ten&#8217;in 2002 Y\u0131l\u0131 Kas\u0131m ay\u0131nda kabul edilen doktora tezinden t\u00fcretilen bu kitap, bilgi sistemleri denetimi konusunda genel bilgiye ve sistematik yakla\u015f\u0131ma sahip olmak isteyenlere destek olmak amac\u0131yla haz\u0131rlanm\u0131\u015ft\u0131r. Dr. Orkun \u0130\u00e7ten, YMM, BD, CMA<\/p>\n","protected":false},"excerpt":{"rendered":"<p>&#8216;Son y\u0131llarda ya\u015fanan bili\u015fim teknolojilerindeki ilerlemeler ve internetin t\u00fcm d\u00fcnyada yayg\u0131nla\u015fmas\u0131, organizasyonlar\u0131n bilgi sistemleri g\u00fcvenli\u011fi sorunuyla kar\u015f\u0131 kar\u015f\u0131ya kalmalar\u0131na neden olmu\u015ftur. Bu nedenle t\u00fcm i\u015fletmeler, bilgi<span class=\"excerpt-hellip\"> [\u2026]<\/span><\/p>\n","protected":false},"featured_media":0,"template":"","meta":{"_monsterinsights_skip_tracking":false,"_monsterinsights_sitenote_active":false,"_monsterinsights_sitenote_note":"","_monsterinsights_sitenote_category":0},"product_brand":[],"product_cat":[13043,14381],"product_tag":[],"class_list":{"0":"post-764155","1":"product","2":"type-product","3":"status-publish","5":"product_cat-ekonomi","6":"product_cat-isletme-muhasebe-maliye","7":"pa_cilt-ciltsiz","8":"pa_tur-kitap","9":"pa_yayinevi-astana-yayinlari","10":"pa_yazar-dr-orkun-icten","12":"first","13":"instock","14":"sale","15":"shipping-taxable","16":"purchasable","17":"product-type-simple"},"_links":{"self":[{"href":"https:\/\/roveyayinevi.com.tr\/index.php\/wp-json\/wp\/v2\/product\/764155","targetHints":{"allow":["GET"]}}],"collection":[{"href":"https:\/\/roveyayinevi.com.tr\/index.php\/wp-json\/wp\/v2\/product"}],"about":[{"href":"https:\/\/roveyayinevi.com.tr\/index.php\/wp-json\/wp\/v2\/types\/product"}],"wp:attachment":[{"href":"https:\/\/roveyayinevi.com.tr\/index.php\/wp-json\/wp\/v2\/media?parent=764155"}],"wp:term":[{"taxonomy":"product_brand","embeddable":true,"href":"https:\/\/roveyayinevi.com.tr\/index.php\/wp-json\/wp\/v2\/product_brand?post=764155"},{"taxonomy":"product_cat","embeddable":true,"href":"https:\/\/roveyayinevi.com.tr\/index.php\/wp-json\/wp\/v2\/product_cat?post=764155"},{"taxonomy":"product_tag","embeddable":true,"href":"https:\/\/roveyayinevi.com.tr\/index.php\/wp-json\/wp\/v2\/product_tag?post=764155"}],"curies":[{"name":"wp","href":"https:\/\/api.w.org\/{rel}","templated":true}]}}