{"id":764151,"date":"2025-08-28T11:01:33","date_gmt":"2025-08-28T08:01:33","guid":{"rendered":"https:\/\/roveyayinevi.com.tr\/index.php\/urun\/mucizeler-nefesle-baslar\/"},"modified":"2026-04-15T03:29:53","modified_gmt":"2026-04-15T00:29:53","slug":"mucizeler-nefesle-baslar","status":"publish","type":"product","link":"https:\/\/roveyayinevi.com.tr\/index.php\/urun\/mucizeler-nefesle-baslar\/","title":{"rendered":"Mucizeler Nefesle Ba\u015flar"},"content":{"rendered":"<p>Ben de senin gibi y\u0131llard\u0131r sa\u011fl\u0131\u011f\u0131 ve mutlulu\u011fu d\u0131\u015far\u0131daki insanlarda, yiyeceklerde, i\u015flerde, durumlarda, mevkiilerde ve ba\u015fka yerlerde arad\u0131m \u00e7\u00fcnk\u00fc beynim vesveselerle doluydu sa\u011fl\u0131kl\u0131 d\u00fc\u015f\u00fcnemiyordum ve zihnim s\u00fcrekli bana negatif konu\u015fuyordu. Ger\u00e7ek mucizenin i\u00e7imde oldu\u011funun bana \u015fah damar\u0131mdan daha yak\u0131n\u0131mda \u201cNefesimde\u201d oldu\u011funun bilincinde ve fark\u0131nda de\u011fildim. \u201cAnd olsunki insan\u0131 biz yaratt\u0131k ve nefsinin ona neler f\u0131s\u0131ldad\u0131\u011f\u0131n\u0131 biliriz. \u00c7\u00fcnk\u00fc biz ona, \u015fah damar\u0131ndan daha yak\u0131n\u0131z.\u201d Kaf suresi 16.ayet Nefesimle tan\u0131\u015f\u0131nca enerjim y\u00fckseldi, fark\u0131ndal\u0131\u011f\u0131m artt\u0131 ve sonucunda da fiziksel, zihinsel, duygusal ve ruhsal olarak hayat\u0131mda her \u015fey dengeye geldi. Sonra anlad\u0131m ki hayat\u0131n ne bana ne de kimseye kar\u015f\u0131 bir al\u0131p veremedi\u011fi yok sadece biz hangi frekansta titre\u015fiyorsak ona g\u00f6re rezone olan enerjileri kendimize \u00e7ekiyoruz ve hayat\u0131m\u0131z\u0131 ona g\u00f6re ya\u015f\u0131yoruz. Enerji seviyemize g\u00f6re her \u015feyi alg\u0131l\u0131yor ve sonucunda d\u0131\u015far\u0131da madde d\u00fcnyas\u0131nda da onu ya\u015f\u0131yoruz. Hayatta her \u015feyin bir dengesi oldu\u011fu gibi nefesinde bir dengesi var ve e\u011fer nefesimiz dengede de\u011filse bedenen, zihnen ve ruhen ya\u015fam\u0131n her alan\u0131nda dengeyi kaybediyoruz. Nefes bilin\u00e7 seviyemi y\u00fckselterek beni dengeye getirdi ve bana mucizelerimi g\u00f6stererek en iyi versiyonuma ula\u015fmam\u0131 sa\u011flad\u0131. Sen de bu kitab\u0131n i\u00e7indeki nefes \u00e7al\u0131\u015fmalar\u0131n\u0131 uygulayarak enerjini ve bilincini y\u00fckseltebilir b\u00f6ylelikle dengeye gelebilirsin. \u201cBir insan\u0131n en a\u011f\u0131r y\u00fck\u00fc, ger\u00e7ekle\u015ftiremedi\u011fi potansiyelidir.\u201d Charles Schulz Niyetim; nefesinin sana mucizelerini g\u00f6stererek katk\u0131 olmas\u0131 ve seni en iyi versiyonuna ula\u015ft\u0131rarak, sana ger\u00e7ek seni hediye etmesidir. Sevgilerimle, Demet K\u0131l\u0131n\u00e7<\/p>\n","protected":false},"excerpt":{"rendered":"<p>Ben de senin gibi y\u0131llard\u0131r sa\u011fl\u0131\u011f\u0131 ve mutlulu\u011fu d\u0131\u015far\u0131daki insanlarda, yiyeceklerde, i\u015flerde, durumlarda, mevkiilerde ve ba\u015fka yerlerde arad\u0131m \u00e7\u00fcnk\u00fc beynim vesveselerle doluydu sa\u011fl\u0131kl\u0131 d\u00fc\u015f\u00fcnemiyordum ve zihnim<span class=\"excerpt-hellip\"> [\u2026]<\/span><\/p>\n","protected":false},"featured_media":0,"template":"","meta":{"_monsterinsights_skip_tracking":false,"_monsterinsights_sitenote_active":false,"_monsterinsights_sitenote_note":"","_monsterinsights_sitenote_category":0},"product_brand":[],"product_cat":[12777,12291],"product_tag":[],"class_list":{"0":"post-764151","1":"product","2":"type-product","3":"status-publish","5":"product_cat-deneme","6":"product_cat-edebiyat","7":"pa_cilt-ciltsiz","8":"pa_tur-kitap","9":"pa_yayinevi-astana-yayinlari","10":"pa_yazar-demet-kilinc","12":"first","13":"instock","14":"sale","15":"shipping-taxable","16":"purchasable","17":"product-type-simple"},"_links":{"self":[{"href":"https:\/\/roveyayinevi.com.tr\/index.php\/wp-json\/wp\/v2\/product\/764151","targetHints":{"allow":["GET"]}}],"collection":[{"href":"https:\/\/roveyayinevi.com.tr\/index.php\/wp-json\/wp\/v2\/product"}],"about":[{"href":"https:\/\/roveyayinevi.com.tr\/index.php\/wp-json\/wp\/v2\/types\/product"}],"wp:attachment":[{"href":"https:\/\/roveyayinevi.com.tr\/index.php\/wp-json\/wp\/v2\/media?parent=764151"}],"wp:term":[{"taxonomy":"product_brand","embeddable":true,"href":"https:\/\/roveyayinevi.com.tr\/index.php\/wp-json\/wp\/v2\/product_brand?post=764151"},{"taxonomy":"product_cat","embeddable":true,"href":"https:\/\/roveyayinevi.com.tr\/index.php\/wp-json\/wp\/v2\/product_cat?post=764151"},{"taxonomy":"product_tag","embeddable":true,"href":"https:\/\/roveyayinevi.com.tr\/index.php\/wp-json\/wp\/v2\/product_tag?post=764151"}],"curies":[{"name":"wp","href":"https:\/\/api.w.org\/{rel}","templated":true}]}}