{"id":764141,"date":"2025-08-28T11:01:20","date_gmt":"2025-08-28T08:01:20","guid":{"rendered":"https:\/\/roveyayinevi.com.tr\/index.php\/urun\/kayitdisi-ekonomi\/"},"modified":"2026-04-15T03:29:53","modified_gmt":"2026-04-15T00:29:53","slug":"kayitdisi-ekonomi","status":"publish","type":"product","link":"https:\/\/roveyayinevi.com.tr\/index.php\/urun\/kayitdisi-ekonomi\/","title":{"rendered":"Kay\u0131td\u0131\u015f\u0131 Ekonomi"},"content":{"rendered":"<p>\u2018Kay\u0131td\u0131\u015f\u0131 Ekonomi\u2019 kitab\u0131nda d\u00fcnden bug\u00fcne \u00fclkelerin m\u00fccadele etti\u011fi \u00f6nemli bir makroekonomik sorun olan kay\u0131td\u0131\u015f\u0131 ekonomi kavram\u0131 t\u00fcm y\u00f6nleri ile ele al\u0131nmakta ve detayl\u0131 \u015fekilde incelenmektedir.  Okuyucuya s\u00f6z konusu kavram\u0131 t\u00fcm y\u00f6nleriyle aktarabilmek bak\u0131m\u0131ndan kay\u0131td\u0131\u015f\u0131 ekonomi kavram\u0131n\u0131n tan\u0131m\u0131na, \u00f6zelliklerine, \u00e7e\u015fitlerine, ortaya \u00e7\u0131k\u0131\u015f nedenleri ve yaratm\u0131\u015f oldu\u011fu etkilere de\u011finilmektedir. Akademik \u00e7al\u0131\u015fmalara da referans olmas\u0131 hedeflenen kitapta kay\u0131td\u0131\u015f\u0131 ekonominin \u00f6l\u00e7\u00fcm y\u00f6ntemlerine de yer verilir iken, ayn\u0131 zamanda yasad\u0131\u015f\u0131 kazan\u00e7 (karapara) kavram\u0131 ile kay\u0131td\u0131\u015f\u0131 ekonomi ili\u015fkisine a\u00e7\u0131kl\u0131k getirilmektedir. D\u00fcnya\u2019da ve T\u00fcrkiye\u2019de kay\u0131td\u0131\u015f\u0131 ekonomi ve uygulanan politikalar\u0131n da aktar\u0131ld\u0131\u011f\u0131 kitapta, benzer \u00e7al\u0131\u015fmalardan farkl\u0131 olarak dijital teknolojiler ve dijitalle\u015fen d\u00fcnyan\u0131n kay\u0131td\u0131\u015f\u0131 ekonomi \u00fczerindeki muhtemel etkileri de de\u011ferlendirilmektedir.  Okuyucuya k\u0131sa ve \u00f6zl\u00fc bir aktar\u0131m ile bilgi sunulmas\u0131 ve okuyucunun konu hakk\u0131ndaki mevcut bilgilerinin artt\u0131r\u0131lmas\u0131 hedeflenmektedir.<\/p>\n","protected":false},"excerpt":{"rendered":"<p>\u2018Kay\u0131td\u0131\u015f\u0131 Ekonomi\u2019 kitab\u0131nda d\u00fcnden bug\u00fcne \u00fclkelerin m\u00fccadele etti\u011fi \u00f6nemli bir makroekonomik sorun olan kay\u0131td\u0131\u015f\u0131 ekonomi kavram\u0131 t\u00fcm y\u00f6nleri ile ele al\u0131nmakta ve detayl\u0131 \u015fekilde incelenmektedir. Okuyucuya<span class=\"excerpt-hellip\"> [\u2026]<\/span><\/p>\n","protected":false},"featured_media":0,"template":"","meta":{"_monsterinsights_skip_tracking":false,"_monsterinsights_sitenote_active":false,"_monsterinsights_sitenote_note":"","_monsterinsights_sitenote_category":0},"product_brand":[],"product_cat":[14841,13043],"product_tag":[],"class_list":{"0":"post-764141","1":"product","2":"type-product","3":"status-publish","5":"product_cat-arastirma-inceleme-kuram","6":"product_cat-ekonomi","7":"pa_cilt-ciltsiz","8":"pa_tur-kitap","9":"pa_yayinevi-astana-yayinlari","10":"pa_yazar-dr-arzu-nese-bakkaloglu","12":"first","13":"instock","14":"sale","15":"shipping-taxable","16":"purchasable","17":"product-type-simple"},"_links":{"self":[{"href":"https:\/\/roveyayinevi.com.tr\/index.php\/wp-json\/wp\/v2\/product\/764141","targetHints":{"allow":["GET"]}}],"collection":[{"href":"https:\/\/roveyayinevi.com.tr\/index.php\/wp-json\/wp\/v2\/product"}],"about":[{"href":"https:\/\/roveyayinevi.com.tr\/index.php\/wp-json\/wp\/v2\/types\/product"}],"wp:attachment":[{"href":"https:\/\/roveyayinevi.com.tr\/index.php\/wp-json\/wp\/v2\/media?parent=764141"}],"wp:term":[{"taxonomy":"product_brand","embeddable":true,"href":"https:\/\/roveyayinevi.com.tr\/index.php\/wp-json\/wp\/v2\/product_brand?post=764141"},{"taxonomy":"product_cat","embeddable":true,"href":"https:\/\/roveyayinevi.com.tr\/index.php\/wp-json\/wp\/v2\/product_cat?post=764141"},{"taxonomy":"product_tag","embeddable":true,"href":"https:\/\/roveyayinevi.com.tr\/index.php\/wp-json\/wp\/v2\/product_tag?post=764141"}],"curies":[{"name":"wp","href":"https:\/\/api.w.org\/{rel}","templated":true}]}}