{"id":764140,"date":"2025-08-28T11:01:18","date_gmt":"2025-08-28T08:01:18","guid":{"rendered":"https:\/\/roveyayinevi.com.tr\/index.php\/urun\/igdir-ilinde-seracilik-sektorunun-surdurulebilirlik-stratejileri-ve-yesil-ekonomi-modeli-onerisi-jeotermal-seracilik\/"},"modified":"2026-04-15T03:29:53","modified_gmt":"2026-04-15T00:29:53","slug":"igdir-ilinde-seracilik-sektorunun-surdurulebilirlik-stratejileri-ve-yesil-ekonomi-modeli-onerisi-jeotermal-seracilik","status":"publish","type":"product","link":"https:\/\/roveyayinevi.com.tr\/index.php\/urun\/igdir-ilinde-seracilik-sektorunun-surdurulebilirlik-stratejileri-ve-yesil-ekonomi-modeli-onerisi-jeotermal-seracilik\/","title":{"rendered":"I\u011fd\u0131r \u0130linde Serac\u0131l\u0131k Sekt\u00f6r\u00fcn\u00fcn S\u00fcrd\u00fcr\u00fclebilirlik Stratejileri ve Ye\u015fil Ekonomi Modeli \u00d6nerisi: Jeotermal Serac\u0131l\u0131k"},"content":{"rendered":"<p>\u0130nsan ve teknoloji enerjiye her ge\u00e7en g\u00fcn daha fazla ba\u011f\u0131ml\u0131 hale gelmektedir. Enerji kaynaklar\u0131n\u0131n s\u0131n\u0131rl\u0131 olmas\u0131, d\u00fcnya n\u00fcfus dinamikleri, sanayile\u015fme, teknolojik geli\u015fmeler do\u011fan\u0131n enerji talebini kar\u015f\u0131layabilme kapasitesini giderek azalmaktad\u0131r. Bununla birlikte iklim de\u011fi\u015fiklikleri, CO2 sal\u0131n\u0131m\u0131, ortaya \u00e7\u0131kan kirlilik \u00e7evrenin s\u00fcrd\u00fcr\u00fclebilirli\u011fini de tehdit etmektedir. Ortaya \u00e7\u0131kan do\u011fa felaketleri tar\u0131m sekt\u00f6r\u00fc gibi do\u011frudan iklime ba\u011fl\u0131 sekt\u00f6rleri de tehdit etmektedir. Dolay\u0131s\u0131yla g\u0131da arz\u0131n\u0131n s\u00fcrd\u00fcr\u00fclebilirli\u011fi i\u00e7in yeni modellemelere ve stratejilere ihtiya\u00e7 vard\u0131r.<br \/>\u0130klime ba\u011f\u0131ml\u0131 olmadan y\u0131l boyu \u00fcretim yapabilmeyi sa\u011flayan ve s\u00fcrd\u00fcr\u00fclebilirli\u011fi a\u00e7\u0131s\u0131ndan stratejik bir sekt\u00f6r olan serac\u0131l\u0131\u011f\u0131n girdi maliyetlerini azaltacak ve enerji verimlili\u011fini artt\u0131racak yeni ekonomi modeli ve serac\u0131l\u0131k sekt\u00f6r\u00fcn\u00fcn s\u00fcrd\u00fcr\u00fclebilirlik stratejileri belirlenmelidir. Mikroklima iklim, jeolojik, \u00e7evre vb. \u00f6zellikleri dikkate al\u0131nd\u0131\u011f\u0131nda yap\u0131lan \u00e7al\u0131\u015fmalar g\u00f6stermektedir ki I\u011fd\u0131r ilinin yenilenebilir enerji t\u00fcrlerinden olan jeotermal enerji \u00fcretimi a\u00e7\u0131s\u0131ndan potansiyele sahip oldu\u011fu g\u00f6r\u00fclmektedir. Bu potansiyelin ortaya kondu\u011fu bu \u00e7al\u0131\u015fmada jeotermal kaynaklar\u0131n olas\u0131 yerleri i\u015faretlenmi\u015ftir. Yat\u0131r\u0131mc\u0131lara jeotermal kaynak bulma ve jeotermal sera yat\u0131r\u0131m\u0131 yapma konusunda bir yol haritas\u0131 olmas\u0131 i\u00e7in haz\u0131rlanan bu kitapta ilin serac\u0131l\u0131k sekt\u00f6r\u00fcn\u00fcn s\u00fcrd\u00fcr\u00fclebilir geli\u015fimini sa\u011flayacak stratejilerde sunulmu\u015ftur.<\/p>\n","protected":false},"excerpt":{"rendered":"<p>\u0130nsan ve teknoloji enerjiye her ge\u00e7en g\u00fcn daha fazla ba\u011f\u0131ml\u0131 hale gelmektedir. Enerji kaynaklar\u0131n\u0131n s\u0131n\u0131rl\u0131 olmas\u0131, d\u00fcnya n\u00fcfus dinamikleri, sanayile\u015fme, teknolojik geli\u015fmeler do\u011fan\u0131n enerji talebini kar\u015f\u0131layabilme<span class=\"excerpt-hellip\"> [\u2026]<\/span><\/p>\n","protected":false},"featured_media":0,"template":"","meta":{"_monsterinsights_skip_tracking":false,"_monsterinsights_sitenote_active":false,"_monsterinsights_sitenote_note":"","_monsterinsights_sitenote_category":0},"product_brand":[],"product_cat":[12324],"product_tag":[],"class_list":{"0":"post-764140","1":"product","2":"type-product","3":"status-publish","5":"product_cat-sosyoloji","6":"pa_cilt-ciltsiz","7":"pa_tur-kitap","8":"pa_yayinevi-astana-yayinlari","9":"pa_yazar-dr-ogr-uyesi-ayaz-yusuf-altin","10":"pa_yazar-zafer-tanik","12":"first","13":"instock","14":"sale","15":"shipping-taxable","16":"purchasable","17":"product-type-simple"},"_links":{"self":[{"href":"https:\/\/roveyayinevi.com.tr\/index.php\/wp-json\/wp\/v2\/product\/764140","targetHints":{"allow":["GET"]}}],"collection":[{"href":"https:\/\/roveyayinevi.com.tr\/index.php\/wp-json\/wp\/v2\/product"}],"about":[{"href":"https:\/\/roveyayinevi.com.tr\/index.php\/wp-json\/wp\/v2\/types\/product"}],"wp:attachment":[{"href":"https:\/\/roveyayinevi.com.tr\/index.php\/wp-json\/wp\/v2\/media?parent=764140"}],"wp:term":[{"taxonomy":"product_brand","embeddable":true,"href":"https:\/\/roveyayinevi.com.tr\/index.php\/wp-json\/wp\/v2\/product_brand?post=764140"},{"taxonomy":"product_cat","embeddable":true,"href":"https:\/\/roveyayinevi.com.tr\/index.php\/wp-json\/wp\/v2\/product_cat?post=764140"},{"taxonomy":"product_tag","embeddable":true,"href":"https:\/\/roveyayinevi.com.tr\/index.php\/wp-json\/wp\/v2\/product_tag?post=764140"}],"curies":[{"name":"wp","href":"https:\/\/api.w.org\/{rel}","templated":true}]}}