{"id":764134,"date":"2025-08-28T11:01:10","date_gmt":"2025-08-28T08:01:10","guid":{"rendered":"https:\/\/roveyayinevi.com.tr\/index.php\/urun\/recep-tayyip-erdogan-siyasette-bir-fenomen-2023-turkiye-cumhuriyeti-secimlerinin-sosyolojik-analizi\/"},"modified":"2026-04-15T03:29:52","modified_gmt":"2026-04-15T00:29:52","slug":"recep-tayyip-erdogan-siyasette-bir-fenomen-2023-turkiye-cumhuriyeti-secimlerinin-sosyolojik-analizi","status":"publish","type":"product","link":"https:\/\/roveyayinevi.com.tr\/index.php\/urun\/recep-tayyip-erdogan-siyasette-bir-fenomen-2023-turkiye-cumhuriyeti-secimlerinin-sosyolojik-analizi\/","title":{"rendered":"Recep Tayyip Erdo\u011fan Siyasette Bir Fenomen &#8211; 2023 T\u00fcrkiye Cumhuriyeti Se\u00e7imlerinin Sosyolojik Analizi"},"content":{"rendered":"<p>Bu \u00e7al\u0131\u015fmada T\u00fcrkiye Cumhuriyeti&#8217;nin 2023 cumhurba\u015fkanl\u0131\u011f\u0131 se\u00e7iminin sosyolojik analizine ek olarak, bu \u00fclkedeki siyasi bir fenomen de analiz edilmi\u015ftir.G\u00fcn\u00fcm\u00fczde insan toplumlar\u0131n\u0131 ilgilendiren en \u00f6nemli konulardan biri siyasetle ilgili konulard\u0131r. Siyaset d\u00fcnyas\u0131nda farkl\u0131 d\u00fczeylerde se\u00e7imlerin temel kavramlar\u0131ndan biridir. Ba\u015far\u0131l\u0131 bir siyaset\u00e7i, se\u00e7imlerde rakibini geride b\u0131rakabilen ve sahada galip gelebilen ki\u015fidir. Bu \u00e7a\u011fda yirmi y\u0131l\u0131 a\u015fk\u0131n sahada galip gelebilen bir siyaset\u00e7i, s\u0131radan bir siyaset\u00e7i de\u011fildir, siyasi bir fenomendir. Elinizdeki kitap, T\u00fcrkiye Cumhuriyeti&#8217;nin ve daha do\u011frusu d\u00fcnyan\u0131n siyasi fenomeninden birini yan\u0131 Recep Tayyip Erdo\u011fan\u2019\u0131 ele almaktad\u0131r.<\/p>\n","protected":false},"excerpt":{"rendered":"<p>Bu \u00e7al\u0131\u015fmada T\u00fcrkiye Cumhuriyeti&#8217;nin 2023 cumhurba\u015fkanl\u0131\u011f\u0131 se\u00e7iminin sosyolojik analizine ek olarak, bu \u00fclkedeki siyasi bir fenomen de analiz edilmi\u015ftir.G\u00fcn\u00fcm\u00fczde insan toplumlar\u0131n\u0131 ilgilendiren en \u00f6nemli konulardan biri<span class=\"excerpt-hellip\"> [\u2026]<\/span><\/p>\n","protected":false},"featured_media":0,"template":"","meta":{"_monsterinsights_skip_tracking":false,"_monsterinsights_sitenote_active":false,"_monsterinsights_sitenote_note":"","_monsterinsights_sitenote_category":0},"product_brand":[],"product_cat":[12337],"product_tag":[],"class_list":{"0":"post-764134","1":"product","2":"type-product","3":"status-publish","5":"product_cat-politika-siyaset","6":"pa_cilt-ciltsiz","7":"pa_tur-kitap","8":"pa_yayinevi-astana-yayinlari","9":"pa_yazar-dr-ahmad-jabbari","11":"first","12":"instock","13":"sale","14":"shipping-taxable","15":"purchasable","16":"product-type-simple"},"_links":{"self":[{"href":"https:\/\/roveyayinevi.com.tr\/index.php\/wp-json\/wp\/v2\/product\/764134","targetHints":{"allow":["GET"]}}],"collection":[{"href":"https:\/\/roveyayinevi.com.tr\/index.php\/wp-json\/wp\/v2\/product"}],"about":[{"href":"https:\/\/roveyayinevi.com.tr\/index.php\/wp-json\/wp\/v2\/types\/product"}],"wp:attachment":[{"href":"https:\/\/roveyayinevi.com.tr\/index.php\/wp-json\/wp\/v2\/media?parent=764134"}],"wp:term":[{"taxonomy":"product_brand","embeddable":true,"href":"https:\/\/roveyayinevi.com.tr\/index.php\/wp-json\/wp\/v2\/product_brand?post=764134"},{"taxonomy":"product_cat","embeddable":true,"href":"https:\/\/roveyayinevi.com.tr\/index.php\/wp-json\/wp\/v2\/product_cat?post=764134"},{"taxonomy":"product_tag","embeddable":true,"href":"https:\/\/roveyayinevi.com.tr\/index.php\/wp-json\/wp\/v2\/product_tag?post=764134"}],"curies":[{"name":"wp","href":"https:\/\/api.w.org\/{rel}","templated":true}]}}