{"id":764122,"date":"2025-08-28T11:00:55","date_gmt":"2025-08-28T08:00:55","guid":{"rendered":"https:\/\/roveyayinevi.com.tr\/index.php\/urun\/dini-cogulculuk-din-ici-cogulculuk-ve-turkiye\/"},"modified":"2026-04-15T03:29:52","modified_gmt":"2026-04-15T00:29:52","slug":"dini-cogulculuk-din-ici-cogulculuk-ve-turkiye","status":"publish","type":"product","link":"https:\/\/roveyayinevi.com.tr\/index.php\/urun\/dini-cogulculuk-din-ici-cogulculuk-ve-turkiye\/","title":{"rendered":"Dini \u00c7o\u011fulculuk Din \u0130\u00e7i \u00c7o\u011fulculuk ve T\u00fcrkiye"},"content":{"rendered":"<p>Dini ve din i\u00e7i \u00e7o\u011fulculuk olgusu modern toplumlar\u0131n en \u00e7ok g\u00f6ze \u00e7arpan dini\/k\u00fclt\u00fcrel niteliklerinden biridir. T\u00fcm d\u00fcnyan\u0131n ya\u015fad\u0131\u011f\u0131 \u015fehirle\u015fme, k\u00fcreselle\u015fme, bireyselle\u015fme ve sek\u00fclerle\u015fme s\u00fcre\u00e7leri bu olgunun geli\u015fmesinde ve yay\u0131nla\u015fmas\u0131nda b\u00fcy\u00fck rol oynam\u0131\u015ft\u0131r. G\u00fcn\u00fcm\u00fczde ortaya \u00e7\u0131kan tablo t\u00fcm toplumlar\u0131n hem dini hem de din i\u00e7i \u00e7o\u011fulculuk olgusunu \u2013farkl\u0131 d\u00fczeylerde olsa da- ya\u015famakta olduklar\u0131d\u0131r. Dini ve din i\u00e7i \u00e7o\u011fulculuk olgusunun T\u00fcrkiye\u2019deki yans\u0131mas\u0131na bak\u0131ld\u0131\u011f\u0131nda, bu olgunun daha \u00e7ok din i\u00e7i \u00e7o\u011fulculuk \u015feklinde kendini g\u00f6stermekte oldu\u011fu s\u00f6ylenebilir. T\u00fcrkiye toplumunun tarihsel ve k\u00fcresel fakt\u00f6rlerin etkisiyle bug\u00fcn geni\u015f \u00e7apta bir din i\u00e7i \u00e7o\u011fulculuk olgusuyla kar\u015f\u0131 kar\u015f\u0131ya oldu\u011fu s\u00f6ylenebilir. Bu yeni yap\u0131n\u0131n a\u00e7\u0131klanmas\u0131 ve anla\u015f\u0131lmas\u0131 b\u00fcy\u00fck \u00f6nem ta\u015f\u0131maktad\u0131r.<\/p>\n","protected":false},"excerpt":{"rendered":"<p>Dini ve din i\u00e7i \u00e7o\u011fulculuk olgusu modern toplumlar\u0131n en \u00e7ok g\u00f6ze \u00e7arpan dini\/k\u00fclt\u00fcrel niteliklerinden biridir. T\u00fcm d\u00fcnyan\u0131n ya\u015fad\u0131\u011f\u0131 \u015fehirle\u015fme, k\u00fcreselle\u015fme, bireyselle\u015fme ve sek\u00fclerle\u015fme s\u00fcre\u00e7leri bu olgunun<span class=\"excerpt-hellip\"> [\u2026]<\/span><\/p>\n","protected":false},"featured_media":0,"template":"","meta":{"_monsterinsights_skip_tracking":false,"_monsterinsights_sitenote_active":false,"_monsterinsights_sitenote_note":"","_monsterinsights_sitenote_category":0},"product_brand":[],"product_cat":[12718,12719],"product_tag":[],"class_list":{"0":"post-764122","1":"product","2":"type-product","3":"status-publish","5":"product_cat-din","6":"product_cat-islam","7":"pa_cilt-ciltsiz","8":"pa_tur-kitap","9":"pa_yayinevi-astana-yayinlari","10":"pa_yazar-dr-behcet-batur","12":"first","13":"instock","14":"sale","15":"shipping-taxable","16":"purchasable","17":"product-type-simple"},"_links":{"self":[{"href":"https:\/\/roveyayinevi.com.tr\/index.php\/wp-json\/wp\/v2\/product\/764122","targetHints":{"allow":["GET"]}}],"collection":[{"href":"https:\/\/roveyayinevi.com.tr\/index.php\/wp-json\/wp\/v2\/product"}],"about":[{"href":"https:\/\/roveyayinevi.com.tr\/index.php\/wp-json\/wp\/v2\/types\/product"}],"wp:attachment":[{"href":"https:\/\/roveyayinevi.com.tr\/index.php\/wp-json\/wp\/v2\/media?parent=764122"}],"wp:term":[{"taxonomy":"product_brand","embeddable":true,"href":"https:\/\/roveyayinevi.com.tr\/index.php\/wp-json\/wp\/v2\/product_brand?post=764122"},{"taxonomy":"product_cat","embeddable":true,"href":"https:\/\/roveyayinevi.com.tr\/index.php\/wp-json\/wp\/v2\/product_cat?post=764122"},{"taxonomy":"product_tag","embeddable":true,"href":"https:\/\/roveyayinevi.com.tr\/index.php\/wp-json\/wp\/v2\/product_tag?post=764122"}],"curies":[{"name":"wp","href":"https:\/\/api.w.org\/{rel}","templated":true}]}}