{"id":764120,"date":"2025-08-28T11:00:53","date_gmt":"2025-08-28T08:00:53","guid":{"rendered":"https:\/\/roveyayinevi.com.tr\/index.php\/urun\/turk-siyasal-hayatinda-osman-kavuncu\/"},"modified":"2026-04-15T03:29:52","modified_gmt":"2026-04-15T00:29:52","slug":"turk-siyasal-hayatinda-osman-kavuncu","status":"publish","type":"product","link":"https:\/\/roveyayinevi.com.tr\/index.php\/urun\/turk-siyasal-hayatinda-osman-kavuncu\/","title":{"rendered":"T\u00fcrk Siyasal Hayat\u0131nda Osman Kavuncu"},"content":{"rendered":"<p>Kayseri\u2019nin yeti\u015ftirmi\u015f oldu\u011fu \u00f6nemli isimlerden Osman Kavuncu\u2019nun (1918-1966) zekas\u0131, vizyoner bak\u0131\u015f\u0131, belediyecilik anlay\u0131\u015f\u0131 ve ulusal siyasete katk\u0131lar\u0131 bu yap\u0131tta ilk defa ele al\u0131nm\u0131\u015ft\u0131r. Yap\u0131tta ayr\u0131ca m\u00fcstesna bir ki\u015filik olarak politik y\u00f6netsel kimli\u011fi yan\u0131nda fikir ve sanatsal anlamda da \u00f6nemli katk\u0131lar sunan Kavuncu \u00f6zelinde Kayseri insan\u0131n\u0131n pratik zekas\u0131, \u00e7al\u0131\u015fkanl\u0131\u011f\u0131 ve farkl\u0131 y\u00f6nleri ortaya koyulmu\u015ftur. \u0130lk kez Cumhuriyet Halk Partisi d\u00f6neminde siyasi hayata ad\u0131m atan Kavuncu, Demokrat Parti d\u00f6neminde Kayseri Belediye Ba\u015fkanl\u0131\u011f\u0131 (1950 \u2013 1957) ve milletvekilli\u011fi (1957 \u2013 1960) g\u00f6revinde bulunmu\u015ftur. Belediye ba\u015fkanl\u0131\u011f\u0131 d\u00f6neminde Osman Kavuncu Modelini T\u00fcrk yerel y\u00f6netimler tarihine \u00f6nemli bir katk\u0131 olarak kazand\u0131rm\u0131\u015ft\u0131r. Eserde, Osman Kavuncu\u2019nun yerel ve ulusal siyasete katk\u0131lar\u0131n\u0131n yan\u0131 s\u0131ra bilinmeyen y\u00f6nleri derinlemesine analiz edilerek her kesimden okuyucu, akademik camia ve siyaset camias\u0131n\u0131n ilgisine sunulmu\u015ftur.<\/p>\n","protected":false},"excerpt":{"rendered":"<p>Kayseri\u2019nin yeti\u015ftirmi\u015f oldu\u011fu \u00f6nemli isimlerden Osman Kavuncu\u2019nun (1918-1966) zekas\u0131, vizyoner bak\u0131\u015f\u0131, belediyecilik anlay\u0131\u015f\u0131 ve ulusal siyasete katk\u0131lar\u0131 bu yap\u0131tta ilk defa ele al\u0131nm\u0131\u015ft\u0131r. Yap\u0131tta ayr\u0131ca m\u00fcstesna<span class=\"excerpt-hellip\"> [\u2026]<\/span><\/p>\n","protected":false},"featured_media":0,"template":"","meta":{"_monsterinsights_skip_tracking":false,"_monsterinsights_sitenote_active":false,"_monsterinsights_sitenote_note":"","_monsterinsights_sitenote_category":0},"product_brand":[],"product_cat":[13946,12304],"product_tag":[],"class_list":{"0":"post-764120","1":"product","2":"type-product","3":"status-publish","5":"product_cat-biyografi-otobiyografi","6":"product_cat-tarih","7":"pa_cilt-ciltsiz","8":"pa_tur-kitap","9":"pa_yayinevi-astana-yayinlari","10":"pa_yazar-resul-akdeniz","12":"first","13":"instock","14":"sale","15":"shipping-taxable","16":"purchasable","17":"product-type-simple"},"_links":{"self":[{"href":"https:\/\/roveyayinevi.com.tr\/index.php\/wp-json\/wp\/v2\/product\/764120","targetHints":{"allow":["GET"]}}],"collection":[{"href":"https:\/\/roveyayinevi.com.tr\/index.php\/wp-json\/wp\/v2\/product"}],"about":[{"href":"https:\/\/roveyayinevi.com.tr\/index.php\/wp-json\/wp\/v2\/types\/product"}],"wp:attachment":[{"href":"https:\/\/roveyayinevi.com.tr\/index.php\/wp-json\/wp\/v2\/media?parent=764120"}],"wp:term":[{"taxonomy":"product_brand","embeddable":true,"href":"https:\/\/roveyayinevi.com.tr\/index.php\/wp-json\/wp\/v2\/product_brand?post=764120"},{"taxonomy":"product_cat","embeddable":true,"href":"https:\/\/roveyayinevi.com.tr\/index.php\/wp-json\/wp\/v2\/product_cat?post=764120"},{"taxonomy":"product_tag","embeddable":true,"href":"https:\/\/roveyayinevi.com.tr\/index.php\/wp-json\/wp\/v2\/product_tag?post=764120"}],"curies":[{"name":"wp","href":"https:\/\/api.w.org\/{rel}","templated":true}]}}

Türk Siyasal Hayatında Osman Kavuncu

<p>Kayseri’nin yetiştirmiş olduğu önemli isimlerden Osman Kavuncu’nun (1918-1966) zekası, vizyoner bakışı, belediyecilik anlayışı ve ulusal siyasete katkıları bu yapıtta ilk defa ele alınmıştır. Yapıtta ayrıca müstesna bir kişilik olarak politik yönetsel kimliği yanında fikir ve sanatsal anlamda da önemli katkılar sunan Kavuncu özelinde Kayseri insanının pratik zekası, çalışkanlığı ve farklı yönleri ortaya koyulmuştur. İlk kez Cumhuriyet Halk Partisi döneminde siyasi hayata adım atan Kavuncu, Demokrat Parti döneminde Kayseri Belediye Başkanlığı (1950 – 1957) ve milletvekilliği (1957 – 1960) görevinde bulunmuştur. Belediye başkanlığı döneminde Osman Kavuncu Modelini Türk yerel yönetimler tarihine önemli bir katkı olarak kazandırmıştır. Eserde, Osman Kavuncu’nun yerel ve ulusal siyasete katkılarının yanı sıra bilinmeyen yönleri derinlemesine analiz edilerek her kesimden okuyucu, akademik camia ve siyaset camiasının ilgisine sunulmuştur.</p>

<p>Kayseri’nin yetiştirmiş olduğu önemli isimlerden Osman Kavuncu’nun (1918-1966) zekası, vizyoner bakışı, belediyecilik anlayışı ve ulusal siyasete katkıları bu yapıtta ilk defa ele alınmıştır. Yapıtta ayrıca müstesna<span class="excerpt-hellip"> […]</span></p>
