{"id":764106,"date":"2025-08-28T11:00:36","date_gmt":"2025-08-28T08:00:36","guid":{"rendered":"https:\/\/roveyayinevi.com.tr\/index.php\/urun\/turkiyenin-kamu-borc-yonetiminde-kosullu-yukumlulukler-ve-mali-alan-acisindan-bir-degerlendirme\/"},"modified":"2026-04-15T03:29:52","modified_gmt":"2026-04-15T00:29:52","slug":"turkiyenin-kamu-borc-yonetiminde-kosullu-yukumlulukler-ve-mali-alan-acisindan-bir-degerlendirme","status":"publish","type":"product","link":"https:\/\/roveyayinevi.com.tr\/index.php\/urun\/turkiyenin-kamu-borc-yonetiminde-kosullu-yukumlulukler-ve-mali-alan-acisindan-bir-degerlendirme\/","title":{"rendered":"T\u00fcrkiye\u2019nin Kamu Bor\u00e7 Y\u00f6netiminde Ko\u015fullu Y\u00fck\u00fcml\u00fcl\u00fckler ve Mali Alan A\u00e7\u0131s\u0131ndan Bir De\u011ferlendirme"},"content":{"rendered":"<p>Kamu bor\u00e7 y\u00f6netiminde genel nitelikli riskler ile mali s\u00fcrd\u00fcr\u00fclebilirli\u011fi tehlikeye atan mali nitelikli \u00e7e\u015fitli risk unsurlar\u0131 s\u00f6z konusudur. Bu mali risklerden ger\u00e7ekle\u015fmesi belirli olaylar\u0131n ortaya \u00e7\u0131kmas\u0131na ba\u011fl\u0131 olan (ko\u015fula\/\u015farta ba\u011fl\u0131 olan) y\u00fck\u00fcml\u00fcl\u00fckler anlam\u0131na gelen ko\u015fullu y\u00fck\u00fcml\u00fcl\u00fckler kamu bor\u00e7 y\u00f6netiminde son d\u00f6nemlerde kar\u015f\u0131la\u015f\u0131lan en \u00f6nemli risklerden biri olarak g\u00f6r\u00fclmektedir. A\u00e7\u0131k ve \u00f6rt\u00fck kamu garantilerini ifade eden ko\u015fullu y\u00fck\u00fcml\u00fcl\u00fcklerin \u00f6zellikle geli\u015fmekte olan \u00fclkelerde art\u0131\u015f g\u00f6sterdi\u011fi bilinmektedir. Bu art\u0131\u015flar\u0131n gerisinde yatan fakt\u00f6rler \u00e7e\u015fitli olmakla birlikte, devletin ekonomideki rol\u00fcn\u00fcn k\u00fc\u00e7\u00fclt\u00fclmesini savunan Neoliberal ekonomi politikalar\u0131 ve bu kapsamda yayg\u0131nla\u015fan kamu \u00f6zel i\u015fbirli\u011fi projeleri ile mali disiplin ve \u015feffafl\u0131k sorunlar\u0131 ba\u015fl\u0131ca nedenlerdir. \u00d6te yandan hangi sebeplerle ortaya \u00e7\u0131karsa \u00e7\u0131ks\u0131n ko\u015fullu y\u00fck\u00fcml\u00fcl\u00fckler, ger\u00e7ekle\u015fip h\u00fck\u00fcmetler taraf\u0131ndan \u00fcstlenilmek durumunda kal\u0131nd\u0131klar\u0131nda, kamu harcama ve kamu bor\u00e7lanma d\u00fczeylerini beklenmedik zamanda ve \u00f6ng\u00f6r\u00fclemeyen miktarda artt\u0131r\u0131rlar. Nitekim bu nedenle y\u00fcksek d\u00fczeydeki ko\u015fullu y\u00fck\u00fcml\u00fcl\u00fckler, sa\u011fl\u0131k bir kamu finansman anlay\u0131\u015f\u0131 ile ba\u011fda\u015fmayan ve maliye politikas\u0131nda s\u00fcrd\u00fcr\u00fclebilirlik ile mali alan\u0131 tehlikeye atan risk unsurlar\u0131 olarak tan\u0131mlanmaktad\u0131rlar. \u0130\u015fte bir \u00fclkenin ko\u015fullu y\u00fck\u00fcml\u00fcl\u00fck d\u00fczeyindeki art\u0131\u015f\u0131n, o \u00fclkenin maliye politikalar\u0131ndaki manevra imk\u00e2n\u0131n\u0131 yans\u0131tan mali alan\u0131 nas\u0131l etkiledi\u011fi sorusu, bu \u00e7al\u0131\u015fman\u0131n esas \u00e7\u0131k\u0131\u015f noktas\u0131n\u0131 olu\u015fturmaktad\u0131r. \u00c7al\u0131\u015fmada son y\u0131llarda ko\u015fullu y\u00fck\u00fcml\u00fcl\u00fckleri artan T\u00fcrkiye\u2019nin, bu y\u00fck\u00fcml\u00fcl\u00fckler a\u00e7\u0131s\u0131ndan durumu analiz edilmi\u015f ve mali alan\u0131 dikkate al\u0131narak bu y\u00fck\u00fcml\u00fcl\u00fcklerin maliye politikalar\u0131 \u00fczerinde ortaya \u00e7\u0131karabilece\u011fi riskler ve s\u00fcrd\u00fcr\u00fclebilirlik sorunlar\u0131 de\u011ferlendirilmi\u015ftir.<\/p>\n","protected":false},"excerpt":{"rendered":"<p>Kamu bor\u00e7 y\u00f6netiminde genel nitelikli riskler ile mali s\u00fcrd\u00fcr\u00fclebilirli\u011fi tehlikeye atan mali nitelikli \u00e7e\u015fitli risk unsurlar\u0131 s\u00f6z konusudur. Bu mali risklerden ger\u00e7ekle\u015fmesi belirli olaylar\u0131n ortaya \u00e7\u0131kmas\u0131na<span class=\"excerpt-hellip\"> [\u2026]<\/span><\/p>\n","protected":false},"featured_media":0,"template":"","meta":{"_monsterinsights_skip_tracking":false,"_monsterinsights_sitenote_active":false,"_monsterinsights_sitenote_note":"","_monsterinsights_sitenote_category":0},"product_brand":[],"product_cat":[13043,14381],"product_tag":[],"class_list":{"0":"post-764106","1":"product","2":"type-product","3":"status-publish","5":"product_cat-ekonomi","6":"product_cat-isletme-muhasebe-maliye","7":"pa_cilt-ciltsiz","8":"pa_tur-kitap","9":"pa_yayinevi-astana-yayinlari","10":"pa_yazar-dr-semih-sen","12":"first","13":"instock","14":"sale","15":"shipping-taxable","16":"purchasable","17":"product-type-simple"},"_links":{"self":[{"href":"https:\/\/roveyayinevi.com.tr\/index.php\/wp-json\/wp\/v2\/product\/764106","targetHints":{"allow":["GET"]}}],"collection":[{"href":"https:\/\/roveyayinevi.com.tr\/index.php\/wp-json\/wp\/v2\/product"}],"about":[{"href":"https:\/\/roveyayinevi.com.tr\/index.php\/wp-json\/wp\/v2\/types\/product"}],"wp:attachment":[{"href":"https:\/\/roveyayinevi.com.tr\/index.php\/wp-json\/wp\/v2\/media?parent=764106"}],"wp:term":[{"taxonomy":"product_brand","embeddable":true,"href":"https:\/\/roveyayinevi.com.tr\/index.php\/wp-json\/wp\/v2\/product_brand?post=764106"},{"taxonomy":"product_cat","embeddable":true,"href":"https:\/\/roveyayinevi.com.tr\/index.php\/wp-json\/wp\/v2\/product_cat?post=764106"},{"taxonomy":"product_tag","embeddable":true,"href":"https:\/\/roveyayinevi.com.tr\/index.php\/wp-json\/wp\/v2\/product_tag?post=764106"}],"curies":[{"name":"wp","href":"https:\/\/api.w.org\/{rel}","templated":true}]}}